{"id":962,"date":"2013-12-15T01:19:20","date_gmt":"2013-12-15T01:19:20","guid":{"rendered":"http:\/\/osnovnaskolakrk.hr\/malinska\/?page_id=962"},"modified":"2022-11-01T19:55:52","modified_gmt":"2022-11-01T18:55:52","slug":"sah-2","status":"publish","type":"page","link":"https:\/\/osnovnaskolamalinskadubasnica.hr\/?page_id=962","title":{"rendered":"\u0160ah"},"content":{"rendered":"<p style=\"text-align: justify;\"><em><strong><span style=\"color: #800000;\">Kutak za sve ljubitelje \u0161aha: <\/span><\/strong><span style=\"color: #000000;\">pratimo sve vijesti sa natjecanja na\u0161ih \u0161ahista i donosimo zanimljivosti o ovoj drevnoj igri.<\/span><\/em><\/p>\n<p><a href=\"http:\/\/osnovnaskolamalinskadubasnica.hr\/?p=19449\"><img loading=\"lazy\" decoding=\"async\" class=\"alignleft wp-image-19439\" src=\"http:\/\/osnovnaskolamalinskadubasnica.hr\/wp-content\/uploads\/IMG-0f83da3aff96252f05adda5a5d7f34f4-V.jpg\" alt=\"\" width=\"272\" height=\"204\" srcset=\"https:\/\/osnovnaskolamalinskadubasnica.hr\/wp-content\/uploads\/IMG-0f83da3aff96252f05adda5a5d7f34f4-V.jpg 1200w, https:\/\/osnovnaskolamalinskadubasnica.hr\/wp-content\/uploads\/IMG-0f83da3aff96252f05adda5a5d7f34f4-V-768x576.jpg 768w\" sizes=\"auto, (max-width: 272px) 100vw, 272px\" \/><\/a><strong><a href=\"http:\/\/osnovnaskolamalinskadubasnica.hr\/?p=19449\">Ljetna \u0161kola \u0161aha 2021<\/a><\/strong><\/p>\n<p style=\"text-align: justify;\"><span style=\"color: #000000;\">U dvori\u0161tu \u0161kole, u hladovini stoljetnih \u0161kolskih kestena,\u00a0 svoje je mjesto prona\u0161la Ljetna \u0161kola \u0161aha u kojoj najmla\u0111i u\u010de osnove \u0161aha i upoznaju \u010darobnu ljepotu ove drevne igre. \u265b<\/span><\/p>\n<p><em><a href=\"http:\/\/osnovnaskolamalinskadubasnica.hr\/?p=19449\">Nastavi \u010ditati \u2192<\/a><\/em><\/p>\n<p><strong><span style=\"color: #ff6600;\">_________________________________________________________<\/span><\/strong><\/p>\n<p><a href=\"http:\/\/osnovnaskolamalinskadubasnica.hr\/?p=12493\"><img loading=\"lazy\" decoding=\"async\" class=\"alignleft wp-image-12489\" src=\"http:\/\/osnovnaskolamalinskadubasnica.hr\/wp-content\/uploads\/image-0-02-05-d3664d772d85556e8738411cb3aeea38dbcd14a6972cc3252d036425bffb3251-V.jpg\" alt=\"\" width=\"272\" height=\"204\" srcset=\"https:\/\/osnovnaskolamalinskadubasnica.hr\/wp-content\/uploads\/image-0-02-05-d3664d772d85556e8738411cb3aeea38dbcd14a6972cc3252d036425bffb3251-V.jpg 850w, https:\/\/osnovnaskolamalinskadubasnica.hr\/wp-content\/uploads\/image-0-02-05-d3664d772d85556e8738411cb3aeea38dbcd14a6972cc3252d036425bffb3251-V-768x576.jpg 768w\" sizes=\"auto, (max-width: 272px) 100vw, 272px\" \/><\/a><a href=\"http:\/\/osnovnaskolamalinskadubasnica.hr\/?p=12493\"><strong>Zavr\u0161nica \u017eupanijskog prvenstva 2018.<\/strong><\/a><\/p>\n<p style=\"text-align: justify;\"><span style=\"color: #000000;\">Na zavr\u0161nici \u017eupanijskog natjecanja osnovnih \u0161kola za u\u010denice, na\u0161e \u0161ahistice osvojile su naslov \u017eupanijskih prvakinja, a de\u010dki su osvojili odli\u010dno tre\u0107e mjesto! Bravo!!!<\/span> \ud83d\ude0d<\/p>\n<p><em><a href=\"http:\/\/osnovnaskolamalinskadubasnica.hr\/?p=12493\">Nastavi \u010ditati \u2192<\/a><\/em><\/p>\n<p><strong><span style=\"color: #ff6600;\">_________________________________________________________<\/span><\/strong><\/p>\n<p><a href=\"http:\/\/osnovnaskolamalinskadubasnica.hr\/?p=9120\"><img loading=\"lazy\" decoding=\"async\" class=\"alignleft wp-image-9127\" src=\"http:\/\/osnovnaskolamalinskadubasnica.hr\/wp-content\/uploads\/sah-03.jpg\" width=\"272\" height=\"202\" srcset=\"https:\/\/osnovnaskolamalinskadubasnica.hr\/wp-content\/uploads\/sah-03.jpg 850w, https:\/\/osnovnaskolamalinskadubasnica.hr\/wp-content\/uploads\/sah-03-768x570.jpg 768w\" sizes=\"auto, (max-width: 272px) 100vw, 272px\" \/><\/a><strong><a href=\"http:\/\/osnovnaskolamalinskadubasnica.hr\/?p=9120\">Prvo kolo \u017eupanijskog \u0161kolskog turnira<\/a><\/strong><\/p>\n<p style=\"text-align: justify;\"><span style=\"color: #000000;\">Ve\u0107 tradicionalno, za prve odli\u010dne vijesti u novoj natjecateljskoj sezoni zaslu\u017eni su na\u0161i \u0161ahisti. U utorak 7. velja\u010de, na\u0161a je ekipa nastupila na \u0161kolskom \u017eupanijskom prvenstvu i osvojila prvo mjesto! \ud83d\ude42<\/span><\/p>\n<p style=\"text-align: justify;\"><em><a href=\"http:\/\/osnovnaskolamalinskadubasnica.hr\/?p=9120\">Nastavi \u010ditati \u2192<\/a><\/em><\/p>\n<p style=\"text-align: justify;\"><strong><span style=\"color: #ff6600;\">_________________________________________________________<\/span><\/strong><\/p>\n<h3><strong><span style=\"color: #993300;\"><a href=\"http:\/\/osnovnaskolamalinskadubasnica.hr\/?p=1721\" target=\"_blank\" rel=\"noopener\"><img loading=\"lazy\" decoding=\"async\" class=\"alignleft wp-image-1725\" src=\"http:\/\/osnovnaskolamalinskadubasnica.hr\/wp-content\/uploads\/IMG_8200.jpg\" width=\"272\" height=\"203\" srcset=\"https:\/\/osnovnaskolamalinskadubasnica.hr\/wp-content\/uploads\/IMG_8200.jpg 1204w, https:\/\/osnovnaskolamalinskadubasnica.hr\/wp-content\/uploads\/IMG_8200-300x224.jpg 300w, https:\/\/osnovnaskolamalinskadubasnica.hr\/wp-content\/uploads\/IMG_8200-1024x765.jpg 1024w, https:\/\/osnovnaskolamalinskadubasnica.hr\/wp-content\/uploads\/IMG_8200-250x186.jpg 250w\" sizes=\"auto, (max-width: 272px) 100vw, 272px\" \/><\/a><a href=\"http:\/\/osnovnaskolamalinskadubasnica.hr\/?p=1721\">Veliki uspjeh na\u0161ih \u0161ahista<\/a><\/span><\/strong><\/h3>\n<p style=\"text-align: justify;\"><span style=\"color: #000000;\"><br \/>\nNa\u0161i u\u010denici, \u010dlanovi \u0161kolskog sportskog kluba <em>Frankopan<\/em>, izborili su naslov prvaka Primorsko \u2013 goranske \u017eupanije i plasirali se na dr\u017eavno prvenstvo u \u0161ahu!<br \/>\n<\/span><\/p>\n<p style=\"text-align: justify;\"><em><a href=\"http:\/\/osnovnaskolamalinskadubasnica.hr\/?p=1721\">Nastavi \u010ditati \u2192<\/a><\/em><\/p>\n<p>&nbsp;<\/p>\n","protected":false},"excerpt":{"rendered":"<p>Kutak za sve ljubitelje \u0161aha: pratimo sve vijesti sa natjecanja na\u0161ih \u0161ahista i donosimo zanimljivosti o ovoj drevnoj igri. Ljetna \u0161kola \u0161aha 2021 U dvori\u0161tu \u0161kole, u hladovini stoljetnih \u0161kolskih kestena,\u00a0 svoje je mjesto prona\u0161la Ljetna \u0161kola \u0161aha u kojoj &hellip; <a href=\"https:\/\/osnovnaskolamalinskadubasnica.hr\/?page_id=962\">Nastavi \u010ditati <span class=\"meta-nav\">&rarr;<\/span><\/a><\/p>\n","protected":false},"author":1,"featured_media":0,"parent":0,"menu_order":0,"comment_status":"closed","ping_status":"closed","template":"","meta":{"footnotes":""},"class_list":["post-962","page","type-page","status-publish","hentry"],"yoast_head":"<!-- This site is optimized with the Yoast SEO plugin v27.5 - https:\/\/yoast.com\/product\/yoast-seo-wordpress\/ -->\n<title>\u0160ah - Osnovna \u0161kola Malinska-Duba\u0161nica<\/title>\n<meta name=\"robots\" content=\"index, follow, max-snippet:-1, max-image-preview:large, max-video-preview:-1\" \/>\n<link rel=\"canonical\" href=\"http:\/\/osnovnaskolamalinskadubasnica.hr\/?page_id=962\" \/>\n<meta property=\"og:locale\" content=\"hr_HR\" \/>\n<meta property=\"og:type\" content=\"article\" \/>\n<meta property=\"og:title\" content=\"\u0160ah - Osnovna \u0161kola Malinska-Duba\u0161nica\" \/>\n<meta property=\"og:description\" content=\"Kutak za sve ljubitelje \u0161aha: pratimo sve vijesti sa natjecanja na\u0161ih \u0161ahista i donosimo zanimljivosti o ovoj drevnoj igri. Ljetna \u0161kola \u0161aha 2021 U dvori\u0161tu \u0161kole, u hladovini stoljetnih \u0161kolskih kestena,\u00a0 svoje je mjesto prona\u0161la Ljetna \u0161kola \u0161aha u kojoj &hellip; Nastavi \u010ditati &rarr;\" \/>\n<meta property=\"og:url\" content=\"http:\/\/osnovnaskolamalinskadubasnica.hr\/?page_id=962\" \/>\n<meta property=\"og:site_name\" content=\"Osnovna \u0161kola Malinska-Duba\u0161nica\" \/>\n<meta property=\"article:publisher\" content=\"https:\/\/www.facebook.com\/osmalinskadubasnica\/\" \/>\n<meta property=\"article:modified_time\" content=\"2022-11-01T18:55:52+00:00\" \/>\n<meta property=\"og:image\" content=\"http:\/\/osnovnaskolamalinskadubasnica.hr\/wp-content\/uploads\/IMG-0f83da3aff96252f05adda5a5d7f34f4-V.jpg\" \/>\n<meta name=\"twitter:card\" content=\"summary_large_image\" \/>\n<meta name=\"twitter:label1\" content=\"Procijenjeno vrijeme \u010ditanja\" \/>\n\t<meta name=\"twitter:data1\" content=\"2 minute\" \/>\n<script type=\"application\/ld+json\" class=\"yoast-schema-graph\">{\"@context\":\"https:\\\/\\\/schema.org\",\"@graph\":[{\"@type\":\"WebPage\",\"@id\":\"http:\\\/\\\/osnovnaskolamalinskadubasnica.hr\\\/?page_id=962\",\"url\":\"http:\\\/\\\/osnovnaskolamalinskadubasnica.hr\\\/?page_id=962\",\"name\":\"\u0160ah - Osnovna \u0161kola Malinska-Duba\u0161nica\",\"isPartOf\":{\"@id\":\"http:\\\/\\\/osnovnaskolamalinskadubasnica.hr\\\/#website\"},\"primaryImageOfPage\":{\"@id\":\"http:\\\/\\\/osnovnaskolamalinskadubasnica.hr\\\/?page_id=962#primaryimage\"},\"image\":{\"@id\":\"http:\\\/\\\/osnovnaskolamalinskadubasnica.hr\\\/?page_id=962#primaryimage\"},\"thumbnailUrl\":\"http:\\\/\\\/osnovnaskolamalinskadubasnica.hr\\\/wp-content\\\/uploads\\\/IMG-0f83da3aff96252f05adda5a5d7f34f4-V.jpg\",\"datePublished\":\"2013-12-15T01:19:20+00:00\",\"dateModified\":\"2022-11-01T18:55:52+00:00\",\"breadcrumb\":{\"@id\":\"http:\\\/\\\/osnovnaskolamalinskadubasnica.hr\\\/?page_id=962#breadcrumb\"},\"inLanguage\":\"hr\",\"potentialAction\":[{\"@type\":\"ReadAction\",\"target\":[\"http:\\\/\\\/osnovnaskolamalinskadubasnica.hr\\\/?page_id=962\"]}]},{\"@type\":\"ImageObject\",\"inLanguage\":\"hr\",\"@id\":\"http:\\\/\\\/osnovnaskolamalinskadubasnica.hr\\\/?page_id=962#primaryimage\",\"url\":\"https:\\\/\\\/osnovnaskolamalinskadubasnica.hr\\\/wp-content\\\/uploads\\\/IMG-0f83da3aff96252f05adda5a5d7f34f4-V.jpg\",\"contentUrl\":\"https:\\\/\\\/osnovnaskolamalinskadubasnica.hr\\\/wp-content\\\/uploads\\\/IMG-0f83da3aff96252f05adda5a5d7f34f4-V.jpg\",\"width\":1200,\"height\":900},{\"@type\":\"BreadcrumbList\",\"@id\":\"http:\\\/\\\/osnovnaskolamalinskadubasnica.hr\\\/?page_id=962#breadcrumb\",\"itemListElement\":[{\"@type\":\"ListItem\",\"position\":1,\"name\":\"Po\u010detna stranica\",\"item\":\"http:\\\/\\\/osnovnaskolamalinskadubasnica.hr\\\/\"},{\"@type\":\"ListItem\",\"position\":2,\"name\":\"\u0160ah\"}]},{\"@type\":\"WebSite\",\"@id\":\"http:\\\/\\\/osnovnaskolamalinskadubasnica.hr\\\/#website\",\"url\":\"http:\\\/\\\/osnovnaskolamalinskadubasnica.hr\\\/\",\"name\":\"Osnovna \u0161kola Malinska-Duba\u0161nica\",\"description\":\"\",\"potentialAction\":[{\"@type\":\"SearchAction\",\"target\":{\"@type\":\"EntryPoint\",\"urlTemplate\":\"http:\\\/\\\/osnovnaskolamalinskadubasnica.hr\\\/?s={search_term_string}\"},\"query-input\":{\"@type\":\"PropertyValueSpecification\",\"valueRequired\":true,\"valueName\":\"search_term_string\"}}],\"inLanguage\":\"hr\"}]}<\/script>\n<!-- \/ Yoast SEO plugin. -->","yoast_head_json":{"title":"\u0160ah - Osnovna \u0161kola Malinska-Duba\u0161nica","robots":{"index":"index","follow":"follow","max-snippet":"max-snippet:-1","max-image-preview":"max-image-preview:large","max-video-preview":"max-video-preview:-1"},"canonical":"http:\/\/osnovnaskolamalinskadubasnica.hr\/?page_id=962","og_locale":"hr_HR","og_type":"article","og_title":"\u0160ah - Osnovna \u0161kola Malinska-Duba\u0161nica","og_description":"Kutak za sve ljubitelje \u0161aha: pratimo sve vijesti sa natjecanja na\u0161ih \u0161ahista i donosimo zanimljivosti o ovoj drevnoj igri. Ljetna \u0161kola \u0161aha 2021 U dvori\u0161tu \u0161kole, u hladovini stoljetnih \u0161kolskih kestena,\u00a0 svoje je mjesto prona\u0161la Ljetna \u0161kola \u0161aha u kojoj &hellip; Nastavi \u010ditati &rarr;","og_url":"http:\/\/osnovnaskolamalinskadubasnica.hr\/?page_id=962","og_site_name":"Osnovna \u0161kola Malinska-Duba\u0161nica","article_publisher":"https:\/\/www.facebook.com\/osmalinskadubasnica\/","article_modified_time":"2022-11-01T18:55:52+00:00","og_image":[{"url":"http:\/\/osnovnaskolamalinskadubasnica.hr\/wp-content\/uploads\/IMG-0f83da3aff96252f05adda5a5d7f34f4-V.jpg","type":"","width":"","height":""}],"twitter_card":"summary_large_image","twitter_misc":{"Procijenjeno vrijeme \u010ditanja":"2 minute"},"schema":{"@context":"https:\/\/schema.org","@graph":[{"@type":"WebPage","@id":"http:\/\/osnovnaskolamalinskadubasnica.hr\/?page_id=962","url":"http:\/\/osnovnaskolamalinskadubasnica.hr\/?page_id=962","name":"\u0160ah - Osnovna \u0161kola Malinska-Duba\u0161nica","isPartOf":{"@id":"http:\/\/osnovnaskolamalinskadubasnica.hr\/#website"},"primaryImageOfPage":{"@id":"http:\/\/osnovnaskolamalinskadubasnica.hr\/?page_id=962#primaryimage"},"image":{"@id":"http:\/\/osnovnaskolamalinskadubasnica.hr\/?page_id=962#primaryimage"},"thumbnailUrl":"http:\/\/osnovnaskolamalinskadubasnica.hr\/wp-content\/uploads\/IMG-0f83da3aff96252f05adda5a5d7f34f4-V.jpg","datePublished":"2013-12-15T01:19:20+00:00","dateModified":"2022-11-01T18:55:52+00:00","breadcrumb":{"@id":"http:\/\/osnovnaskolamalinskadubasnica.hr\/?page_id=962#breadcrumb"},"inLanguage":"hr","potentialAction":[{"@type":"ReadAction","target":["http:\/\/osnovnaskolamalinskadubasnica.hr\/?page_id=962"]}]},{"@type":"ImageObject","inLanguage":"hr","@id":"http:\/\/osnovnaskolamalinskadubasnica.hr\/?page_id=962#primaryimage","url":"https:\/\/osnovnaskolamalinskadubasnica.hr\/wp-content\/uploads\/IMG-0f83da3aff96252f05adda5a5d7f34f4-V.jpg","contentUrl":"https:\/\/osnovnaskolamalinskadubasnica.hr\/wp-content\/uploads\/IMG-0f83da3aff96252f05adda5a5d7f34f4-V.jpg","width":1200,"height":900},{"@type":"BreadcrumbList","@id":"http:\/\/osnovnaskolamalinskadubasnica.hr\/?page_id=962#breadcrumb","itemListElement":[{"@type":"ListItem","position":1,"name":"Po\u010detna stranica","item":"http:\/\/osnovnaskolamalinskadubasnica.hr\/"},{"@type":"ListItem","position":2,"name":"\u0160ah"}]},{"@type":"WebSite","@id":"http:\/\/osnovnaskolamalinskadubasnica.hr\/#website","url":"http:\/\/osnovnaskolamalinskadubasnica.hr\/","name":"Osnovna \u0161kola Malinska-Duba\u0161nica","description":"","potentialAction":[{"@type":"SearchAction","target":{"@type":"EntryPoint","urlTemplate":"http:\/\/osnovnaskolamalinskadubasnica.hr\/?s={search_term_string}"},"query-input":{"@type":"PropertyValueSpecification","valueRequired":true,"valueName":"search_term_string"}}],"inLanguage":"hr"}]}},"_links":{"self":[{"href":"https:\/\/osnovnaskolamalinskadubasnica.hr\/index.php?rest_route=\/wp\/v2\/pages\/962","targetHints":{"allow":["GET"]}}],"collection":[{"href":"https:\/\/osnovnaskolamalinskadubasnica.hr\/index.php?rest_route=\/wp\/v2\/pages"}],"about":[{"href":"https:\/\/osnovnaskolamalinskadubasnica.hr\/index.php?rest_route=\/wp\/v2\/types\/page"}],"author":[{"embeddable":true,"href":"https:\/\/osnovnaskolamalinskadubasnica.hr\/index.php?rest_route=\/wp\/v2\/users\/1"}],"replies":[{"embeddable":true,"href":"https:\/\/osnovnaskolamalinskadubasnica.hr\/index.php?rest_route=%2Fwp%2Fv2%2Fcomments&post=962"}],"version-history":[{"count":42,"href":"https:\/\/osnovnaskolamalinskadubasnica.hr\/index.php?rest_route=\/wp\/v2\/pages\/962\/revisions"}],"predecessor-version":[{"id":22913,"href":"https:\/\/osnovnaskolamalinskadubasnica.hr\/index.php?rest_route=\/wp\/v2\/pages\/962\/revisions\/22913"}],"wp:attachment":[{"href":"https:\/\/osnovnaskolamalinskadubasnica.hr\/index.php?rest_route=%2Fwp%2Fv2%2Fmedia&parent=962"}],"curies":[{"name":"wp","href":"https:\/\/api.w.org\/{rel}","templated":true}]}}