{"id":8479,"date":"2016-09-26T22:15:33","date_gmt":"2016-09-26T22:15:33","guid":{"rendered":"http:\/\/osnovnaskolakrk.hr\/malinska\/?page_id=8479"},"modified":"2025-10-09T17:23:05","modified_gmt":"2025-10-09T16:23:05","slug":"vijece-roditelja","status":"publish","type":"page","link":"https:\/\/osnovnaskolamalinskadubasnica.hr\/?page_id=8479","title":{"rendered":"Vije\u0107e roditelja"},"content":{"rendered":"<table style=\"background-color: #bee9eb; height: 197px; width: 100%;\">\n<tbody>\n<tr style=\"height: 24px;\">\n<td style=\"height: 24px; width: 100.667px;\"><span style=\"color: #000000;\">1. razred<\/span><\/td>\n<td style=\"height: 24px; width: 196.033px;\"><em><span style=\"color: #000000;\">Iva Ljuti\u0107<\/span><\/em><\/td>\n<td style=\"height: 24px; width: 197.7px;\"><em><span style=\"color: #000000;\">Kristina Pavec<\/span><\/em><\/td>\n<\/tr>\n<tr style=\"height: 24px;\">\n<td style=\"height: 24px; width: 100.667px;\"><span style=\"color: #000000;\">2. razred<\/span><\/td>\n<td style=\"height: 24px; width: 196.033px;\"><em><span style=\"color: #000000;\">Danica Puri\u0107<\/span><\/em><\/td>\n<td style=\"height: 24px; width: 197.7px;\"><em><span style=\"color: #000000;\">Jelena Kostren\u010di\u0107<\/span><\/em><\/td>\n<\/tr>\n<tr style=\"height: 24px;\">\n<td style=\"height: 24px; width: 100.667px;\"><span style=\"color: #000000;\">3. razred<\/span><\/td>\n<td style=\"height: 24px; width: 196.033px;\"><em><span style=\"color: #000000;\">Dunja Spicijari\u0107 Petrovski<\/span><\/em><\/td>\n<td style=\"height: 24px; width: 197.7px;\"><em><span style=\"color: #000000;\">Sendi Petrovi\u0107-T\u00e4tzsch<\/span><\/em><\/td>\n<\/tr>\n<tr style=\"height: 24px;\">\n<td style=\"height: 24px; width: 100.667px;\"><span style=\"color: #000000;\">4. razred<\/span><\/td>\n<td style=\"height: 24px; width: 196.033px;\"><em><span style=\"color: #000000;\">Adriana Georgeta Mamut<\/span><\/em><\/td>\n<td style=\"height: 24px; width: 197.7px;\"><em><span style=\"color: #000000;\">Eva Kralji\u0107<\/span><\/em><\/td>\n<\/tr>\n<tr style=\"height: 24px;\">\n<td style=\"height: 25px; width: 100.667px;\"><span style=\"color: #000000;\">5. razred<\/span><\/td>\n<td style=\"height: 25px; width: 196.033px;\"><em><span style=\"color: #000000;\">Hrvoje \u0160tefani\u0107<\/span><\/em><\/td>\n<td style=\"height: 25px; width: 197.7px;\"><em><span style=\"color: #000000;\">Marijana Barbi\u0161<\/span><\/em><\/td>\n<\/tr>\n<tr style=\"height: 24px;\">\n<td style=\"height: 24px; width: 100.667px;\"><span style=\"color: #000000;\">6. razred<\/span><\/td>\n<td style=\"height: 24px; width: 196.033px;\"><em><span style=\"color: #000000;\">Malena Jur\u010devi\u0107<\/span><\/em><\/td>\n<td style=\"height: 24px; width: 197.7px;\"><em><span style=\"color: #000000;\">Livia Balen<\/span><\/em><\/td>\n<\/tr>\n<tr style=\"height: 24px;\">\n<td style=\"height: 24px; width: 100.667px;\"><span style=\"color: #000000;\">7. razred<\/span><\/td>\n<td style=\"height: 24px; width: 196.033px;\"><em><span style=\"color: #000000;\">Jasna Karabi\u0107<\/span><\/em><\/td>\n<td style=\"height: 24px; width: 197.7px;\"><em><span style=\"color: #000000;\">Andrea Ro\u0161i\u0107<\/span><\/em><\/td>\n<\/tr>\n<tr style=\"height: 24px;\">\n<td style=\"height: 28px; width: 100.667px;\"><span style=\"color: #000000;\">8. razred<\/span><\/td>\n<td style=\"height: 28px; width: 196.033px;\"><em><span style=\"color: #000000;\">Klaudija Ko\u010di<\/span><\/em><\/td>\n<td style=\"height: 28px; width: 197.7px;\"><em><span style=\"color: #000000;\">Dajana Dujmovi\u0107<\/span><\/em><\/td>\n<\/tr>\n<\/tbody>\n<\/table>\n<p>&nbsp;<\/p>\n","protected":false},"excerpt":{"rendered":"<p>1. razred Iva Ljuti\u0107 Kristina Pavec 2. razred Danica Puri\u0107 Jelena Kostren\u010di\u0107 3. razred Dunja Spicijari\u0107 Petrovski Sendi Petrovi\u0107-T\u00e4tzsch 4. razred Adriana Georgeta Mamut Eva Kralji\u0107 5. razred Hrvoje \u0160tefani\u0107 Marijana Barbi\u0161 6. razred Malena Jur\u010devi\u0107 Livia Balen 7. razred &hellip; <a href=\"https:\/\/osnovnaskolamalinskadubasnica.hr\/?page_id=8479\">Nastavi \u010ditati <span class=\"meta-nav\">&rarr;<\/span><\/a><\/p>\n","protected":false},"author":1,"featured_media":0,"parent":0,"menu_order":0,"comment_status":"closed","ping_status":"closed","template":"","meta":{"footnotes":""},"class_list":["post-8479","page","type-page","status-publish","hentry"],"yoast_head":"<!-- This site is optimized with the Yoast SEO plugin v27.5 - https:\/\/yoast.com\/product\/yoast-seo-wordpress\/ -->\n<title>Vije\u0107e roditelja - Osnovna \u0161kola Malinska-Duba\u0161nica<\/title>\n<meta name=\"robots\" content=\"index, follow, max-snippet:-1, max-image-preview:large, max-video-preview:-1\" \/>\n<link rel=\"canonical\" href=\"http:\/\/osnovnaskolamalinskadubasnica.hr\/?page_id=8479\" \/>\n<meta property=\"og:locale\" content=\"hr_HR\" \/>\n<meta property=\"og:type\" content=\"article\" \/>\n<meta property=\"og:title\" content=\"Vije\u0107e roditelja - Osnovna \u0161kola Malinska-Duba\u0161nica\" \/>\n<meta property=\"og:description\" content=\"1. razred Iva Ljuti\u0107 Kristina Pavec 2. razred Danica Puri\u0107 Jelena Kostren\u010di\u0107 3. razred Dunja Spicijari\u0107 Petrovski Sendi Petrovi\u0107-T\u00e4tzsch 4. razred Adriana Georgeta Mamut Eva Kralji\u0107 5. razred Hrvoje \u0160tefani\u0107 Marijana Barbi\u0161 6. razred Malena Jur\u010devi\u0107 Livia Balen 7. razred &hellip; Nastavi \u010ditati &rarr;\" \/>\n<meta property=\"og:url\" content=\"http:\/\/osnovnaskolamalinskadubasnica.hr\/?page_id=8479\" \/>\n<meta property=\"og:site_name\" content=\"Osnovna \u0161kola Malinska-Duba\u0161nica\" \/>\n<meta property=\"article:publisher\" content=\"https:\/\/www.facebook.com\/osmalinskadubasnica\/\" \/>\n<meta property=\"article:modified_time\" content=\"2025-10-09T16:23:05+00:00\" \/>\n<meta name=\"twitter:card\" content=\"summary_large_image\" \/>\n<meta name=\"twitter:label1\" content=\"Procijenjeno vrijeme \u010ditanja\" \/>\n\t<meta name=\"twitter:data1\" content=\"1 minuta\" \/>\n<script type=\"application\/ld+json\" class=\"yoast-schema-graph\">{\"@context\":\"https:\\\/\\\/schema.org\",\"@graph\":[{\"@type\":\"WebPage\",\"@id\":\"http:\\\/\\\/osnovnaskolamalinskadubasnica.hr\\\/?page_id=8479\",\"url\":\"http:\\\/\\\/osnovnaskolamalinskadubasnica.hr\\\/?page_id=8479\",\"name\":\"Vije\u0107e roditelja - Osnovna \u0161kola Malinska-Duba\u0161nica\",\"isPartOf\":{\"@id\":\"http:\\\/\\\/osnovnaskolamalinskadubasnica.hr\\\/#website\"},\"datePublished\":\"2016-09-26T22:15:33+00:00\",\"dateModified\":\"2025-10-09T16:23:05+00:00\",\"breadcrumb\":{\"@id\":\"http:\\\/\\\/osnovnaskolamalinskadubasnica.hr\\\/?page_id=8479#breadcrumb\"},\"inLanguage\":\"hr\",\"potentialAction\":[{\"@type\":\"ReadAction\",\"target\":[\"http:\\\/\\\/osnovnaskolamalinskadubasnica.hr\\\/?page_id=8479\"]}]},{\"@type\":\"BreadcrumbList\",\"@id\":\"http:\\\/\\\/osnovnaskolamalinskadubasnica.hr\\\/?page_id=8479#breadcrumb\",\"itemListElement\":[{\"@type\":\"ListItem\",\"position\":1,\"name\":\"Po\u010detna stranica\",\"item\":\"http:\\\/\\\/osnovnaskolamalinskadubasnica.hr\\\/\"},{\"@type\":\"ListItem\",\"position\":2,\"name\":\"Vije\u0107e roditelja\"}]},{\"@type\":\"WebSite\",\"@id\":\"http:\\\/\\\/osnovnaskolamalinskadubasnica.hr\\\/#website\",\"url\":\"http:\\\/\\\/osnovnaskolamalinskadubasnica.hr\\\/\",\"name\":\"Osnovna \u0161kola Malinska-Duba\u0161nica\",\"description\":\"\",\"potentialAction\":[{\"@type\":\"SearchAction\",\"target\":{\"@type\":\"EntryPoint\",\"urlTemplate\":\"http:\\\/\\\/osnovnaskolamalinskadubasnica.hr\\\/?s={search_term_string}\"},\"query-input\":{\"@type\":\"PropertyValueSpecification\",\"valueRequired\":true,\"valueName\":\"search_term_string\"}}],\"inLanguage\":\"hr\"}]}<\/script>\n<!-- \/ Yoast SEO plugin. -->","yoast_head_json":{"title":"Vije\u0107e roditelja - Osnovna \u0161kola Malinska-Duba\u0161nica","robots":{"index":"index","follow":"follow","max-snippet":"max-snippet:-1","max-image-preview":"max-image-preview:large","max-video-preview":"max-video-preview:-1"},"canonical":"http:\/\/osnovnaskolamalinskadubasnica.hr\/?page_id=8479","og_locale":"hr_HR","og_type":"article","og_title":"Vije\u0107e roditelja - Osnovna \u0161kola Malinska-Duba\u0161nica","og_description":"1. razred Iva Ljuti\u0107 Kristina Pavec 2. razred Danica Puri\u0107 Jelena Kostren\u010di\u0107 3. razred Dunja Spicijari\u0107 Petrovski Sendi Petrovi\u0107-T\u00e4tzsch 4. razred Adriana Georgeta Mamut Eva Kralji\u0107 5. razred Hrvoje \u0160tefani\u0107 Marijana Barbi\u0161 6. razred Malena Jur\u010devi\u0107 Livia Balen 7. razred &hellip; Nastavi \u010ditati &rarr;","og_url":"http:\/\/osnovnaskolamalinskadubasnica.hr\/?page_id=8479","og_site_name":"Osnovna \u0161kola Malinska-Duba\u0161nica","article_publisher":"https:\/\/www.facebook.com\/osmalinskadubasnica\/","article_modified_time":"2025-10-09T16:23:05+00:00","twitter_card":"summary_large_image","twitter_misc":{"Procijenjeno vrijeme \u010ditanja":"1 minuta"},"schema":{"@context":"https:\/\/schema.org","@graph":[{"@type":"WebPage","@id":"http:\/\/osnovnaskolamalinskadubasnica.hr\/?page_id=8479","url":"http:\/\/osnovnaskolamalinskadubasnica.hr\/?page_id=8479","name":"Vije\u0107e roditelja - Osnovna \u0161kola Malinska-Duba\u0161nica","isPartOf":{"@id":"http:\/\/osnovnaskolamalinskadubasnica.hr\/#website"},"datePublished":"2016-09-26T22:15:33+00:00","dateModified":"2025-10-09T16:23:05+00:00","breadcrumb":{"@id":"http:\/\/osnovnaskolamalinskadubasnica.hr\/?page_id=8479#breadcrumb"},"inLanguage":"hr","potentialAction":[{"@type":"ReadAction","target":["http:\/\/osnovnaskolamalinskadubasnica.hr\/?page_id=8479"]}]},{"@type":"BreadcrumbList","@id":"http:\/\/osnovnaskolamalinskadubasnica.hr\/?page_id=8479#breadcrumb","itemListElement":[{"@type":"ListItem","position":1,"name":"Po\u010detna stranica","item":"http:\/\/osnovnaskolamalinskadubasnica.hr\/"},{"@type":"ListItem","position":2,"name":"Vije\u0107e roditelja"}]},{"@type":"WebSite","@id":"http:\/\/osnovnaskolamalinskadubasnica.hr\/#website","url":"http:\/\/osnovnaskolamalinskadubasnica.hr\/","name":"Osnovna \u0161kola Malinska-Duba\u0161nica","description":"","potentialAction":[{"@type":"SearchAction","target":{"@type":"EntryPoint","urlTemplate":"http:\/\/osnovnaskolamalinskadubasnica.hr\/?s={search_term_string}"},"query-input":{"@type":"PropertyValueSpecification","valueRequired":true,"valueName":"search_term_string"}}],"inLanguage":"hr"}]}},"_links":{"self":[{"href":"https:\/\/osnovnaskolamalinskadubasnica.hr\/index.php?rest_route=\/wp\/v2\/pages\/8479","targetHints":{"allow":["GET"]}}],"collection":[{"href":"https:\/\/osnovnaskolamalinskadubasnica.hr\/index.php?rest_route=\/wp\/v2\/pages"}],"about":[{"href":"https:\/\/osnovnaskolamalinskadubasnica.hr\/index.php?rest_route=\/wp\/v2\/types\/page"}],"author":[{"embeddable":true,"href":"https:\/\/osnovnaskolamalinskadubasnica.hr\/index.php?rest_route=\/wp\/v2\/users\/1"}],"replies":[{"embeddable":true,"href":"https:\/\/osnovnaskolamalinskadubasnica.hr\/index.php?rest_route=%2Fwp%2Fv2%2Fcomments&post=8479"}],"version-history":[{"count":17,"href":"https:\/\/osnovnaskolamalinskadubasnica.hr\/index.php?rest_route=\/wp\/v2\/pages\/8479\/revisions"}],"predecessor-version":[{"id":33543,"href":"https:\/\/osnovnaskolamalinskadubasnica.hr\/index.php?rest_route=\/wp\/v2\/pages\/8479\/revisions\/33543"}],"wp:attachment":[{"href":"https:\/\/osnovnaskolamalinskadubasnica.hr\/index.php?rest_route=%2Fwp%2Fv2%2Fmedia&parent=8479"}],"curies":[{"name":"wp","href":"https:\/\/api.w.org\/{rel}","templated":true}]}}

Vijeće roditelja

<table style="background-color: #bee9eb; height: 197px; width: 100%;">
<tbody>
<tr style="height: 24px;">
<td style="height: 24px; width: 100.667px;"><span style="color: #000000;">1. razred</span></td>
<td style="height: 24px; width: 196.033px;"><em><span style="color: #000000;">Iva Ljutić</span></em></td>
<td style="height: 24px; width: 197.7px;"><em><span style="color: #000000;">Kristina Pavec</span></em></td>
</tr>
<tr style="height: 24px;">
<td style="height: 24px; width: 100.667px;"><span style="color: #000000;">2. razred</span></td>
<td style="height: 24px; width: 196.033px;"><em><span style="color: #000000;">Danica Purić</span></em></td>
<td style="height: 24px; width: 197.7px;"><em><span style="color: #000000;">Jelena Kostrenčić</span></em></td>
</tr>
<tr style="height: 24px;">
<td style="height: 24px; width: 100.667px;"><span style="color: #000000;">3. razred</span></td>
<td style="height: 24px; width: 196.033px;"><em><span style="color: #000000;">Dunja Spicijarić Petrovski</span></em></td>
<td style="height: 24px; width: 197.7px;"><em><span style="color: #000000;">Sendi Petrović-Tätzsch</span></em></td>
</tr>
<tr style="height: 24px;">
<td style="height: 24px; width: 100.667px;"><span style="color: #000000;">4. razred</span></td>
<td style="height: 24px; width: 196.033px;"><em><span style="color: #000000;">Adriana Georgeta Mamut</span></em></td>
<td style="height: 24px; width: 197.7px;"><em><span style="color: #000000;">Eva Kraljić</span></em></td>
</tr>
<tr style="height: 24px;">
<td style="height: 25px; width: 100.667px;"><span style="color: #000000;">5. razred</span></td>
<td style="height: 25px; width: 196.033px;"><em><span style="color: #000000;">Hrvoje Štefanić</span></em></td>
<td style="height: 25px; width: 197.7px;"><em><span style="color: #000000;">Marijana Barbiš</span></em></td>
</tr>
<tr style="height: 24px;">
<td style="height: 24px; width: 100.667px;"><span style="color: #000000;">6. razred</span></td>
<td style="height: 24px; width: 196.033px;"><em><span style="color: #000000;">Malena Jurčević</span></em></td>
<td style="height: 24px; width: 197.7px;"><em><span style="color: #000000;">Livia Balen</span></em></td>
</tr>
<tr style="height: 24px;">
<td style="height: 24px; width: 100.667px;"><span style="color: #000000;">7. razred</span></td>
<td style="height: 24px; width: 196.033px;"><em><span style="color: #000000;">Jasna Karabić</span></em></td>
<td style="height: 24px; width: 197.7px;"><em><span style="color: #000000;">Andrea Rošić</span></em></td>
</tr>
<tr style="height: 24px;">
<td style="height: 28px; width: 100.667px;"><span style="color: #000000;">8. razred</span></td>
<td style="height: 28px; width: 196.033px;"><em><span style="color: #000000;">Klaudija Koči</span></em></td>
<td style="height: 28px; width: 197.7px;"><em><span style="color: #000000;">Dajana Dujmović</span></em></td>
</tr>
</tbody>
</table>
<p>&nbsp;</p>

<p>1. razred Iva Ljutić Kristina Pavec 2. razred Danica Purić Jelena Kostrenčić 3. razred Dunja Spicijarić Petrovski Sendi Petrović-Tätzsch 4. razred Adriana Georgeta Mamut Eva Kraljić 5. razred Hrvoje Štefanić Marijana Barbiš 6. razred Malena Jurčević Livia Balen 7. razred &hellip; <a href="https://osnovnaskolamalinskadubasnica.hr/?page_id=8479">Nastavi čitati <span class="meta-nav">&rarr;</span></a></p>

<!-- This site is optimized with the Yoast SEO plugin v27.5 - https://yoast.com/product/yoast-seo-wordpress/ -->
<title>Vijeće roditelja - Osnovna škola Malinska-Dubašnica</title>
<meta name="robots" content="index, follow, max-snippet:-1, max-image-preview:large, max-video-preview:-1" />
<link rel="canonical" href="http://osnovnaskolamalinskadubasnica.hr/?page_id=8479" />
<meta property="og:locale" content="hr_HR" />
<meta property="og:type" content="article" />
<meta property="og:title" content="Vijeće roditelja - Osnovna škola Malinska-Dubašnica" />
<meta property="og:description" content="1. razred Iva Ljutić Kristina Pavec 2. razred Danica Purić Jelena Kostrenčić 3. razred Dunja Spicijarić Petrovski Sendi Petrović-Tätzsch 4. razred Adriana Georgeta Mamut Eva Kraljić 5. razred Hrvoje Štefanić Marijana Barbiš 6. razred Malena Jurčević Livia Balen 7. razred &hellip; Nastavi čitati &rarr;" />
<meta property="og:url" content="http://osnovnaskolamalinskadubasnica.hr/?page_id=8479" />
<meta property="og:site_name" content="Osnovna škola Malinska-Dubašnica" />
<meta property="article:publisher" content="https://www.facebook.com/osmalinskadubasnica/" />
<meta property="article:modified_time" content="2025-10-09T16:23:05+00:00" />
<meta name="twitter:card" content="summary_large_image" />
<meta name="twitter:label1" content="Procijenjeno vrijeme čitanja" />
	<meta name="twitter:data1" content="1 minuta" />
<script type="application/ld+json" class="yoast-schema-graph">{"@context":"https:\/\/schema.org","@graph":[{"@type":"WebPage","@id":"http:\/\/osnovnaskolamalinskadubasnica.hr\/?page_id=8479","url":"http:\/\/osnovnaskolamalinskadubasnica.hr\/?page_id=8479","name":"Vijeće roditelja - Osnovna škola Malinska-Dubašnica","isPartOf":{"@id":"http:\/\/osnovnaskolamalinskadubasnica.hr\/#website"},"datePublished":"2016-09-26T22:15:33+00:00","dateModified":"2025-10-09T16:23:05+00:00","breadcrumb":{"@id":"http:\/\/osnovnaskolamalinskadubasnica.hr\/?page_id=8479#breadcrumb"},"inLanguage":"hr","potentialAction":[{"@type":"ReadAction","target":["http:\/\/osnovnaskolamalinskadubasnica.hr\/?page_id=8479"]}]},{"@type":"BreadcrumbList","@id":"http:\/\/osnovnaskolamalinskadubasnica.hr\/?page_id=8479#breadcrumb","itemListElement":[{"@type":"ListItem","position":1,"name":"Početna stranica","item":"http:\/\/osnovnaskolamalinskadubasnica.hr\/"},{"@type":"ListItem","position":2,"name":"Vijeće roditelja"}]},{"@type":"WebSite","@id":"http:\/\/osnovnaskolamalinskadubasnica.hr\/#website","url":"http:\/\/osnovnaskolamalinskadubasnica.hr\/","name":"Osnovna škola Malinska-Dubašnica","description":"","potentialAction":[{"@type":"SearchAction","target":{"@type":"EntryPoint","urlTemplate":"http:\/\/osnovnaskolamalinskadubasnica.hr\/?s={search_term_string}"},"query-input":{"@type":"PropertyValueSpecification","valueRequired":true,"valueName":"search_term_string"}}],"inLanguage":"hr"}]}</script>
<!-- / Yoast SEO plugin. -->

Vijeće roditelja - Osnovna škola Malinska-Dubašnica

1. razred Iva Ljutić Kristina Pavec 2. razred Danica Purić Jelena Kostrenčić 3. razred Dunja Spicijarić Petrovski Sendi Petrović-Tätzsch 4. razred Adriana Georgeta Mamut Eva Kraljić 5. razred Hrvoje Štefanić Marijana Barbiš 6. razred Malena Jurčević Livia Balen 7. razred &hellip; Nastavi čitati &rarr;

Osnovna škola Malinska-Dubašnica

Početna stranica
