{"id":7046,"date":"2016-02-22T13:21:17","date_gmt":"2016-02-22T13:21:17","guid":{"rendered":"http:\/\/osnovnaskolakrk.hr\/malinska\/?page_id=7046"},"modified":"2025-09-09T21:54:53","modified_gmt":"2025-09-09T20:54:53","slug":"dezurstva-ucitelja","status":"publish","type":"page","link":"https:\/\/osnovnaskolamalinskadubasnica.hr\/?page_id=7046","title":{"rendered":"De\u017eurstva u\u010ditelja"},"content":{"rendered":"<h3 style=\"text-align: justify;\"><span style=\"color: #000000;\"><em><strong><span style=\"color: #800000;\">u 1. polugodi\u0161tu \u0161kolske godine 2025.\/2026.<\/span><\/strong><br \/>\n<\/em><\/span><\/h3>\n<p style=\"text-align: center;\"><em><span style=\"color: #000000;\">klik na sliku za ve\u0107i prikaz<\/span><\/em><\/p>\n<p style=\"text-align: center;\"><a href=\"http:\/\/osnovnaskolamalinskadubasnica.hr\/wp-content\/uploads\/dezurni.jpg\" data-rel=\"lightbox-image-0\" data-rl_title=\"\" data-rl_caption=\"\" title=\"\"><img loading=\"lazy\" decoding=\"async\" class=\"aligncenter size-full wp-image-33311\" src=\"http:\/\/osnovnaskolamalinskadubasnica.hr\/wp-content\/uploads\/dezurni.jpg\" alt=\"\" width=\"1448\" height=\"516\" srcset=\"https:\/\/osnovnaskolamalinskadubasnica.hr\/wp-content\/uploads\/dezurni.jpg 1448w, https:\/\/osnovnaskolamalinskadubasnica.hr\/wp-content\/uploads\/dezurni-768x274.jpg 768w\" sizes=\"auto, (max-width: 1448px) 100vw, 1448px\" \/><\/a><\/p>\n<ul style=\"list-style-type: circle;\">\n<li style=\"text-align: justify;\"><span style=\"color: #000000;\"><strong><span style=\"color: #800000;\">Pozicija 1<\/span><\/strong> &#8211; glavni ulaz u \u0161kolu, dvori\u0161te ispred glavnog ulaza i prostor uz cestu do gu\u0161terne, kao i hol \u0161kole<\/span><\/li>\n<li style=\"text-align: justify;\"><span style=\"color: #000000;\"><strong><span style=\"color: #800000;\">Pozicija 2<\/span><\/strong> \u2013 prvi odmor u blagovaoni, drugi odmor &#8211; sporedni ulaz pored tajni\u0161tva, dvori\u0161te ispod kestena, 1. i 2. kat, informati\u010dka u\u010dionica<\/span><\/li>\n<li style=\"text-align: justify;\"><span style=\"color: #000000;\"><strong><span style=\"color: #800000;\">Pozicija 3<\/span><\/strong> \u2013 prvi odmor &#8211; sporedni ulaz pored tajni\u0161tva, dvori\u0161te ispod kestena, 1. i 2. kat, informati\u010dka u\u010dionica, drugi odmor u blagovaoni<\/span><\/li>\n<li style=\"text-align: justify;\"><span style=\"color: #000000;\"><strong><span style=\"color: #800000;\">Pozicija 4<\/span><\/strong> \u2013 dvori\u0161te ispred dvorane i igrali\u0161te (ako pada ki\u0161a, hodnik)<\/span><\/li>\n<\/ul>\n<p style=\"text-align: justify;\"><span style=\"color: #000000;\">De\u017eurstva se na svim pozicijama odvijaju<strong> od 7:15 do po\u010detka nastave i tijekom odmora<\/strong>, s posebnim naglaskom na <strong>dva velika odmora<\/strong>.<\/span><\/p>\n<p style=\"text-align: justify;\"><span style=\"color: #000000;\">Tijekom de\u017eurstva u\u010ditelj pazi na disciplinu i pona\u0161anje primjereno \u0161koli, u\u010ditelj unutar \u0161kole usmjerava u\u010denike na kretanje desnom stranom hodnika, hola, stepeni\u0161ta, ulaza\/izlaza, upozorava na po\u0161tivanje ku\u0107nog reda \u0161kole, ako u\u010denik koristi mobitel, oduzeti i predati ga u tajni\u0161tvo.<\/span><\/p>\n<p style=\"text-align: justify;\"><span style=\"color: #000000;\">\u00a0<\/span><\/p>\n<p style=\"text-align: justify;\"><span style=\"color: #000000;\">\u00a0<\/span><\/p>\n<p>&nbsp;<\/p>\n<p>&nbsp;<\/p>\n<p>&nbsp;<\/p>\n<p>&nbsp;<\/p>\n","protected":false},"excerpt":{"rendered":"<p>u 1. polugodi\u0161tu \u0161kolske godine 2025.\/2026. klik na sliku za ve\u0107i prikaz Pozicija 1 &#8211; glavni ulaz u \u0161kolu, dvori\u0161te ispred glavnog ulaza i prostor uz cestu do gu\u0161terne, kao i hol \u0161kole Pozicija 2 \u2013 prvi odmor u blagovaoni, &hellip; <a href=\"https:\/\/osnovnaskolamalinskadubasnica.hr\/?page_id=7046\">Nastavi \u010ditati <span class=\"meta-nav\">&rarr;<\/span><\/a><\/p>\n","protected":false},"author":1,"featured_media":0,"parent":0,"menu_order":0,"comment_status":"closed","ping_status":"closed","template":"","meta":{"footnotes":""},"class_list":["post-7046","page","type-page","status-publish","hentry"],"yoast_head":"<!-- This site is optimized with the Yoast SEO plugin v27.5 - https:\/\/yoast.com\/product\/yoast-seo-wordpress\/ -->\n<title>De\u017eurstva u\u010ditelja - Osnovna \u0161kola Malinska-Duba\u0161nica<\/title>\n<meta name=\"robots\" content=\"index, follow, max-snippet:-1, max-image-preview:large, max-video-preview:-1\" \/>\n<link rel=\"canonical\" href=\"http:\/\/osnovnaskolamalinskadubasnica.hr\/?page_id=7046\" \/>\n<meta property=\"og:locale\" content=\"hr_HR\" \/>\n<meta property=\"og:type\" content=\"article\" \/>\n<meta property=\"og:title\" content=\"De\u017eurstva u\u010ditelja - Osnovna \u0161kola Malinska-Duba\u0161nica\" \/>\n<meta property=\"og:description\" content=\"u 1. polugodi\u0161tu \u0161kolske godine 2025.\/2026. klik na sliku za ve\u0107i prikaz Pozicija 1 &#8211; glavni ulaz u \u0161kolu, dvori\u0161te ispred glavnog ulaza i prostor uz cestu do gu\u0161terne, kao i hol \u0161kole Pozicija 2 \u2013 prvi odmor u blagovaoni, &hellip; Nastavi \u010ditati &rarr;\" \/>\n<meta property=\"og:url\" content=\"http:\/\/osnovnaskolamalinskadubasnica.hr\/?page_id=7046\" \/>\n<meta property=\"og:site_name\" content=\"Osnovna \u0161kola Malinska-Duba\u0161nica\" \/>\n<meta property=\"article:publisher\" content=\"https:\/\/www.facebook.com\/osmalinskadubasnica\/\" \/>\n<meta property=\"article:modified_time\" content=\"2025-09-09T20:54:53+00:00\" \/>\n<meta property=\"og:image\" content=\"http:\/\/osnovnaskolamalinskadubasnica.hr\/wp-content\/uploads\/dezurni.jpg\" \/>\n<meta name=\"twitter:card\" content=\"summary_large_image\" \/>\n<meta name=\"twitter:label1\" content=\"Procijenjeno vrijeme \u010ditanja\" \/>\n\t<meta name=\"twitter:data1\" content=\"1 minuta\" \/>\n<script type=\"application\/ld+json\" class=\"yoast-schema-graph\">{\"@context\":\"https:\\\/\\\/schema.org\",\"@graph\":[{\"@type\":\"WebPage\",\"@id\":\"http:\\\/\\\/osnovnaskolamalinskadubasnica.hr\\\/?page_id=7046\",\"url\":\"http:\\\/\\\/osnovnaskolamalinskadubasnica.hr\\\/?page_id=7046\",\"name\":\"De\u017eurstva u\u010ditelja - Osnovna \u0161kola Malinska-Duba\u0161nica\",\"isPartOf\":{\"@id\":\"http:\\\/\\\/osnovnaskolamalinskadubasnica.hr\\\/#website\"},\"primaryImageOfPage\":{\"@id\":\"http:\\\/\\\/osnovnaskolamalinskadubasnica.hr\\\/?page_id=7046#primaryimage\"},\"image\":{\"@id\":\"http:\\\/\\\/osnovnaskolamalinskadubasnica.hr\\\/?page_id=7046#primaryimage\"},\"thumbnailUrl\":\"http:\\\/\\\/osnovnaskolamalinskadubasnica.hr\\\/wp-content\\\/uploads\\\/dezurni.jpg\",\"datePublished\":\"2016-02-22T13:21:17+00:00\",\"dateModified\":\"2025-09-09T20:54:53+00:00\",\"breadcrumb\":{\"@id\":\"http:\\\/\\\/osnovnaskolamalinskadubasnica.hr\\\/?page_id=7046#breadcrumb\"},\"inLanguage\":\"hr\",\"potentialAction\":[{\"@type\":\"ReadAction\",\"target\":[\"http:\\\/\\\/osnovnaskolamalinskadubasnica.hr\\\/?page_id=7046\"]}]},{\"@type\":\"ImageObject\",\"inLanguage\":\"hr\",\"@id\":\"http:\\\/\\\/osnovnaskolamalinskadubasnica.hr\\\/?page_id=7046#primaryimage\",\"url\":\"http:\\\/\\\/osnovnaskolamalinskadubasnica.hr\\\/wp-content\\\/uploads\\\/dezurni.jpg\",\"contentUrl\":\"http:\\\/\\\/osnovnaskolamalinskadubasnica.hr\\\/wp-content\\\/uploads\\\/dezurni.jpg\"},{\"@type\":\"BreadcrumbList\",\"@id\":\"http:\\\/\\\/osnovnaskolamalinskadubasnica.hr\\\/?page_id=7046#breadcrumb\",\"itemListElement\":[{\"@type\":\"ListItem\",\"position\":1,\"name\":\"Po\u010detna stranica\",\"item\":\"http:\\\/\\\/osnovnaskolamalinskadubasnica.hr\\\/\"},{\"@type\":\"ListItem\",\"position\":2,\"name\":\"De\u017eurstva u\u010ditelja\"}]},{\"@type\":\"WebSite\",\"@id\":\"http:\\\/\\\/osnovnaskolamalinskadubasnica.hr\\\/#website\",\"url\":\"http:\\\/\\\/osnovnaskolamalinskadubasnica.hr\\\/\",\"name\":\"Osnovna \u0161kola Malinska-Duba\u0161nica\",\"description\":\"\",\"potentialAction\":[{\"@type\":\"SearchAction\",\"target\":{\"@type\":\"EntryPoint\",\"urlTemplate\":\"http:\\\/\\\/osnovnaskolamalinskadubasnica.hr\\\/?s={search_term_string}\"},\"query-input\":{\"@type\":\"PropertyValueSpecification\",\"valueRequired\":true,\"valueName\":\"search_term_string\"}}],\"inLanguage\":\"hr\"}]}<\/script>\n<!-- \/ Yoast SEO plugin. -->","yoast_head_json":{"title":"De\u017eurstva u\u010ditelja - Osnovna \u0161kola Malinska-Duba\u0161nica","robots":{"index":"index","follow":"follow","max-snippet":"max-snippet:-1","max-image-preview":"max-image-preview:large","max-video-preview":"max-video-preview:-1"},"canonical":"http:\/\/osnovnaskolamalinskadubasnica.hr\/?page_id=7046","og_locale":"hr_HR","og_type":"article","og_title":"De\u017eurstva u\u010ditelja - Osnovna \u0161kola Malinska-Duba\u0161nica","og_description":"u 1. polugodi\u0161tu \u0161kolske godine 2025.\/2026. klik na sliku za ve\u0107i prikaz Pozicija 1 &#8211; glavni ulaz u \u0161kolu, dvori\u0161te ispred glavnog ulaza i prostor uz cestu do gu\u0161terne, kao i hol \u0161kole Pozicija 2 \u2013 prvi odmor u blagovaoni, &hellip; Nastavi \u010ditati &rarr;","og_url":"http:\/\/osnovnaskolamalinskadubasnica.hr\/?page_id=7046","og_site_name":"Osnovna \u0161kola Malinska-Duba\u0161nica","article_publisher":"https:\/\/www.facebook.com\/osmalinskadubasnica\/","article_modified_time":"2025-09-09T20:54:53+00:00","og_image":[{"url":"http:\/\/osnovnaskolamalinskadubasnica.hr\/wp-content\/uploads\/dezurni.jpg","type":"","width":"","height":""}],"twitter_card":"summary_large_image","twitter_misc":{"Procijenjeno vrijeme \u010ditanja":"1 minuta"},"schema":{"@context":"https:\/\/schema.org","@graph":[{"@type":"WebPage","@id":"http:\/\/osnovnaskolamalinskadubasnica.hr\/?page_id=7046","url":"http:\/\/osnovnaskolamalinskadubasnica.hr\/?page_id=7046","name":"De\u017eurstva u\u010ditelja - Osnovna \u0161kola Malinska-Duba\u0161nica","isPartOf":{"@id":"http:\/\/osnovnaskolamalinskadubasnica.hr\/#website"},"primaryImageOfPage":{"@id":"http:\/\/osnovnaskolamalinskadubasnica.hr\/?page_id=7046#primaryimage"},"image":{"@id":"http:\/\/osnovnaskolamalinskadubasnica.hr\/?page_id=7046#primaryimage"},"thumbnailUrl":"http:\/\/osnovnaskolamalinskadubasnica.hr\/wp-content\/uploads\/dezurni.jpg","datePublished":"2016-02-22T13:21:17+00:00","dateModified":"2025-09-09T20:54:53+00:00","breadcrumb":{"@id":"http:\/\/osnovnaskolamalinskadubasnica.hr\/?page_id=7046#breadcrumb"},"inLanguage":"hr","potentialAction":[{"@type":"ReadAction","target":["http:\/\/osnovnaskolamalinskadubasnica.hr\/?page_id=7046"]}]},{"@type":"ImageObject","inLanguage":"hr","@id":"http:\/\/osnovnaskolamalinskadubasnica.hr\/?page_id=7046#primaryimage","url":"http:\/\/osnovnaskolamalinskadubasnica.hr\/wp-content\/uploads\/dezurni.jpg","contentUrl":"http:\/\/osnovnaskolamalinskadubasnica.hr\/wp-content\/uploads\/dezurni.jpg"},{"@type":"BreadcrumbList","@id":"http:\/\/osnovnaskolamalinskadubasnica.hr\/?page_id=7046#breadcrumb","itemListElement":[{"@type":"ListItem","position":1,"name":"Po\u010detna stranica","item":"http:\/\/osnovnaskolamalinskadubasnica.hr\/"},{"@type":"ListItem","position":2,"name":"De\u017eurstva u\u010ditelja"}]},{"@type":"WebSite","@id":"http:\/\/osnovnaskolamalinskadubasnica.hr\/#website","url":"http:\/\/osnovnaskolamalinskadubasnica.hr\/","name":"Osnovna \u0161kola Malinska-Duba\u0161nica","description":"","potentialAction":[{"@type":"SearchAction","target":{"@type":"EntryPoint","urlTemplate":"http:\/\/osnovnaskolamalinskadubasnica.hr\/?s={search_term_string}"},"query-input":{"@type":"PropertyValueSpecification","valueRequired":true,"valueName":"search_term_string"}}],"inLanguage":"hr"}]}},"_links":{"self":[{"href":"https:\/\/osnovnaskolamalinskadubasnica.hr\/index.php?rest_route=\/wp\/v2\/pages\/7046","targetHints":{"allow":["GET"]}}],"collection":[{"href":"https:\/\/osnovnaskolamalinskadubasnica.hr\/index.php?rest_route=\/wp\/v2\/pages"}],"about":[{"href":"https:\/\/osnovnaskolamalinskadubasnica.hr\/index.php?rest_route=\/wp\/v2\/types\/page"}],"author":[{"embeddable":true,"href":"https:\/\/osnovnaskolamalinskadubasnica.hr\/index.php?rest_route=\/wp\/v2\/users\/1"}],"replies":[{"embeddable":true,"href":"https:\/\/osnovnaskolamalinskadubasnica.hr\/index.php?rest_route=%2Fwp%2Fv2%2Fcomments&post=7046"}],"version-history":[{"count":29,"href":"https:\/\/osnovnaskolamalinskadubasnica.hr\/index.php?rest_route=\/wp\/v2\/pages\/7046\/revisions"}],"predecessor-version":[{"id":33314,"href":"https:\/\/osnovnaskolamalinskadubasnica.hr\/index.php?rest_route=\/wp\/v2\/pages\/7046\/revisions\/33314"}],"wp:attachment":[{"href":"https:\/\/osnovnaskolamalinskadubasnica.hr\/index.php?rest_route=%2Fwp%2Fv2%2Fmedia&parent=7046"}],"curies":[{"name":"wp","href":"https:\/\/api.w.org\/{rel}","templated":true}]}}