{"id":35799,"date":"2026-04-21T21:54:06","date_gmt":"2026-04-21T20:54:06","guid":{"rendered":"https:\/\/osnovnaskolamalinskadubasnica.hr\/?page_id=35799"},"modified":"2026-04-21T21:59:32","modified_gmt":"2026-04-21T20:59:32","slug":"skolski-vrt","status":"publish","type":"page","link":"https:\/\/osnovnaskolamalinskadubasnica.hr\/?page_id=35799","title":{"rendered":"\u0160kolski vrt"},"content":{"rendered":"<p style=\"text-align: justify;\"><span style=\"color: #000000;\">U prolje\u0107e 2025. godine pokrenuli smo jedan sasvim poseban projekt &#8211; dvori\u0161te zgrade &#8220;Starog vrti\u0107a&#8221;\u00a0 pretvorili smo u \u0161kolski vrt koji zajedno ure\u0111uju i o njemu se brinu \u010dlanovi Ekolo\u0161ke grupe na\u0161e \u0161kole, koju vodi u\u010diteljica Ana Marija \u0160viderski Jurinjak, i na\u0161i prijatelji umirovljenici iz Udruge umirovljenika Malinska-Duba\u0161nica. Provodimo zajedno vrijeme u prirodi, u\u010dimo o vrtlarstvu, njegujemo razvijanje ekolo\u0161ke svijesti, uzgajamo zdravo vo\u0107e i povr\u0107e, u\u010dimo, razmjenjujemo znanja i dru\u017eimo se&#8230; zajedno, veliki i mali, njeguju\u0107i me\u0111ugeneracijsku suradnju i prijateljstvo.<\/span><\/p>\n<p><a href=\"https:\/\/osnovnaskolamalinskadubasnica.hr\/?p=35715\"><img loading=\"lazy\" decoding=\"async\" class=\"alignleft wp-image-35716\" src=\"http:\/\/osnovnaskolamalinskadubasnica.hr\/wp-content\/uploads\/skolski-vrt-2026-web.jpg\" alt=\"\" width=\"272\" height=\"204\" srcset=\"https:\/\/osnovnaskolamalinskadubasnica.hr\/wp-content\/uploads\/skolski-vrt-2026-web.jpg 1083w, https:\/\/osnovnaskolamalinskadubasnica.hr\/wp-content\/uploads\/skolski-vrt-2026-web-768x576.jpg 768w\" sizes=\"auto, (max-width: 272px) 100vw, 272px\" \/><\/a><strong><a href=\"https:\/\/osnovnaskolamalinskadubasnica.hr\/?p=35715\">Proljetni radovi u vrtu<\/a><\/strong><\/p>\n<p style=\"text-align: justify;\"><span style=\"color: #000000;\">Zajedni\u010dka se briga za \u0161kolski vrt nastavlja. Stiglo je prolje\u0107e i kre\u0107emo s radom u na\u0161em \u0161kolskom vrtu, zajedno s na\u0161im prijateljima umirovljenicima.<\/span><\/p>\n<p><a href=\"https:\/\/osnovnaskolamalinskadubasnica.hr\/?p=35715\" target=\"_blank\" rel=\"noopener\"><em>Nastavi \u010ditati \u2192<\/em><\/a><br \/>\n<span style=\"color: #ffffff;\">.<\/span><\/p>\n<p><strong><span style=\"color: #ff6600;\">________________________________________________________<\/span><\/strong><\/p>\n<p><a href=\"https:\/\/osnovnaskolamalinskadubasnica.hr\/?p=32032\"><img loading=\"lazy\" decoding=\"async\" class=\"alignleft wp-image-32033\" src=\"http:\/\/osnovnaskolamalinskadubasnica.hr\/wp-content\/uploads\/vrtic-web.jpg\" alt=\"\" width=\"272\" height=\"203\" srcset=\"https:\/\/osnovnaskolamalinskadubasnica.hr\/wp-content\/uploads\/vrtic-web.jpg 1055w, https:\/\/osnovnaskolamalinskadubasnica.hr\/wp-content\/uploads\/vrtic-web-768x574.jpg 768w\" sizes=\"auto, (max-width: 272px) 100vw, 272px\" \/><\/a><a href=\"https:\/\/osnovnaskolamalinskadubasnica.hr\/?p=32032\"><strong>Ure\u0111enje vrta u prostoru &#8220;Starog vrti\u0107a&#8221;<\/strong><\/a><\/p>\n<p style=\"text-align: justify;\"><span style=\"color: #000000;\">Projekt je krenuo! Pod stru\u010dnim vodstvom u\u010diteljice vrtlarstva Ivane Keller, krenuli smo u ure\u0111enje na\u0161eg \u0161kolskog vrta.<\/span><\/p>\n<p><a href=\"https:\/\/osnovnaskolamalinskadubasnica.hr\/?p=32032\" target=\"_blank\" rel=\"noopener\"><em>Nastavi \u010ditati \u2192<\/em><\/a><\/p>\n","protected":false},"excerpt":{"rendered":"<p>U prolje\u0107e 2025. godine pokrenuli smo jedan sasvim poseban projekt &#8211; dvori\u0161te zgrade &#8220;Starog vrti\u0107a&#8221;\u00a0 pretvorili smo u \u0161kolski vrt koji zajedno ure\u0111uju i o njemu se brinu \u010dlanovi Ekolo\u0161ke grupe na\u0161e \u0161kole, koju vodi u\u010diteljica Ana Marija \u0160viderski Jurinjak, &hellip; <a href=\"https:\/\/osnovnaskolamalinskadubasnica.hr\/?page_id=35799\">Nastavi \u010ditati <span class=\"meta-nav\">&rarr;<\/span><\/a><\/p>\n","protected":false},"author":1,"featured_media":0,"parent":0,"menu_order":0,"comment_status":"closed","ping_status":"closed","template":"","meta":{"footnotes":""},"class_list":["post-35799","page","type-page","status-publish","hentry"],"yoast_head":"<!-- This site is optimized with the Yoast SEO plugin v27.4 - https:\/\/yoast.com\/product\/yoast-seo-wordpress\/ -->\n<title>\u0160kolski vrt - Osnovna \u0161kola Malinska-Duba\u0161nica<\/title>\n<meta name=\"robots\" content=\"index, follow, max-snippet:-1, max-image-preview:large, max-video-preview:-1\" \/>\n<link rel=\"canonical\" href=\"https:\/\/osnovnaskolamalinskadubasnica.hr\/?page_id=35799\" \/>\n<meta property=\"og:locale\" content=\"hr_HR\" \/>\n<meta property=\"og:type\" content=\"article\" \/>\n<meta property=\"og:title\" content=\"\u0160kolski vrt - Osnovna \u0161kola Malinska-Duba\u0161nica\" \/>\n<meta property=\"og:description\" content=\"U prolje\u0107e 2025. godine pokrenuli smo jedan sasvim poseban projekt &#8211; dvori\u0161te zgrade &#8220;Starog vrti\u0107a&#8221;\u00a0 pretvorili smo u \u0161kolski vrt koji zajedno ure\u0111uju i o njemu se brinu \u010dlanovi Ekolo\u0161ke grupe na\u0161e \u0161kole, koju vodi u\u010diteljica Ana Marija \u0160viderski Jurinjak, &hellip; Nastavi \u010ditati &rarr;\" \/>\n<meta property=\"og:url\" content=\"https:\/\/osnovnaskolamalinskadubasnica.hr\/?page_id=35799\" \/>\n<meta property=\"og:site_name\" content=\"Osnovna \u0161kola Malinska-Duba\u0161nica\" \/>\n<meta property=\"article:publisher\" content=\"https:\/\/www.facebook.com\/osmalinskadubasnica\/\" \/>\n<meta property=\"article:modified_time\" content=\"2026-04-21T20:59:32+00:00\" \/>\n<meta property=\"og:image\" content=\"http:\/\/osnovnaskolamalinskadubasnica.hr\/wp-content\/uploads\/skolski-vrt-2026-web.jpg\" \/>\n<meta name=\"twitter:card\" content=\"summary_large_image\" \/>\n<meta name=\"twitter:label1\" content=\"Procijenjeno vrijeme \u010ditanja\" \/>\n\t<meta name=\"twitter:data1\" content=\"2 minute\" \/>\n<script type=\"application\/ld+json\" class=\"yoast-schema-graph\">{\"@context\":\"https:\\\/\\\/schema.org\",\"@graph\":[{\"@type\":\"WebPage\",\"@id\":\"https:\\\/\\\/osnovnaskolamalinskadubasnica.hr\\\/?page_id=35799\",\"url\":\"https:\\\/\\\/osnovnaskolamalinskadubasnica.hr\\\/?page_id=35799\",\"name\":\"\u0160kolski vrt - Osnovna \u0161kola Malinska-Duba\u0161nica\",\"isPartOf\":{\"@id\":\"http:\\\/\\\/osnovnaskolamalinskadubasnica.hr\\\/#website\"},\"primaryImageOfPage\":{\"@id\":\"https:\\\/\\\/osnovnaskolamalinskadubasnica.hr\\\/?page_id=35799#primaryimage\"},\"image\":{\"@id\":\"https:\\\/\\\/osnovnaskolamalinskadubasnica.hr\\\/?page_id=35799#primaryimage\"},\"thumbnailUrl\":\"http:\\\/\\\/osnovnaskolamalinskadubasnica.hr\\\/wp-content\\\/uploads\\\/skolski-vrt-2026-web.jpg\",\"datePublished\":\"2026-04-21T20:54:06+00:00\",\"dateModified\":\"2026-04-21T20:59:32+00:00\",\"breadcrumb\":{\"@id\":\"https:\\\/\\\/osnovnaskolamalinskadubasnica.hr\\\/?page_id=35799#breadcrumb\"},\"inLanguage\":\"hr\",\"potentialAction\":[{\"@type\":\"ReadAction\",\"target\":[\"https:\\\/\\\/osnovnaskolamalinskadubasnica.hr\\\/?page_id=35799\"]}]},{\"@type\":\"ImageObject\",\"inLanguage\":\"hr\",\"@id\":\"https:\\\/\\\/osnovnaskolamalinskadubasnica.hr\\\/?page_id=35799#primaryimage\",\"url\":\"http:\\\/\\\/osnovnaskolamalinskadubasnica.hr\\\/wp-content\\\/uploads\\\/skolski-vrt-2026-web.jpg\",\"contentUrl\":\"http:\\\/\\\/osnovnaskolamalinskadubasnica.hr\\\/wp-content\\\/uploads\\\/skolski-vrt-2026-web.jpg\"},{\"@type\":\"BreadcrumbList\",\"@id\":\"https:\\\/\\\/osnovnaskolamalinskadubasnica.hr\\\/?page_id=35799#breadcrumb\",\"itemListElement\":[{\"@type\":\"ListItem\",\"position\":1,\"name\":\"Po\u010detna stranica\",\"item\":\"http:\\\/\\\/osnovnaskolamalinskadubasnica.hr\\\/\"},{\"@type\":\"ListItem\",\"position\":2,\"name\":\"\u0160kolski vrt\"}]},{\"@type\":\"WebSite\",\"@id\":\"http:\\\/\\\/osnovnaskolamalinskadubasnica.hr\\\/#website\",\"url\":\"http:\\\/\\\/osnovnaskolamalinskadubasnica.hr\\\/\",\"name\":\"Osnovna \u0161kola Malinska-Duba\u0161nica\",\"description\":\"\",\"potentialAction\":[{\"@type\":\"SearchAction\",\"target\":{\"@type\":\"EntryPoint\",\"urlTemplate\":\"http:\\\/\\\/osnovnaskolamalinskadubasnica.hr\\\/?s={search_term_string}\"},\"query-input\":{\"@type\":\"PropertyValueSpecification\",\"valueRequired\":true,\"valueName\":\"search_term_string\"}}],\"inLanguage\":\"hr\"}]}<\/script>\n<!-- \/ Yoast SEO plugin. -->","yoast_head_json":{"title":"\u0160kolski vrt - Osnovna \u0161kola Malinska-Duba\u0161nica","robots":{"index":"index","follow":"follow","max-snippet":"max-snippet:-1","max-image-preview":"max-image-preview:large","max-video-preview":"max-video-preview:-1"},"canonical":"https:\/\/osnovnaskolamalinskadubasnica.hr\/?page_id=35799","og_locale":"hr_HR","og_type":"article","og_title":"\u0160kolski vrt - Osnovna \u0161kola Malinska-Duba\u0161nica","og_description":"U prolje\u0107e 2025. godine pokrenuli smo jedan sasvim poseban projekt &#8211; dvori\u0161te zgrade &#8220;Starog vrti\u0107a&#8221;\u00a0 pretvorili smo u \u0161kolski vrt koji zajedno ure\u0111uju i o njemu se brinu \u010dlanovi Ekolo\u0161ke grupe na\u0161e \u0161kole, koju vodi u\u010diteljica Ana Marija \u0160viderski Jurinjak, &hellip; Nastavi \u010ditati &rarr;","og_url":"https:\/\/osnovnaskolamalinskadubasnica.hr\/?page_id=35799","og_site_name":"Osnovna \u0161kola Malinska-Duba\u0161nica","article_publisher":"https:\/\/www.facebook.com\/osmalinskadubasnica\/","article_modified_time":"2026-04-21T20:59:32+00:00","og_image":[{"url":"http:\/\/osnovnaskolamalinskadubasnica.hr\/wp-content\/uploads\/skolski-vrt-2026-web.jpg","type":"","width":"","height":""}],"twitter_card":"summary_large_image","twitter_misc":{"Procijenjeno vrijeme \u010ditanja":"2 minute"},"schema":{"@context":"https:\/\/schema.org","@graph":[{"@type":"WebPage","@id":"https:\/\/osnovnaskolamalinskadubasnica.hr\/?page_id=35799","url":"https:\/\/osnovnaskolamalinskadubasnica.hr\/?page_id=35799","name":"\u0160kolski vrt - Osnovna \u0161kola Malinska-Duba\u0161nica","isPartOf":{"@id":"http:\/\/osnovnaskolamalinskadubasnica.hr\/#website"},"primaryImageOfPage":{"@id":"https:\/\/osnovnaskolamalinskadubasnica.hr\/?page_id=35799#primaryimage"},"image":{"@id":"https:\/\/osnovnaskolamalinskadubasnica.hr\/?page_id=35799#primaryimage"},"thumbnailUrl":"http:\/\/osnovnaskolamalinskadubasnica.hr\/wp-content\/uploads\/skolski-vrt-2026-web.jpg","datePublished":"2026-04-21T20:54:06+00:00","dateModified":"2026-04-21T20:59:32+00:00","breadcrumb":{"@id":"https:\/\/osnovnaskolamalinskadubasnica.hr\/?page_id=35799#breadcrumb"},"inLanguage":"hr","potentialAction":[{"@type":"ReadAction","target":["https:\/\/osnovnaskolamalinskadubasnica.hr\/?page_id=35799"]}]},{"@type":"ImageObject","inLanguage":"hr","@id":"https:\/\/osnovnaskolamalinskadubasnica.hr\/?page_id=35799#primaryimage","url":"http:\/\/osnovnaskolamalinskadubasnica.hr\/wp-content\/uploads\/skolski-vrt-2026-web.jpg","contentUrl":"http:\/\/osnovnaskolamalinskadubasnica.hr\/wp-content\/uploads\/skolski-vrt-2026-web.jpg"},{"@type":"BreadcrumbList","@id":"https:\/\/osnovnaskolamalinskadubasnica.hr\/?page_id=35799#breadcrumb","itemListElement":[{"@type":"ListItem","position":1,"name":"Po\u010detna stranica","item":"http:\/\/osnovnaskolamalinskadubasnica.hr\/"},{"@type":"ListItem","position":2,"name":"\u0160kolski vrt"}]},{"@type":"WebSite","@id":"http:\/\/osnovnaskolamalinskadubasnica.hr\/#website","url":"http:\/\/osnovnaskolamalinskadubasnica.hr\/","name":"Osnovna \u0161kola Malinska-Duba\u0161nica","description":"","potentialAction":[{"@type":"SearchAction","target":{"@type":"EntryPoint","urlTemplate":"http:\/\/osnovnaskolamalinskadubasnica.hr\/?s={search_term_string}"},"query-input":{"@type":"PropertyValueSpecification","valueRequired":true,"valueName":"search_term_string"}}],"inLanguage":"hr"}]}},"_links":{"self":[{"href":"https:\/\/osnovnaskolamalinskadubasnica.hr\/index.php?rest_route=\/wp\/v2\/pages\/35799","targetHints":{"allow":["GET"]}}],"collection":[{"href":"https:\/\/osnovnaskolamalinskadubasnica.hr\/index.php?rest_route=\/wp\/v2\/pages"}],"about":[{"href":"https:\/\/osnovnaskolamalinskadubasnica.hr\/index.php?rest_route=\/wp\/v2\/types\/page"}],"author":[{"embeddable":true,"href":"https:\/\/osnovnaskolamalinskadubasnica.hr\/index.php?rest_route=\/wp\/v2\/users\/1"}],"replies":[{"embeddable":true,"href":"https:\/\/osnovnaskolamalinskadubasnica.hr\/index.php?rest_route=%2Fwp%2Fv2%2Fcomments&post=35799"}],"version-history":[{"count":3,"href":"https:\/\/osnovnaskolamalinskadubasnica.hr\/index.php?rest_route=\/wp\/v2\/pages\/35799\/revisions"}],"predecessor-version":[{"id":35804,"href":"https:\/\/osnovnaskolamalinskadubasnica.hr\/index.php?rest_route=\/wp\/v2\/pages\/35799\/revisions\/35804"}],"wp:attachment":[{"href":"https:\/\/osnovnaskolamalinskadubasnica.hr\/index.php?rest_route=%2Fwp%2Fv2%2Fmedia&parent=35799"}],"curies":[{"name":"wp","href":"https:\/\/api.w.org\/{rel}","templated":true}]}}