{"id":35699,"date":"2026-04-19T16:38:13","date_gmt":"2026-04-19T15:38:13","guid":{"rendered":"https:\/\/osnovnaskolamalinskadubasnica.hr\/?page_id=35699"},"modified":"2026-04-19T16:47:58","modified_gmt":"2026-04-19T15:47:58","slug":"smotre-ucenickih-zadruga","status":"publish","type":"page","link":"https:\/\/osnovnaskolamalinskadubasnica.hr\/?page_id=35699","title":{"rendered":"Smotre u\u010deni\u010dkih zadruga"},"content":{"rendered":"<p><span style=\"color: #ffffff;\">.<\/span><\/p>\n<p><a href=\"https:\/\/osnovnaskolamalinskadubasnica.hr\/?p=32644\" target=\"_blank\" rel=\"noopener\"><img loading=\"lazy\" decoding=\"async\" class=\"alignleft wp-image-32646\" src=\"http:\/\/osnovnaskolamalinskadubasnica.hr\/wp-content\/uploads\/smotra-zadruga-web.jpg\" alt=\"\" width=\"272\" height=\"203\" srcset=\"https:\/\/osnovnaskolamalinskadubasnica.hr\/wp-content\/uploads\/smotra-zadruga-web.jpg 1028w, https:\/\/osnovnaskolamalinskadubasnica.hr\/wp-content\/uploads\/smotra-zadruga-web-768x574.jpg 768w\" sizes=\"auto, (max-width: 272px) 100vw, 272px\" \/><\/a><a href=\"https:\/\/osnovnaskolamalinskadubasnica.hr\/?p=32644\" target=\"_blank\" rel=\"noopener\">DOJMOVI IZ CRIKVENICE<\/a><\/p>\n<p style=\"text-align: justify;\"><span style=\"color: #000000;\">Donosimo dojmove s na\u0161eg sudjelovanja na 24. Smotri u\u010deni\u010dkih zadruga Primorsko-goranske \u017eupanije kaja se odr\u017eala 9. svibnja 2025. godine u Crikvenici na Trgu Stjepana Radi\u0107a.<\/span><\/p>\n<p><a href=\"https:\/\/osnovnaskolamalinskadubasnica.hr\/?p=32644\" target=\"_blank\" rel=\"noopener\"><em>Nastavi \u010ditati \u2192<\/em><\/a><\/p>\n<p><span style=\"color: #ffffff;\">.<\/span><\/p>\n<p><strong><span style=\"color: #ff6600;\">________________________________________________________<\/span><\/strong><\/p>\n<p style=\"text-align: justify;\"><a href=\"https:\/\/osnovnaskolamalinskadubasnica.hr\/?p=29123\"><img loading=\"lazy\" decoding=\"async\" class=\"alignleft wp-image-29124\" src=\"http:\/\/osnovnaskolamalinskadubasnica.hr\/wp-content\/uploads\/zadruga-24-web.jpg\" alt=\"\" width=\"272\" height=\"202\" srcset=\"https:\/\/osnovnaskolamalinskadubasnica.hr\/wp-content\/uploads\/zadruga-24-web.jpg 1088w, https:\/\/osnovnaskolamalinskadubasnica.hr\/wp-content\/uploads\/zadruga-24-web-768x570.jpg 768w\" sizes=\"auto, (max-width: 272px) 100vw, 272px\" \/><\/a><a href=\"https:\/\/osnovnaskolamalinskadubasnica.hr\/?p=29123\">NA\u0160A PRVA SMOTRA &#8211; U ZNAKU LAVANDE<\/a><\/p>\n<p style=\"text-align: justify;\"><span style=\"color: #000000;\">U svibnju 2024. godine u Rijeci je odr\u017eana je 23. Smotra u\u010deni\u010dkih zadruga Primorsko-goranske \u017eupanije. Na smotri je, po prvi put, sudjelovala i u\u010deni\u010dka zadruga na\u0161e \u0161kole.<\/span><\/p>\n<p><a href=\"https:\/\/osnovnaskolamalinskadubasnica.hr\/?p=29123\" target=\"_blank\" rel=\"noopener\"><em>Nastavi \u010ditati \u2192<\/em><\/a><\/p>\n","protected":false},"excerpt":{"rendered":"<p>. DOJMOVI IZ CRIKVENICE Donosimo dojmove s na\u0161eg sudjelovanja na 24. Smotri u\u010deni\u010dkih zadruga Primorsko-goranske \u017eupanije kaja se odr\u017eala 9. svibnja 2025. godine u Crikvenici na Trgu Stjepana Radi\u0107a. Nastavi \u010ditati \u2192 . ________________________________________________________ NA\u0160A PRVA SMOTRA &#8211; U ZNAKU &hellip; <a href=\"https:\/\/osnovnaskolamalinskadubasnica.hr\/?page_id=35699\">Nastavi \u010ditati <span class=\"meta-nav\">&rarr;<\/span><\/a><\/p>\n","protected":false},"author":1,"featured_media":0,"parent":0,"menu_order":0,"comment_status":"closed","ping_status":"closed","template":"","meta":{"footnotes":""},"class_list":["post-35699","page","type-page","status-publish","hentry"],"yoast_head":"<!-- This site is optimized with the Yoast SEO plugin v27.4 - https:\/\/yoast.com\/product\/yoast-seo-wordpress\/ -->\n<title>Smotre u\u010deni\u010dkih zadruga - Osnovna \u0161kola Malinska-Duba\u0161nica<\/title>\n<meta name=\"robots\" content=\"index, follow, max-snippet:-1, max-image-preview:large, max-video-preview:-1\" \/>\n<link rel=\"canonical\" href=\"https:\/\/osnovnaskolamalinskadubasnica.hr\/?page_id=35699\" \/>\n<meta property=\"og:locale\" content=\"hr_HR\" \/>\n<meta property=\"og:type\" content=\"article\" \/>\n<meta property=\"og:title\" content=\"Smotre u\u010deni\u010dkih zadruga - Osnovna \u0161kola Malinska-Duba\u0161nica\" \/>\n<meta property=\"og:description\" content=\". DOJMOVI IZ CRIKVENICE Donosimo dojmove s na\u0161eg sudjelovanja na 24. Smotri u\u010deni\u010dkih zadruga Primorsko-goranske \u017eupanije kaja se odr\u017eala 9. svibnja 2025. godine u Crikvenici na Trgu Stjepana Radi\u0107a. Nastavi \u010ditati \u2192 . ________________________________________________________ NA\u0160A PRVA SMOTRA &#8211; U ZNAKU &hellip; Nastavi \u010ditati &rarr;\" \/>\n<meta property=\"og:url\" content=\"https:\/\/osnovnaskolamalinskadubasnica.hr\/?page_id=35699\" \/>\n<meta property=\"og:site_name\" content=\"Osnovna \u0161kola Malinska-Duba\u0161nica\" \/>\n<meta property=\"article:publisher\" content=\"https:\/\/www.facebook.com\/osmalinskadubasnica\/\" \/>\n<meta property=\"article:modified_time\" content=\"2026-04-19T15:47:58+00:00\" \/>\n<meta property=\"og:image\" content=\"https:\/\/osnovnaskolamalinskadubasnica.hr\/wp-content\/uploads\/smotra-zadruga-web.jpg\" \/>\n\t<meta property=\"og:image:width\" content=\"1028\" \/>\n\t<meta property=\"og:image:height\" content=\"768\" \/>\n\t<meta property=\"og:image:type\" content=\"image\/jpeg\" \/>\n<meta name=\"twitter:card\" content=\"summary_large_image\" \/>\n<meta name=\"twitter:label1\" content=\"Procijenjeno vrijeme \u010ditanja\" \/>\n\t<meta name=\"twitter:data1\" content=\"1 minuta\" \/>\n<script type=\"application\/ld+json\" class=\"yoast-schema-graph\">{\"@context\":\"https:\\\/\\\/schema.org\",\"@graph\":[{\"@type\":\"WebPage\",\"@id\":\"https:\\\/\\\/osnovnaskolamalinskadubasnica.hr\\\/?page_id=35699\",\"url\":\"https:\\\/\\\/osnovnaskolamalinskadubasnica.hr\\\/?page_id=35699\",\"name\":\"Smotre u\u010deni\u010dkih zadruga - Osnovna \u0161kola Malinska-Duba\u0161nica\",\"isPartOf\":{\"@id\":\"http:\\\/\\\/osnovnaskolamalinskadubasnica.hr\\\/#website\"},\"primaryImageOfPage\":{\"@id\":\"https:\\\/\\\/osnovnaskolamalinskadubasnica.hr\\\/?page_id=35699#primaryimage\"},\"image\":{\"@id\":\"https:\\\/\\\/osnovnaskolamalinskadubasnica.hr\\\/?page_id=35699#primaryimage\"},\"thumbnailUrl\":\"http:\\\/\\\/osnovnaskolamalinskadubasnica.hr\\\/wp-content\\\/uploads\\\/smotra-zadruga-web.jpg\",\"datePublished\":\"2026-04-19T15:38:13+00:00\",\"dateModified\":\"2026-04-19T15:47:58+00:00\",\"breadcrumb\":{\"@id\":\"https:\\\/\\\/osnovnaskolamalinskadubasnica.hr\\\/?page_id=35699#breadcrumb\"},\"inLanguage\":\"hr\",\"potentialAction\":[{\"@type\":\"ReadAction\",\"target\":[\"https:\\\/\\\/osnovnaskolamalinskadubasnica.hr\\\/?page_id=35699\"]}]},{\"@type\":\"ImageObject\",\"inLanguage\":\"hr\",\"@id\":\"https:\\\/\\\/osnovnaskolamalinskadubasnica.hr\\\/?page_id=35699#primaryimage\",\"url\":\"http:\\\/\\\/osnovnaskolamalinskadubasnica.hr\\\/wp-content\\\/uploads\\\/smotra-zadruga-web.jpg\",\"contentUrl\":\"http:\\\/\\\/osnovnaskolamalinskadubasnica.hr\\\/wp-content\\\/uploads\\\/smotra-zadruga-web.jpg\"},{\"@type\":\"BreadcrumbList\",\"@id\":\"https:\\\/\\\/osnovnaskolamalinskadubasnica.hr\\\/?page_id=35699#breadcrumb\",\"itemListElement\":[{\"@type\":\"ListItem\",\"position\":1,\"name\":\"Po\u010detna stranica\",\"item\":\"http:\\\/\\\/osnovnaskolamalinskadubasnica.hr\\\/\"},{\"@type\":\"ListItem\",\"position\":2,\"name\":\"Smotre u\u010deni\u010dkih zadruga\"}]},{\"@type\":\"WebSite\",\"@id\":\"http:\\\/\\\/osnovnaskolamalinskadubasnica.hr\\\/#website\",\"url\":\"http:\\\/\\\/osnovnaskolamalinskadubasnica.hr\\\/\",\"name\":\"Osnovna \u0161kola Malinska-Duba\u0161nica\",\"description\":\"\",\"potentialAction\":[{\"@type\":\"SearchAction\",\"target\":{\"@type\":\"EntryPoint\",\"urlTemplate\":\"http:\\\/\\\/osnovnaskolamalinskadubasnica.hr\\\/?s={search_term_string}\"},\"query-input\":{\"@type\":\"PropertyValueSpecification\",\"valueRequired\":true,\"valueName\":\"search_term_string\"}}],\"inLanguage\":\"hr\"}]}<\/script>\n<!-- \/ Yoast SEO plugin. -->","yoast_head_json":{"title":"Smotre u\u010deni\u010dkih zadruga - Osnovna \u0161kola Malinska-Duba\u0161nica","robots":{"index":"index","follow":"follow","max-snippet":"max-snippet:-1","max-image-preview":"max-image-preview:large","max-video-preview":"max-video-preview:-1"},"canonical":"https:\/\/osnovnaskolamalinskadubasnica.hr\/?page_id=35699","og_locale":"hr_HR","og_type":"article","og_title":"Smotre u\u010deni\u010dkih zadruga - Osnovna \u0161kola Malinska-Duba\u0161nica","og_description":". DOJMOVI IZ CRIKVENICE Donosimo dojmove s na\u0161eg sudjelovanja na 24. Smotri u\u010deni\u010dkih zadruga Primorsko-goranske \u017eupanije kaja se odr\u017eala 9. svibnja 2025. godine u Crikvenici na Trgu Stjepana Radi\u0107a. Nastavi \u010ditati \u2192 . ________________________________________________________ NA\u0160A PRVA SMOTRA &#8211; U ZNAKU &hellip; Nastavi \u010ditati &rarr;","og_url":"https:\/\/osnovnaskolamalinskadubasnica.hr\/?page_id=35699","og_site_name":"Osnovna \u0161kola Malinska-Duba\u0161nica","article_publisher":"https:\/\/www.facebook.com\/osmalinskadubasnica\/","article_modified_time":"2026-04-19T15:47:58+00:00","og_image":[{"width":1028,"height":768,"url":"https:\/\/osnovnaskolamalinskadubasnica.hr\/wp-content\/uploads\/smotra-zadruga-web.jpg","type":"image\/jpeg"}],"twitter_card":"summary_large_image","twitter_misc":{"Procijenjeno vrijeme \u010ditanja":"1 minuta"},"schema":{"@context":"https:\/\/schema.org","@graph":[{"@type":"WebPage","@id":"https:\/\/osnovnaskolamalinskadubasnica.hr\/?page_id=35699","url":"https:\/\/osnovnaskolamalinskadubasnica.hr\/?page_id=35699","name":"Smotre u\u010deni\u010dkih zadruga - Osnovna \u0161kola Malinska-Duba\u0161nica","isPartOf":{"@id":"http:\/\/osnovnaskolamalinskadubasnica.hr\/#website"},"primaryImageOfPage":{"@id":"https:\/\/osnovnaskolamalinskadubasnica.hr\/?page_id=35699#primaryimage"},"image":{"@id":"https:\/\/osnovnaskolamalinskadubasnica.hr\/?page_id=35699#primaryimage"},"thumbnailUrl":"http:\/\/osnovnaskolamalinskadubasnica.hr\/wp-content\/uploads\/smotra-zadruga-web.jpg","datePublished":"2026-04-19T15:38:13+00:00","dateModified":"2026-04-19T15:47:58+00:00","breadcrumb":{"@id":"https:\/\/osnovnaskolamalinskadubasnica.hr\/?page_id=35699#breadcrumb"},"inLanguage":"hr","potentialAction":[{"@type":"ReadAction","target":["https:\/\/osnovnaskolamalinskadubasnica.hr\/?page_id=35699"]}]},{"@type":"ImageObject","inLanguage":"hr","@id":"https:\/\/osnovnaskolamalinskadubasnica.hr\/?page_id=35699#primaryimage","url":"http:\/\/osnovnaskolamalinskadubasnica.hr\/wp-content\/uploads\/smotra-zadruga-web.jpg","contentUrl":"http:\/\/osnovnaskolamalinskadubasnica.hr\/wp-content\/uploads\/smotra-zadruga-web.jpg"},{"@type":"BreadcrumbList","@id":"https:\/\/osnovnaskolamalinskadubasnica.hr\/?page_id=35699#breadcrumb","itemListElement":[{"@type":"ListItem","position":1,"name":"Po\u010detna stranica","item":"http:\/\/osnovnaskolamalinskadubasnica.hr\/"},{"@type":"ListItem","position":2,"name":"Smotre u\u010deni\u010dkih zadruga"}]},{"@type":"WebSite","@id":"http:\/\/osnovnaskolamalinskadubasnica.hr\/#website","url":"http:\/\/osnovnaskolamalinskadubasnica.hr\/","name":"Osnovna \u0161kola Malinska-Duba\u0161nica","description":"","potentialAction":[{"@type":"SearchAction","target":{"@type":"EntryPoint","urlTemplate":"http:\/\/osnovnaskolamalinskadubasnica.hr\/?s={search_term_string}"},"query-input":{"@type":"PropertyValueSpecification","valueRequired":true,"valueName":"search_term_string"}}],"inLanguage":"hr"}]}},"_links":{"self":[{"href":"https:\/\/osnovnaskolamalinskadubasnica.hr\/index.php?rest_route=\/wp\/v2\/pages\/35699","targetHints":{"allow":["GET"]}}],"collection":[{"href":"https:\/\/osnovnaskolamalinskadubasnica.hr\/index.php?rest_route=\/wp\/v2\/pages"}],"about":[{"href":"https:\/\/osnovnaskolamalinskadubasnica.hr\/index.php?rest_route=\/wp\/v2\/types\/page"}],"author":[{"embeddable":true,"href":"https:\/\/osnovnaskolamalinskadubasnica.hr\/index.php?rest_route=\/wp\/v2\/users\/1"}],"replies":[{"embeddable":true,"href":"https:\/\/osnovnaskolamalinskadubasnica.hr\/index.php?rest_route=%2Fwp%2Fv2%2Fcomments&post=35699"}],"version-history":[{"count":5,"href":"https:\/\/osnovnaskolamalinskadubasnica.hr\/index.php?rest_route=\/wp\/v2\/pages\/35699\/revisions"}],"predecessor-version":[{"id":35704,"href":"https:\/\/osnovnaskolamalinskadubasnica.hr\/index.php?rest_route=\/wp\/v2\/pages\/35699\/revisions\/35704"}],"wp:attachment":[{"href":"https:\/\/osnovnaskolamalinskadubasnica.hr\/index.php?rest_route=%2Fwp%2Fv2%2Fmedia&parent=35699"}],"curies":[{"name":"wp","href":"https:\/\/api.w.org\/{rel}","templated":true}]}}