{"id":28487,"date":"2024-04-25T22:48:45","date_gmt":"2024-04-25T21:48:45","guid":{"rendered":"https:\/\/osnovnaskolamalinskadubasnica.hr\/?page_id=28487"},"modified":"2026-02-22T20:17:06","modified_gmt":"2026-02-22T19:17:06","slug":"price-iz-dubasljanske-skole","status":"publish","type":"page","link":"https:\/\/osnovnaskolamalinskadubasnica.hr\/?page_id=28487","title":{"rendered":"Pri\u010de iz duba\u0161ljanske \u0161kole"},"content":{"rendered":"<p style=\"text-align: justify;\"><span style=\"color: #000000;\">Serijal kratkih filmova u kojima otkrivamo brojne zanimljive pri\u010de iz na\u0161e \u0161kole, pri\u010de o uspjesima, hobijima, interesima i talentima na\u0161ih u\u010denika&#8230; razgovaramo, otkrivamo i tako bolje upoznajemo jedni druge. \u2764\ufe0f<\/span><\/p>\n<p><strong><span style=\"color: #800000;\">17. epizoda &#8211; Tajna zabranjenih vrata<\/span><\/strong><\/p>\n<p style=\"text-align: justify;\"><span style=\"color: #000000;\">Skupina peta\u0161a, jedna knjiga i tajna papirnate vre\u0107ice\u2026\u00a0u novoj epizodi <em>Pri\u010da iz duba\u0161ljanske \u0161kole<\/em> predstavljamo jednu sasvim posebnu pri\u010du koju vam donose kreativci iz 5.b razreda &#8211; pri\u010du o knjigoljupcima, dru\u017eenju i zajedni\u0161tvu, istra\u017eivanju i o \u010ditanju lektire koje mo\u017ee postati prava uzbudljiva avantura. A sve se vrti oko jedne zanimljive knjige pod naslovom Zabranjena vrata, autora Zlatka Krili\u0107a, koju su na\u0161i kreativci ubacili u tajanstvenu papirnatu vre\u0107icu.<\/span><\/p>\n<p style=\"text-align: justify;\"><iframe loading=\"lazy\" title=\"YouTube video player\" src=\"https:\/\/www.youtube.com\/embed\/7J4qDsWQM7A?si=N6lQzukoM5QOkX4J\" width=\"640\" height=\"360\" frameborder=\"0\" allowfullscreen=\"allowfullscreen\"><span style=\"display: inline-block; width: 0px; overflow: hidden; line-height: 0;\" data-mce-type=\"bookmark\" class=\"mce_SELRES_start\">\ufeff<\/span><\/iframe><\/p>\n<p><strong><span style=\"font-size: 14pt; color: #800000;\">16. epizoda &#8211; Na\u0161a bo\u017ei\u0107na \u0161umska \u010darolija na krovu Duboaka<\/span><\/strong><\/p>\n<p style=\"text-align: justify;\"><span style=\"color: #000000;\">U novoj epizodi <em>Pri\u010da iz duba\u0161ljanske \u0161kole<\/em> donosimo jednu sasvim posebnu bo\u017ei\u0107nu pri\u010du. U petak 5. prosinca bili smo u centru Malinske \u2013 na krovu Interpretacijskog centra maritimne ba\u0161tine DUBoak na\u0161i u\u010denici stvorili su pravu bo\u017ei\u0107nu \u010daroliju.<\/span><\/p>\n<p style=\"text-align: justify;\"><iframe loading=\"lazy\" title=\"YouTube video player\" src=\"https:\/\/www.youtube.com\/embed\/Fx8OOg_dHZY?si=edk7cfarB02e1xzw\" width=\"640\" height=\"360\" frameborder=\"0\" allowfullscreen=\"allowfullscreen\"><span style=\"display: inline-block; width: 0px; overflow: hidden; line-height: 0;\" data-mce-type=\"bookmark\" class=\"mce_SELRES_start\">\ufeff<\/span><\/iframe><\/p>\n<p><span style=\"font-size: 14pt;\"><strong><span style=\"color: #800000;\">15. epizoda &#8211; Pri\u010da o Ora\u0161ku i Mrvici<\/span><\/strong><\/span><\/p>\n<p style=\"text-align: justify;\"><span style=\"color: #000000;\">Ovu epizodu<\/span><em><span style=\"color: #000000;\"> Pri\u010da iz duba\u0161ljanske \u0161kole <\/span><\/em><span style=\"color: #000000;\">posvetili smo Mjesecu hrvatske knjige i svim ljubiteljima lijepih pri\u010da. Predstavljamo vam poznatu pri\u010du Ora\u0161ko i Mrvica. Katja Mamut priredila je veselo i razigrano knji\u017eevno dru\u017eenje \u2013 o bajci pri\u010damo, repamo i glumimo.<\/span><\/p>\n<p style=\"text-align: justify;\"><iframe loading=\"lazy\" title=\"YouTube video player\" src=\"https:\/\/www.youtube.com\/embed\/vTsmMnmz8mM?si=AE-mB_8J8is1E9hD\" width=\"640\" height=\"360\" frameborder=\"0\" allowfullscreen=\"allowfullscreen\"><span style=\"display: inline-block; width: 0px; overflow: hidden; line-height: 0;\" data-mce-type=\"bookmark\" class=\"mce_SELRES_start\">\ufeff<\/span><\/iframe><\/p>\n<p><strong><span style=\"font-size: 14pt; color: #800000;\">14. epizoda &#8211; Antonio i njegova svemirska avantura<\/span><\/strong><\/p>\n<p style=\"text-align: justify;\"><span style=\"color: #000000;\">U novoj epizodi <em>Pri\u010da iz duba\u0161ljanske \u0161kole<\/em> razgovarali smo s Antonijem Ba\u0161i\u0107em, u\u010denikom 6.a razreda, koji nas je odveo na uzbudljivo svemirsko putovanje \u010dudesnim stazama Sun\u010devog sustava.<\/span><\/p>\n<p style=\"text-align: justify;\"><iframe loading=\"lazy\" title=\"YouTube video player\" src=\"https:\/\/www.youtube.com\/embed\/nuvTQ3q7aVo?si=zIG3ncLuQwrOTPs3\" width=\"640\" height=\"360\" frameborder=\"0\" allowfullscreen=\"allowfullscreen\"><span style=\"display: inline-block; width: 0px; overflow: hidden; line-height: 0;\" data-mce-type=\"bookmark\" class=\"mce_SELRES_start\">\ufeff<\/span><\/iframe><\/p>\n<p><strong><span style=\"color: #800000; font-size: 14pt;\">13. epizoda &#8211; Lukin \u010dudesni svijet izuma<\/span><\/strong><\/p>\n<p style=\"text-align: justify;\"><span style=\"color: #000000;\">U ovoj epizodi <em>Pri\u010da iz duba\u0161ljanske \u0161kole<\/em> razgovarali smo s Lukom Kremeni\u0107em, u\u010denikom 3.b razreda, koji nam je predstavio svoj sasvim poseban i vrlo kreativan hobi. Iako ima tek devet godina, Luka se bavi elektronikom i ve\u0107 je sam izradio puno svojih \u010dudesnih izuma.<\/span><\/p>\n<p style=\"text-align: justify;\"><iframe loading=\"lazy\" title=\"YouTube video player\" src=\"https:\/\/www.youtube.com\/embed\/iKsxv6yK3nI?si=W3OQu1WbuTfG9-pr\" width=\"640\" height=\"360\" frameborder=\"0\" allowfullscreen=\"allowfullscreen\"><span style=\"display: inline-block; width: 0px; overflow: hidden; line-height: 0;\" data-mce-type=\"bookmark\" class=\"mce_SELRES_start\">\ufeff<\/span><\/iframe><\/p>\n<p><strong><span style=\"font-size: 14pt; color: #800000;\">12. epizoda &#8211; Razli\u010ditost koja nas oboga\u0107uje<\/span><\/strong><\/p>\n<p style=\"text-align: justify;\"><span class=\"yt-core-attributed-string yt-core-attributed-string--white-space-pre-wrap\" dir=\"auto\" style=\"color: #000000;\" role=\"text\"><span class=\"yt-core-attributed-string--link-inherit-color\" dir=\"auto\"><span style=\"color: #000000;\">U novoj epizodi <em>Pri\u010da iz duba\u0161ljanske \u0161kole<\/em> donosimo \u010detiri pri\u010de u\u010denika koji su stigli iz razli\u010ditih strana svijeta i susreli se u na\u0161oj Duba\u0161nici.<\/span><\/span><\/span><\/p>\n<p><iframe loading=\"lazy\" title=\"YouTube video player\" src=\"https:\/\/www.youtube.com\/embed\/_dWILKLN9ts?si=MeTbvgoE_Zv766a3\" width=\"640\" height=\"360\" frameborder=\"0\" allowfullscreen=\"allowfullscreen\"><span style=\"display: inline-block; width: 0px; overflow: hidden; line-height: 0;\" data-mce-type=\"bookmark\" class=\"mce_SELRES_start\">\ufeff<\/span><\/iframe><\/p>\n<p><strong><span style=\"color: #800000; font-size: 14pt;\">11. epizoda &#8211; Nea i njezini papirnati puppet zmajevi<\/span><\/strong><\/p>\n<p style=\"text-align: justify;\"><span style=\"color: #000000;\">U novoj epizodi <em>Pri\u010da iz duba\u0161ljanske \u0161kole<\/em> upoznajemo Neu Merdi\u0107, u\u010denicu 5.b razreda, koja nam predstavlja svoj sasvim poseban i vrlo kreativan hobi \u2013 izradu papirnatih puppet zmajeva.<\/span><\/p>\n<p><iframe loading=\"lazy\" title=\"YouTube video player\" src=\"https:\/\/www.youtube.com\/embed\/au424iZOAO0?si=ZEF9i2gKyCP-dUVV\" width=\"640\" height=\"360\" frameborder=\"0\" allowfullscreen=\"allowfullscreen\"><span style=\"display: inline-block; width: 0px; overflow: hidden; line-height: 0;\" data-mce-type=\"bookmark\" class=\"mce_SELRES_start\">\ufeff<\/span><\/iframe><\/p>\n<p><strong><span style=\"font-size: 14pt; color: #800000;\">10. epizoda &#8211; \u0160esta\u0161i u potrazi za zlatnom ulaznicom Willy Wonke<\/span><\/strong><\/p>\n<p style=\"text-align: justify;\"><em><span style=\"color: #000000;\">U desetoj epizodi Pri\u010da iz duba\u0161ljanske \u0161kole predstavljamo jednu sasvim posebnu, ma\u0161tovitu i originalnu pri\u010du o kreativcima iz 6.b razreda i uzbudljivoj avanturi njihove potrage za zlatnom ulaznicom i Willy Wonka televiziji.<\/span><\/em><\/p>\n<p><iframe loading=\"lazy\" title=\"YouTube video player\" src=\"https:\/\/www.youtube.com\/embed\/PlLrJN9Z8ms?si=uNso__Fsik8Nj0Fv\" width=\"640\" height=\"360\" frameborder=\"0\" allowfullscreen=\"allowfullscreen\"><span style=\"display: inline-block; width: 0px; overflow: hidden; line-height: 0;\" data-mce-type=\"bookmark\" class=\"mce_SELRES_start\">\ufeff<\/span><\/iframe><\/p>\n<p><strong><span style=\"font-size: 14pt; color: #800000;\">9. epizoda &#8211; Gastronomska geografija<\/span><\/strong><\/p>\n<p style=\"text-align: justify;\"><em><span style=\"color: #000000;\">Donosimo pri\u010du o novoj, zanimljivoj slobodnoj aktivnosti koju vodi Ivana Suri\u0107. Bilo je pravo zadovoljstvo zaviriti kamerom u u\u010dionicu geografije u kojoj se \u010detvrtkom nakon redovne nastave okupljaju u\u010denici \u0161estih i sedmih razreda kako bi zajedno istra\u017eivali recepte svjetskih kuhinja i u\u010dili kuhati, uz dru\u017eenje, pjesmu i veselu atmosferu.<\/span><\/em><\/p>\n<p>\u00a0<iframe loading=\"lazy\" title=\"YouTube video player\" src=\"https:\/\/www.youtube.com\/embed\/s-xqmYhcY50?si=56SJvCqKf81cRCbu\" width=\"640\" height=\"360\" frameborder=\"0\" allowfullscreen=\"allowfullscreen\"><span style=\"display: inline-block; width: 0px; overflow: hidden; line-height: 0;\" data-mce-type=\"bookmark\" class=\"mce_SELRES_start\">\ufeff<\/span><\/iframe><\/p>\n<p><strong><span style=\"color: #800000; font-size: 14pt;\">8. epizoda &#8211; Razgovarali smo s Marinom Ple\u0161eom<\/span><\/strong><\/p>\n<p style=\"text-align: justify;\"><em><span dir=\"auto\" style=\"color: #000000;\" role=\"text\"><span dir=\"auto\">Marin Ple\u0161e je biv\u0161i u\u010denik na\u0161e \u0161kole, ljubitelj lokalne gastronomije i poznati chef kojeg je kulinarski vodi\u010d Gault&amp;Millau proglasio mladim talentom 2024. Na\u0161i novinari, u\u010denici Mate Matkovi\u0107, Mila Klemen\u010di\u0107 i Nika Pavec, razgovarali su s Marinom i postavili mu brojna zanimljiva pitanja na koje je on rado odgovarao. Tako smo puno saznali o na\u0161em poznatom chefu &#8211; o odrastanju u Malinskoj, anegdotama iz djetinjstva, studiranju u Zagrebu, otkrivanju ljubavi prema kuhanju koja ga je odvela, uz puno ulo\u017eenog rada i u\u010denja, do stvaranja uspje\u0161ne kulinarske karijere i jo\u0161 puno toga&#8230;<\/span><\/span><\/em><\/p>\n<p><iframe loading=\"lazy\" title=\"YouTube video player\" src=\"https:\/\/www.youtube.com\/embed\/nQTilzek214?si=dBslFjSgT3FSuqSM\" width=\"640\" height=\"360\" frameborder=\"0\" allowfullscreen=\"allowfullscreen\"><span style=\"display: inline-block; width: 0px; overflow: hidden; line-height: 0;\" data-mce-type=\"bookmark\" class=\"mce_SELRES_start\">\ufeff<\/span><\/iframe><\/p>\n<p><strong><span style=\"color: #800000; font-size: 14pt;\">7. epizoda &#8211; Pri\u010da o na\u0161im \u0161kolskim volonterima<\/span><\/strong><\/p>\n<p style=\"text-align: justify;\"><em><span style=\"color: #000000;\">U ovoj epizodi predstavljamo na\u0161 \u0161kolski volonterski klub Volontiram i ja! Razgovarali smo s na\u0161im mladim volonterima i koordinatoricom kluba Mateom Mrakov\u010di\u0107 Kosi\u0107 te vidjeli kako to volonteri svojim nesebi\u010dnim trudom i \u017eeljom da daruju svoje vrijeme i pru\u017ee ruku pomo\u0107i mijenjaju, ne samo \u017eivot u \u0161koli ve\u0107 i u svojoj zajednici. Hvala brojnim u\u010denicima koji su sudjelovali u snimanju. Veliko hvala i na\u0161im dragim voditeljicama, Paoli Bogovi\u0107 i Mili Klemen\u010di\u0107, koje su nas vodile u stvaranju jo\u0161 jedne lijepe pri\u010de iz duba\u0161ljanske \u0161kole.<\/span><\/em><\/p>\n<p><iframe loading=\"lazy\" title=\"YouTube video player\" src=\"https:\/\/www.youtube.com\/embed\/XL951kjA4o0?si=OjMNtSfhm_u_8m-U\" width=\"640\" height=\"360\" frameborder=\"0\" allowfullscreen=\"allowfullscreen\"><span style=\"display: inline-block; width: 0px; overflow: hidden; line-height: 0;\" data-mce-type=\"bookmark\" class=\"mce_SELRES_start\">\ufeff<\/span><\/iframe><\/p>\n<p><strong><span style=\"font-size: 14pt; color: #800000;\">6. epizoda &#8211; \u010cudnovata radionica Alana Okanovi\u0107a<br \/>\n<\/span><\/strong><\/p>\n<p style=\"text-align: justify;\"><span dir=\"auto\" style=\"color: #000000;\" role=\"text\"><em><span dir=\"auto\">Razgovarali smo s Alanom Okanovi\u0107em, u\u010denikom 6.a razreda, kako bi zavirili u njegovu \u010dudnovatu radionicu Lego kreacija. Hvala na\u0161em uredniku i voditelju Dominiku Baj\u010di\u0107u, u\u010deniku 5.b razreda, koji je osmislio i vodio ovaj zanimljiv razgovor. Dominik i Alan stvorili su zajedno jo\u0161 jednu lijepu i zanimljivu pri\u010du iz na\u0161e duba\u0161ljanske \u0161kole.<\/span><\/em><span dir=\"auto\"><br \/>\n<\/span><\/span><\/p>\n<p style=\"text-align: justify;\"><iframe loading=\"lazy\" title=\"YouTube video player\" src=\"https:\/\/www.youtube.com\/embed\/0RyNWmhwCbI?si=5-ObGt3SjmBJh3Dd\" width=\"640\" height=\"360\" frameborder=\"0\" allowfullscreen=\"allowfullscreen\"><span style=\"display: inline-block; width: 0px; overflow: hidden; line-height: 0;\" data-mce-type=\"bookmark\" class=\"mce_SELRES_start\">\ufeff<\/span><\/iframe><\/p>\n<p style=\"text-align: justify;\"><span style=\"font-size: 14pt;\"><strong><span style=\"color: #800000;\">5. epizoda &#8211; Sportska pri\u010da Leone Petrovi\u0107<\/span><\/strong><\/span><\/p>\n<p style=\"text-align: justify;\"><em><span class=\"x193iq5w xeuugli x13faqbe x1vvkbs x1xmvt09 x1lliihq x1s928wv xhkezso x1gmr53x x1cpjm7i x1fgarty x1943h6x xudqn12 x3x7a5m x6prxxf xvq8zen xo1l8bm xzsf02u x1yc453h\" dir=\"auto\" style=\"color: #000000;\">U ovoj epizodi otkrivamo jednu sasvim posebnu pri\u010du, pri\u010du o na\u0161oj u\u010denici 6.a razreda i vrhunskoj sporta\u0161ici Leoni Petrovi\u0107. Na\u0161a voditeljica Mila Klemen\u010di\u0107 razgovarala je s Leonom o brojnim zanimljivim temama, a lijepo dru\u017eenje zavr\u0161ili smo malom \u0161kolom kickboxinga.<br \/>\n<span style=\"color: #ffffff;\">.<\/span><br \/>\n<\/span><\/em><\/p>\n<p style=\"text-align: justify;\"><iframe loading=\"lazy\" title=\"YouTube video player\" src=\"https:\/\/www.youtube.com\/embed\/i9mtTxzNnh8?si=M1R7nGKueRuUWOib\" width=\"640\" height=\"360\" frameborder=\"0\" allowfullscreen=\"allowfullscreen\"><span style=\"display: inline-block; width: 0px; overflow: hidden; line-height: 0;\" data-mce-type=\"bookmark\" class=\"mce_SELRES_start\">\ufeff<\/span><\/iframe><\/p>\n<p><strong><span style=\"font-size: 14pt; color: #800000;\">4. epizoda &#8211; Anime svijet Leticije Tur\u010di\u0107<\/span><\/strong><\/p>\n<div>\n<div dir=\"auto\" style=\"text-align: justify;\"><em><span style=\"font-size: 12pt; color: #000000;\">U \u010detvrtoj epizodi Pri\u010da iz duba\u0161ljanske \u0161kole otkrivamo anime svijet Leticije Tur\u010di\u0107, u\u010denice 5.b razreda. Hvala na\u0161oj web novinarki Mili Klemen\u010di\u0107 koja je osmislila i vodila ovaj zanimljiv razgovor.<br \/>\n<span style=\"color: #ffffff;\">.<\/span><br \/>\n<\/span><\/em><\/div>\n<\/div>\n<p><iframe loading=\"lazy\" title=\"YouTube video player\" src=\"https:\/\/www.youtube.com\/embed\/rZBgZO7c0cI?si=TriiTOLnuM8JIMRj\" width=\"640\" height=\"360\" frameborder=\"0\" allowfullscreen=\"allowfullscreen\"><span style=\"display: inline-block; width: 0px; overflow: hidden; line-height: 0;\" data-mce-type=\"bookmark\" class=\"mce_SELRES_start\">\ufeff<\/span><\/iframe><\/p>\n<p><strong><span style=\"color: #800000; font-size: 14pt;\">3. epizoda &#8211; Emili i njezin likovni svijet<\/span><\/strong><\/p>\n<div class=\"x11i5rnm xat24cr x1mh8g0r x1vvkbs xtlvy1s x126k92a\">\n<div dir=\"auto\" style=\"text-align: justify;\"><em><span style=\"font-size: 12pt; color: #000000;\">Razgovarali smo sa Emili Franoli\u0107, u\u010denicom 5.b razreda. koja veliki dio svojeg slobodnog vremena provodi slikaju\u0107i i pritom stvara lijepe, ma\u0161tovite pri\u010de koje na platnima o\u017eivljava potezima kista, akrilnim bojama, ma\u0161tom i ljubavlju prema likovnoj umjetnosti.\u00a0 S Emili je razgovarala Alba Martinez Di Monte Muros, u\u010denica 8.b razreda.<br \/>\n<span style=\"color: #ffffff;\">.<\/span><br \/>\n<\/span><\/em><\/div>\n<\/div>\n<p><iframe loading=\"lazy\" title=\"YouTube video player\" src=\"https:\/\/www.youtube.com\/embed\/5why1EvhZ-I?si=dPeVvMHlsu43AbFC\" width=\"640\" height=\"360\" frameborder=\"0\" allowfullscreen=\"allowfullscreen\"><span style=\"display: inline-block; width: 0px; overflow: hidden; line-height: 0;\" data-mce-type=\"bookmark\" class=\"mce_SELRES_start\">\ufeff<\/span><\/iframe><\/p>\n<p><strong><span style=\"color: #800000; font-size: 14pt;\">2. epizoda &#8211; Pri\u010da o na\u0161im stolnotenisa\u010dima<\/span><\/strong><\/p>\n<div class=\"x11i5rnm xat24cr x1mh8g0r x1vvkbs xtlvy1s x126k92a\">\n<div dir=\"auto\" style=\"text-align: justify;\"><em><span style=\"font-size: 12pt; color: #000000;\">Na\u0161i voditelji Petra i Josip ragovarali su sa Arianom Okanovi\u0107em, u\u010denikom 2.a razreda i osvaja\u010dem brojnih medalja i pehara u stolnom tenisu i sa na\u0161im uspje\u0161nim stolnotenisa\u010diicama Laurom \u0160aki\u0107, Marijom Bogovi\u0107, Katjom Stuli\u0107 i Lanom Bogovi\u0107 koje su nedavno predstavljale na\u0161u \u0161kolu na dr\u017eavnom prvenstvu.\u00a0<\/span><\/em><\/div>\n<\/div>\n<div class=\"x11i5rnm xat24cr x1mh8g0r x1vvkbs xtlvy1s x126k92a\">\n<div dir=\"auto\"><span style=\"font-size: 12pt; color: #ffffff;\">.<\/span><\/div>\n<\/div>\n<p><iframe loading=\"lazy\" title=\"YouTube video player\" src=\"https:\/\/www.youtube.com\/embed\/bz5RFUdztGg?si=kHfuRcDCdhcy8XwL\" width=\"640\" height=\"360\" frameborder=\"0\" allowfullscreen=\"allowfullscreen\"><span style=\"display: inline-block; width: 0px; overflow: hidden; line-height: 0;\" data-mce-type=\"bookmark\" class=\"mce_SELRES_start\">\ufeff<\/span><\/iframe><br \/>\n<span style=\"font-size: 14pt;\"><strong><span style=\"color: #800000;\"><br \/>\n1. epizoda &#8211; Igramo se la\u0161tika<\/span><\/strong><\/span><\/p>\n<p style=\"text-align: justify;\"><em><span class=\"x193iq5w xeuugli x13faqbe x1vvkbs x1xmvt09 x1lliihq x1s928wv xhkezso x1gmr53x x1cpjm7i x1fgarty x1943h6x xudqn12 x3x7a5m x6prxxf xvq8zen xo1l8bm xzsf02u x1yc453h\" dir=\"auto\" style=\"color: #000000;\">Gumi gumi, la\u0161tik, lastik,&#8230; nekad super popularna igra vratila se u na\u0161e \u0161kolsko dvori\u0161te. Curama iz \u010detvrtog razreda ova se igra jako svi\u0111a i jedva \u010dekaju veliki odmor kako bi zajedno u\u017eivale u dru\u017eenju i preskakanju lastika.<\/span><\/em><\/p>\n<p><iframe loading=\"lazy\" title=\"YouTube video player\" src=\"https:\/\/www.youtube.com\/embed\/WwdfVAqpOOc?si=h4ijqGbeSxGX11Rr\" width=\"640\" height=\"360\" frameborder=\"0\" allowfullscreen=\"allowfullscreen\"><span style=\"display: inline-block; width: 0px; overflow: hidden; line-height: 0;\" data-mce-type=\"bookmark\" class=\"mce_SELRES_start\">\ufeff<\/span><\/iframe><\/p>\n","protected":false},"excerpt":{"rendered":"<p>Serijal kratkih filmova u kojima otkrivamo brojne zanimljive pri\u010de iz na\u0161e \u0161kole, pri\u010de o uspjesima, hobijima, interesima i talentima na\u0161ih u\u010denika&#8230; razgovaramo, otkrivamo i tako bolje upoznajemo jedni druge. \u2764\ufe0f 17. epizoda &#8211; Tajna zabranjenih vrata Skupina peta\u0161a, jedna knjiga &hellip; <a href=\"https:\/\/osnovnaskolamalinskadubasnica.hr\/?page_id=28487\">Nastavi \u010ditati <span class=\"meta-nav\">&rarr;<\/span><\/a><\/p>\n","protected":false},"author":1,"featured_media":0,"parent":0,"menu_order":0,"comment_status":"closed","ping_status":"closed","template":"","meta":{"footnotes":""},"class_list":["post-28487","page","type-page","status-publish","hentry"],"yoast_head":"<!-- This site is optimized with the Yoast SEO plugin v27.5 - https:\/\/yoast.com\/product\/yoast-seo-wordpress\/ -->\n<title>Pri\u010de iz duba\u0161ljanske \u0161kole - Osnovna \u0161kola Malinska-Duba\u0161nica<\/title>\n<meta name=\"robots\" content=\"index, follow, max-snippet:-1, max-image-preview:large, max-video-preview:-1\" \/>\n<link rel=\"canonical\" href=\"https:\/\/osnovnaskolamalinskadubasnica.hr\/?page_id=28487\" \/>\n<meta property=\"og:locale\" content=\"hr_HR\" \/>\n<meta property=\"og:type\" content=\"article\" \/>\n<meta property=\"og:title\" content=\"Pri\u010de iz duba\u0161ljanske \u0161kole - Osnovna \u0161kola Malinska-Duba\u0161nica\" \/>\n<meta property=\"og:description\" content=\"Serijal kratkih filmova u kojima otkrivamo brojne zanimljive pri\u010de iz na\u0161e \u0161kole, pri\u010de o uspjesima, hobijima, interesima i talentima na\u0161ih u\u010denika&#8230; razgovaramo, otkrivamo i tako bolje upoznajemo jedni druge. \u2764\ufe0f 17. epizoda &#8211; Tajna zabranjenih vrata Skupina peta\u0161a, jedna knjiga &hellip; Nastavi \u010ditati &rarr;\" \/>\n<meta property=\"og:url\" content=\"https:\/\/osnovnaskolamalinskadubasnica.hr\/?page_id=28487\" \/>\n<meta property=\"og:site_name\" content=\"Osnovna \u0161kola Malinska-Duba\u0161nica\" \/>\n<meta property=\"article:publisher\" content=\"https:\/\/www.facebook.com\/osmalinskadubasnica\/\" \/>\n<meta property=\"article:modified_time\" content=\"2026-02-22T19:17:06+00:00\" \/>\n<meta name=\"twitter:card\" content=\"summary_large_image\" \/>\n<meta name=\"twitter:label1\" content=\"Procijenjeno vrijeme \u010ditanja\" \/>\n\t<meta name=\"twitter:data1\" content=\"5 minuta\" \/>\n<script type=\"application\/ld+json\" class=\"yoast-schema-graph\">{\"@context\":\"https:\\\/\\\/schema.org\",\"@graph\":[{\"@type\":\"WebPage\",\"@id\":\"https:\\\/\\\/osnovnaskolamalinskadubasnica.hr\\\/?page_id=28487\",\"url\":\"https:\\\/\\\/osnovnaskolamalinskadubasnica.hr\\\/?page_id=28487\",\"name\":\"Pri\u010de iz duba\u0161ljanske \u0161kole - Osnovna \u0161kola Malinska-Duba\u0161nica\",\"isPartOf\":{\"@id\":\"http:\\\/\\\/osnovnaskolamalinskadubasnica.hr\\\/#website\"},\"datePublished\":\"2024-04-25T21:48:45+00:00\",\"dateModified\":\"2026-02-22T19:17:06+00:00\",\"breadcrumb\":{\"@id\":\"https:\\\/\\\/osnovnaskolamalinskadubasnica.hr\\\/?page_id=28487#breadcrumb\"},\"inLanguage\":\"hr\",\"potentialAction\":[{\"@type\":\"ReadAction\",\"target\":[\"https:\\\/\\\/osnovnaskolamalinskadubasnica.hr\\\/?page_id=28487\"]}]},{\"@type\":\"BreadcrumbList\",\"@id\":\"https:\\\/\\\/osnovnaskolamalinskadubasnica.hr\\\/?page_id=28487#breadcrumb\",\"itemListElement\":[{\"@type\":\"ListItem\",\"position\":1,\"name\":\"Po\u010detna stranica\",\"item\":\"http:\\\/\\\/osnovnaskolamalinskadubasnica.hr\\\/\"},{\"@type\":\"ListItem\",\"position\":2,\"name\":\"Pri\u010de iz duba\u0161ljanske \u0161kole\"}]},{\"@type\":\"WebSite\",\"@id\":\"http:\\\/\\\/osnovnaskolamalinskadubasnica.hr\\\/#website\",\"url\":\"http:\\\/\\\/osnovnaskolamalinskadubasnica.hr\\\/\",\"name\":\"Osnovna \u0161kola Malinska-Duba\u0161nica\",\"description\":\"\",\"potentialAction\":[{\"@type\":\"SearchAction\",\"target\":{\"@type\":\"EntryPoint\",\"urlTemplate\":\"http:\\\/\\\/osnovnaskolamalinskadubasnica.hr\\\/?s={search_term_string}\"},\"query-input\":{\"@type\":\"PropertyValueSpecification\",\"valueRequired\":true,\"valueName\":\"search_term_string\"}}],\"inLanguage\":\"hr\"}]}<\/script>\n<!-- \/ Yoast SEO plugin. -->","yoast_head_json":{"title":"Pri\u010de iz duba\u0161ljanske \u0161kole - Osnovna \u0161kola Malinska-Duba\u0161nica","robots":{"index":"index","follow":"follow","max-snippet":"max-snippet:-1","max-image-preview":"max-image-preview:large","max-video-preview":"max-video-preview:-1"},"canonical":"https:\/\/osnovnaskolamalinskadubasnica.hr\/?page_id=28487","og_locale":"hr_HR","og_type":"article","og_title":"Pri\u010de iz duba\u0161ljanske \u0161kole - Osnovna \u0161kola Malinska-Duba\u0161nica","og_description":"Serijal kratkih filmova u kojima otkrivamo brojne zanimljive pri\u010de iz na\u0161e \u0161kole, pri\u010de o uspjesima, hobijima, interesima i talentima na\u0161ih u\u010denika&#8230; razgovaramo, otkrivamo i tako bolje upoznajemo jedni druge. \u2764\ufe0f 17. epizoda &#8211; Tajna zabranjenih vrata Skupina peta\u0161a, jedna knjiga &hellip; Nastavi \u010ditati &rarr;","og_url":"https:\/\/osnovnaskolamalinskadubasnica.hr\/?page_id=28487","og_site_name":"Osnovna \u0161kola Malinska-Duba\u0161nica","article_publisher":"https:\/\/www.facebook.com\/osmalinskadubasnica\/","article_modified_time":"2026-02-22T19:17:06+00:00","twitter_card":"summary_large_image","twitter_misc":{"Procijenjeno vrijeme \u010ditanja":"5 minuta"},"schema":{"@context":"https:\/\/schema.org","@graph":[{"@type":"WebPage","@id":"https:\/\/osnovnaskolamalinskadubasnica.hr\/?page_id=28487","url":"https:\/\/osnovnaskolamalinskadubasnica.hr\/?page_id=28487","name":"Pri\u010de iz duba\u0161ljanske \u0161kole - Osnovna \u0161kola Malinska-Duba\u0161nica","isPartOf":{"@id":"http:\/\/osnovnaskolamalinskadubasnica.hr\/#website"},"datePublished":"2024-04-25T21:48:45+00:00","dateModified":"2026-02-22T19:17:06+00:00","breadcrumb":{"@id":"https:\/\/osnovnaskolamalinskadubasnica.hr\/?page_id=28487#breadcrumb"},"inLanguage":"hr","potentialAction":[{"@type":"ReadAction","target":["https:\/\/osnovnaskolamalinskadubasnica.hr\/?page_id=28487"]}]},{"@type":"BreadcrumbList","@id":"https:\/\/osnovnaskolamalinskadubasnica.hr\/?page_id=28487#breadcrumb","itemListElement":[{"@type":"ListItem","position":1,"name":"Po\u010detna stranica","item":"http:\/\/osnovnaskolamalinskadubasnica.hr\/"},{"@type":"ListItem","position":2,"name":"Pri\u010de iz duba\u0161ljanske \u0161kole"}]},{"@type":"WebSite","@id":"http:\/\/osnovnaskolamalinskadubasnica.hr\/#website","url":"http:\/\/osnovnaskolamalinskadubasnica.hr\/","name":"Osnovna \u0161kola Malinska-Duba\u0161nica","description":"","potentialAction":[{"@type":"SearchAction","target":{"@type":"EntryPoint","urlTemplate":"http:\/\/osnovnaskolamalinskadubasnica.hr\/?s={search_term_string}"},"query-input":{"@type":"PropertyValueSpecification","valueRequired":true,"valueName":"search_term_string"}}],"inLanguage":"hr"}]}},"_links":{"self":[{"href":"https:\/\/osnovnaskolamalinskadubasnica.hr\/index.php?rest_route=\/wp\/v2\/pages\/28487","targetHints":{"allow":["GET"]}}],"collection":[{"href":"https:\/\/osnovnaskolamalinskadubasnica.hr\/index.php?rest_route=\/wp\/v2\/pages"}],"about":[{"href":"https:\/\/osnovnaskolamalinskadubasnica.hr\/index.php?rest_route=\/wp\/v2\/types\/page"}],"author":[{"embeddable":true,"href":"https:\/\/osnovnaskolamalinskadubasnica.hr\/index.php?rest_route=\/wp\/v2\/users\/1"}],"replies":[{"embeddable":true,"href":"https:\/\/osnovnaskolamalinskadubasnica.hr\/index.php?rest_route=%2Fwp%2Fv2%2Fcomments&post=28487"}],"version-history":[{"count":21,"href":"https:\/\/osnovnaskolamalinskadubasnica.hr\/index.php?rest_route=\/wp\/v2\/pages\/28487\/revisions"}],"predecessor-version":[{"id":35102,"href":"https:\/\/osnovnaskolamalinskadubasnica.hr\/index.php?rest_route=\/wp\/v2\/pages\/28487\/revisions\/35102"}],"wp:attachment":[{"href":"https:\/\/osnovnaskolamalinskadubasnica.hr\/index.php?rest_route=%2Fwp%2Fv2%2Fmedia&parent=28487"}],"curies":[{"name":"wp","href":"https:\/\/api.w.org\/{rel}","templated":true}]}}