{"id":2549,"date":"2014-05-18T21:47:23","date_gmt":"2014-05-18T21:47:23","guid":{"rendered":"http:\/\/osnovnaskolakrk.hr\/malinska\/?page_id=2549"},"modified":"2019-04-07T22:56:50","modified_gmt":"2019-04-07T22:56:50","slug":"razgovarali-smo-sa","status":"publish","type":"page","link":"https:\/\/osnovnaskolamalinskadubasnica.hr\/?page_id=2549","title":{"rendered":"Mali razgovori"},"content":{"rendered":"<p style=\"text-align: justify;\"><em><span style=\"color: #000000;\">Dragi \u010ditatelji, ekipa na\u0161e male web redakcije donosi, samo za vas, intervjue sa zanimljivim osobama iz na\u0161e \u0161kole i okolice. Otkrivamo ljude, njihove zanimljive pri\u010de i talente. Pratite nas! \ud83d\ude09<\/span><\/em><br \/>\n<strong><span style=\"color: #ff6600;\">________________________________________________________<\/span><\/strong><\/p>\n<p style=\"text-align: justify;\"><a href=\"http:\/\/osnovnaskolamalinskadubasnica.hr\/?p=15435\"><img loading=\"lazy\" decoding=\"async\" class=\"alignleft wp-image-15427\" src=\"http:\/\/osnovnaskolamalinskadubasnica.hr\/wp-content\/uploads\/Lucija-i-Zara.jpg\" alt=\"\" width=\"272\" height=\"158\" srcset=\"https:\/\/osnovnaskolamalinskadubasnica.hr\/wp-content\/uploads\/Lucija-i-Zara.jpg 868w, https:\/\/osnovnaskolamalinskadubasnica.hr\/wp-content\/uploads\/Lucija-i-Zara-768x447.jpg 768w\" sizes=\"auto, (max-width: 272px) 100vw, 272px\" \/><\/a><a href=\"http:\/\/osnovnaskolamalinskadubasnica.hr\/?p=15435\"><strong>Pri\u010da Lucije i Zare: O \u0161koli jahanja i \u010dudesnoj povezanosti \u010dovjeka i konja<\/strong><\/a><\/p>\n<p style=\"text-align: justify;\"><span style=\"color: #000000;\">Zara Burni\u0107 i Lucija Gajzler nedavno su polo\u017eile ispit za jaha\u010dku dozvolu. Otkrile su nam \u0161to ih je privuklo jahanju i svojoj ljubavi prema konjima.<\/span><\/p>\n<p><em><a href=\"http:\/\/osnovnaskolamalinskadubasnica.hr\/?p=15435\">Nastavi \u010ditati \u2192<\/a><\/em><\/p>\n<p><strong>________________________________________________________<\/strong><\/p>\n<p style=\"text-align: justify;\"><a href=\"http:\/\/osnovnaskolamalinskadubasnica.hr\/?p=4740\"><img loading=\"lazy\" decoding=\"async\" class=\"alignleft wp-image-4743\" src=\"http:\/\/osnovnaskolamalinskadubasnica.hr\/wp-content\/uploads\/Mlade-keramicarke.jpg\" sizes=\"auto, (max-width: 272px) 100vw, 272px\" srcset=\"http:\/\/osnovnaskolamalinskadubasnica.hr\/wp-content\/uploads\/Mlade-keramicarke.jpg 900w, http:\/\/osnovnaskolamalinskadubasnica.hr\/wp-content\/uploads\/Mlade-keramicarke-250x194.jpg 250w\" alt=\"\" width=\"272\" height=\"212\" \/><\/a><strong><a href=\"http:\/\/osnovnaskolamalinskadubasnica.hr\/?p=4740\">\u010carobni svijet umjetni\u010dke keramike<\/a><\/strong><\/p>\n<p style=\"text-align: justify;\"><span style=\"color: #000000;\">U razgovoru s Larom, Larom i Lucijom otkrili smo koliko se ljepote krije u izradi keramike, u uzbudljivoj avanturi u kojoj od grumena gline, zrna ma\u0161te i puno kreativnosti, nastaje zaigrani svijet najrazli\u010ditijih boja i oblika.<\/span><\/p>\n<p><em><a href=\"http:\/\/osnovnaskolamalinskadubasnica.hr\/?p=4740\">Nastavi \u010ditati \u2192<\/a><\/em><\/p>\n<p style=\"text-align: justify;\"><strong><span style=\"color: #ff6600;\">________________________________________________________<\/span><\/strong><\/p>\n<p style=\"text-align: justify;\"><a href=\"http:\/\/osnovnaskolamalinskadubasnica.hr\/?p=4242\"><img loading=\"lazy\" decoding=\"async\" class=\"alignleft wp-image-4235\" src=\"http:\/\/osnovnaskolamalinskadubasnica.hr\/wp-content\/uploads\/naslovna8.jpg\" alt=\"\" width=\"272\" height=\"272\" srcset=\"https:\/\/osnovnaskolamalinskadubasnica.hr\/wp-content\/uploads\/naslovna8.jpg 617w, https:\/\/osnovnaskolamalinskadubasnica.hr\/wp-content\/uploads\/naslovna8-150x150.jpg 150w, https:\/\/osnovnaskolamalinskadubasnica.hr\/wp-content\/uploads\/naslovna8-250x249.jpg 250w\" sizes=\"auto, (max-width: 272px) 100vw, 272px\" \/><\/a><strong><a href=\"http:\/\/osnovnaskolamalinskadubasnica.hr\/?p=4242\">Kako je Lurda upala u jednu knjigu?<\/a><\/strong><\/p>\n<p style=\"text-align: justify;\"><span style=\"color: #000000;\">Razgovarali smo s Lurdom Kauzlari\u0107, koja je pro\u0161loga ljeta provela nezaboravnih deset dana u Bakru, na snimanju foto ilustracija za knjigu <em>Onput kad smo se igrali<\/em> izdava\u010dke ku\u0107e Adami\u0107.<\/span><\/p>\n<p style=\"text-align: justify;\">Lurda nam je ispri\u010dala sve o knjizi, igrama i samom snimanju koje je bilo vrlo zanimljivo \ud83d\ude42<\/p>\n<p style=\"text-align: justify;\"><em><a href=\"http:\/\/osnovnaskolamalinskadubasnica.hr\/?p=4242\">Nastavi \u010ditati \u2192<\/a><\/em><\/p>\n<p style=\"text-align: justify;\"><strong><span style=\"color: #ff6600;\">________________________________________________________<\/span><\/strong><\/p>\n<p style=\"text-align: justify;\"><span style=\"color: #000000;\"><a href=\"http:\/\/osnovnaskolamalinskadubasnica.hr\/?p=6002\"><img loading=\"lazy\" decoding=\"async\" class=\"alignleft wp-image-6000\" src=\"http:\/\/osnovnaskolamalinskadubasnica.hr\/wp-content\/uploads\/Laura-i-Karolina.jpg\" alt=\"\" width=\"272\" height=\"204\" srcset=\"https:\/\/osnovnaskolamalinskadubasnica.hr\/wp-content\/uploads\/Laura-i-Karolina.jpg 773w, https:\/\/osnovnaskolamalinskadubasnica.hr\/wp-content\/uploads\/Laura-i-Karolina-250x187.jpg 250w\" sizes=\"auto, (max-width: 272px) 100vw, 272px\" \/><\/a><\/span><strong><a href=\"http:\/\/osnovnaskolamalinskadubasnica.hr\/?p=6002\">Intervju sa Laurom i Karolinom, autoricama nagra\u0111enih slikovnica<\/a><\/strong><\/p>\n<p style=\"text-align: justify;\"><span style=\"color: #000000;\">Razgovarali smo sa Laurom i Karolinom autoricama nagra\u0111enih slikovnica na ovogodi\u0161njem dr\u017eavnom natje\u010daju <em>Moja prva knjiga<\/em>. Razgovarali smo o pisanju, crtanju, natje\u010daju, zavr\u0161noj sve\u010danosti u Karlovcu &#8230;<\/span><\/p>\n<p style=\"text-align: justify;\"><strong><span style=\"color: #ff6600;\">________________________________________________________<\/span><\/strong><\/p>\n<p style=\"text-align: justify;\"><a href=\"http:\/\/osnovnaskolamalinskadubasnica.hr\/?p=5632\"><img loading=\"lazy\" decoding=\"async\" class=\"alignleft wp-image-5634\" src=\"http:\/\/osnovnaskolamalinskadubasnica.hr\/wp-content\/uploads\/Karolina.jpg\" alt=\"\" width=\"272\" height=\"203\" srcset=\"https:\/\/osnovnaskolamalinskadubasnica.hr\/wp-content\/uploads\/Karolina.jpg 800w, https:\/\/osnovnaskolamalinskadubasnica.hr\/wp-content\/uploads\/Karolina-250x186.jpg 250w\" sizes=\"auto, (max-width: 272px) 100vw, 272px\" \/><\/a><strong><a href=\"http:\/\/osnovnaskolamalinskadubasnica.hr\/?p=5632\">Razgovarali smo sa Karolinom Kralji\u0107<\/a><\/strong><\/p>\n<p style=\"text-align: justify;\"><span style=\"color: #000000;\">o likovnom stvarala\u0161tvu, plesu, matematici i brojnim uspjesima i nagradama ove nadarene u\u010denice&#8230;<\/span><\/p>\n<p style=\"text-align: justify;\"><strong><em><a href=\"http:\/\/osnovnaskolamalinskadubasnica.hr\/?p=5632\">Pro\u010ditajte intervju<\/a><\/em><\/strong><\/p>\n<p style=\"text-align: justify;\"><strong><span style=\"color: #800000;\">\u00a0<\/span><\/strong><\/p>\n","protected":false},"excerpt":{"rendered":"<p>Dragi \u010ditatelji, ekipa na\u0161e male web redakcije donosi, samo za vas, intervjue sa zanimljivim osobama iz na\u0161e \u0161kole i okolice. Otkrivamo ljude, njihove zanimljive pri\u010de i talente. Pratite nas! \ud83d\ude09 ________________________________________________________ Pri\u010da Lucije i Zare: O \u0161koli jahanja i \u010dudesnoj &hellip; <a href=\"https:\/\/osnovnaskolamalinskadubasnica.hr\/?page_id=2549\">Nastavi \u010ditati <span class=\"meta-nav\">&rarr;<\/span><\/a><\/p>\n","protected":false},"author":1,"featured_media":0,"parent":0,"menu_order":0,"comment_status":"closed","ping_status":"closed","template":"","meta":{"footnotes":""},"class_list":["post-2549","page","type-page","status-publish","hentry"],"yoast_head":"<!-- This site is optimized with the Yoast SEO plugin v27.2 - https:\/\/yoast.com\/product\/yoast-seo-wordpress\/ -->\n<title>Mali razgovori - Osnovna \u0161kola Malinska-Duba\u0161nica<\/title>\n<meta name=\"robots\" content=\"index, follow, max-snippet:-1, max-image-preview:large, max-video-preview:-1\" \/>\n<link rel=\"canonical\" href=\"http:\/\/osnovnaskolamalinskadubasnica.hr\/?page_id=2549\" \/>\n<meta property=\"og:locale\" content=\"hr_HR\" \/>\n<meta property=\"og:type\" content=\"article\" \/>\n<meta property=\"og:title\" content=\"Mali razgovori - Osnovna \u0161kola Malinska-Duba\u0161nica\" \/>\n<meta property=\"og:description\" content=\"Dragi \u010ditatelji, ekipa na\u0161e male web redakcije donosi, samo za vas, intervjue sa zanimljivim osobama iz na\u0161e \u0161kole i okolice. Otkrivamo ljude, njihove zanimljive pri\u010de i talente. Pratite nas! \ud83d\ude09 ________________________________________________________ Pri\u010da Lucije i Zare: O \u0161koli jahanja i \u010dudesnoj &hellip; Nastavi \u010ditati &rarr;\" \/>\n<meta property=\"og:url\" content=\"http:\/\/osnovnaskolamalinskadubasnica.hr\/?page_id=2549\" \/>\n<meta property=\"og:site_name\" content=\"Osnovna \u0161kola Malinska-Duba\u0161nica\" \/>\n<meta property=\"article:publisher\" content=\"https:\/\/www.facebook.com\/osmalinskadubasnica\/\" \/>\n<meta property=\"article:modified_time\" content=\"2019-04-07T22:56:50+00:00\" \/>\n<meta property=\"og:image\" content=\"http:\/\/osnovnaskolamalinskadubasnica.hr\/wp-content\/uploads\/Lucija-i-Zara.jpg\" \/>\n<meta name=\"twitter:card\" content=\"summary_large_image\" \/>\n<meta name=\"twitter:label1\" content=\"Procijenjeno vrijeme \u010ditanja\" \/>\n\t<meta name=\"twitter:data1\" content=\"1 minuta\" \/>\n<script type=\"application\/ld+json\" class=\"yoast-schema-graph\">{\"@context\":\"https:\/\/schema.org\",\"@graph\":[{\"@type\":\"WebPage\",\"@id\":\"http:\/\/osnovnaskolamalinskadubasnica.hr\/?page_id=2549\",\"url\":\"http:\/\/osnovnaskolamalinskadubasnica.hr\/?page_id=2549\",\"name\":\"Mali razgovori - Osnovna \u0161kola Malinska-Duba\u0161nica\",\"isPartOf\":{\"@id\":\"http:\/\/osnovnaskolamalinskadubasnica.hr\/#website\"},\"primaryImageOfPage\":{\"@id\":\"http:\/\/osnovnaskolamalinskadubasnica.hr\/?page_id=2549#primaryimage\"},\"image\":{\"@id\":\"http:\/\/osnovnaskolamalinskadubasnica.hr\/?page_id=2549#primaryimage\"},\"thumbnailUrl\":\"http:\/\/osnovnaskolamalinskadubasnica.hr\/wp-content\/uploads\/Lucija-i-Zara.jpg\",\"datePublished\":\"2014-05-18T21:47:23+00:00\",\"dateModified\":\"2019-04-07T22:56:50+00:00\",\"breadcrumb\":{\"@id\":\"http:\/\/osnovnaskolamalinskadubasnica.hr\/?page_id=2549#breadcrumb\"},\"inLanguage\":\"hr\",\"potentialAction\":[{\"@type\":\"ReadAction\",\"target\":[\"http:\/\/osnovnaskolamalinskadubasnica.hr\/?page_id=2549\"]}]},{\"@type\":\"ImageObject\",\"inLanguage\":\"hr\",\"@id\":\"http:\/\/osnovnaskolamalinskadubasnica.hr\/?page_id=2549#primaryimage\",\"url\":\"https:\/\/osnovnaskolamalinskadubasnica.hr\/wp-content\/uploads\/Lucija-i-Zara.jpg\",\"contentUrl\":\"https:\/\/osnovnaskolamalinskadubasnica.hr\/wp-content\/uploads\/Lucija-i-Zara.jpg\",\"width\":868,\"height\":505},{\"@type\":\"BreadcrumbList\",\"@id\":\"http:\/\/osnovnaskolamalinskadubasnica.hr\/?page_id=2549#breadcrumb\",\"itemListElement\":[{\"@type\":\"ListItem\",\"position\":1,\"name\":\"Po\u010detna stranica\",\"item\":\"http:\/\/osnovnaskolamalinskadubasnica.hr\/\"},{\"@type\":\"ListItem\",\"position\":2,\"name\":\"Mali razgovori\"}]},{\"@type\":\"WebSite\",\"@id\":\"http:\/\/osnovnaskolamalinskadubasnica.hr\/#website\",\"url\":\"http:\/\/osnovnaskolamalinskadubasnica.hr\/\",\"name\":\"Osnovna \u0161kola Malinska-Duba\u0161nica\",\"description\":\"\",\"potentialAction\":[{\"@type\":\"SearchAction\",\"target\":{\"@type\":\"EntryPoint\",\"urlTemplate\":\"http:\/\/osnovnaskolamalinskadubasnica.hr\/?s={search_term_string}\"},\"query-input\":{\"@type\":\"PropertyValueSpecification\",\"valueRequired\":true,\"valueName\":\"search_term_string\"}}],\"inLanguage\":\"hr\"}]}<\/script>\n<!-- \/ Yoast SEO plugin. -->","yoast_head_json":{"title":"Mali razgovori - Osnovna \u0161kola Malinska-Duba\u0161nica","robots":{"index":"index","follow":"follow","max-snippet":"max-snippet:-1","max-image-preview":"max-image-preview:large","max-video-preview":"max-video-preview:-1"},"canonical":"http:\/\/osnovnaskolamalinskadubasnica.hr\/?page_id=2549","og_locale":"hr_HR","og_type":"article","og_title":"Mali razgovori - Osnovna \u0161kola Malinska-Duba\u0161nica","og_description":"Dragi \u010ditatelji, ekipa na\u0161e male web redakcije donosi, samo za vas, intervjue sa zanimljivim osobama iz na\u0161e \u0161kole i okolice. Otkrivamo ljude, njihove zanimljive pri\u010de i talente. Pratite nas! \ud83d\ude09 ________________________________________________________ Pri\u010da Lucije i Zare: O \u0161koli jahanja i \u010dudesnoj &hellip; Nastavi \u010ditati &rarr;","og_url":"http:\/\/osnovnaskolamalinskadubasnica.hr\/?page_id=2549","og_site_name":"Osnovna \u0161kola Malinska-Duba\u0161nica","article_publisher":"https:\/\/www.facebook.com\/osmalinskadubasnica\/","article_modified_time":"2019-04-07T22:56:50+00:00","og_image":[{"url":"http:\/\/osnovnaskolamalinskadubasnica.hr\/wp-content\/uploads\/Lucija-i-Zara.jpg","type":"","width":"","height":""}],"twitter_card":"summary_large_image","twitter_misc":{"Procijenjeno vrijeme \u010ditanja":"1 minuta"},"schema":{"@context":"https:\/\/schema.org","@graph":[{"@type":"WebPage","@id":"http:\/\/osnovnaskolamalinskadubasnica.hr\/?page_id=2549","url":"http:\/\/osnovnaskolamalinskadubasnica.hr\/?page_id=2549","name":"Mali razgovori - Osnovna \u0161kola Malinska-Duba\u0161nica","isPartOf":{"@id":"http:\/\/osnovnaskolamalinskadubasnica.hr\/#website"},"primaryImageOfPage":{"@id":"http:\/\/osnovnaskolamalinskadubasnica.hr\/?page_id=2549#primaryimage"},"image":{"@id":"http:\/\/osnovnaskolamalinskadubasnica.hr\/?page_id=2549#primaryimage"},"thumbnailUrl":"http:\/\/osnovnaskolamalinskadubasnica.hr\/wp-content\/uploads\/Lucija-i-Zara.jpg","datePublished":"2014-05-18T21:47:23+00:00","dateModified":"2019-04-07T22:56:50+00:00","breadcrumb":{"@id":"http:\/\/osnovnaskolamalinskadubasnica.hr\/?page_id=2549#breadcrumb"},"inLanguage":"hr","potentialAction":[{"@type":"ReadAction","target":["http:\/\/osnovnaskolamalinskadubasnica.hr\/?page_id=2549"]}]},{"@type":"ImageObject","inLanguage":"hr","@id":"http:\/\/osnovnaskolamalinskadubasnica.hr\/?page_id=2549#primaryimage","url":"https:\/\/osnovnaskolamalinskadubasnica.hr\/wp-content\/uploads\/Lucija-i-Zara.jpg","contentUrl":"https:\/\/osnovnaskolamalinskadubasnica.hr\/wp-content\/uploads\/Lucija-i-Zara.jpg","width":868,"height":505},{"@type":"BreadcrumbList","@id":"http:\/\/osnovnaskolamalinskadubasnica.hr\/?page_id=2549#breadcrumb","itemListElement":[{"@type":"ListItem","position":1,"name":"Po\u010detna stranica","item":"http:\/\/osnovnaskolamalinskadubasnica.hr\/"},{"@type":"ListItem","position":2,"name":"Mali razgovori"}]},{"@type":"WebSite","@id":"http:\/\/osnovnaskolamalinskadubasnica.hr\/#website","url":"http:\/\/osnovnaskolamalinskadubasnica.hr\/","name":"Osnovna \u0161kola Malinska-Duba\u0161nica","description":"","potentialAction":[{"@type":"SearchAction","target":{"@type":"EntryPoint","urlTemplate":"http:\/\/osnovnaskolamalinskadubasnica.hr\/?s={search_term_string}"},"query-input":{"@type":"PropertyValueSpecification","valueRequired":true,"valueName":"search_term_string"}}],"inLanguage":"hr"}]}},"_links":{"self":[{"href":"https:\/\/osnovnaskolamalinskadubasnica.hr\/index.php?rest_route=\/wp\/v2\/pages\/2549","targetHints":{"allow":["GET"]}}],"collection":[{"href":"https:\/\/osnovnaskolamalinskadubasnica.hr\/index.php?rest_route=\/wp\/v2\/pages"}],"about":[{"href":"https:\/\/osnovnaskolamalinskadubasnica.hr\/index.php?rest_route=\/wp\/v2\/types\/page"}],"author":[{"embeddable":true,"href":"https:\/\/osnovnaskolamalinskadubasnica.hr\/index.php?rest_route=\/wp\/v2\/users\/1"}],"replies":[{"embeddable":true,"href":"https:\/\/osnovnaskolamalinskadubasnica.hr\/index.php?rest_route=%2Fwp%2Fv2%2Fcomments&post=2549"}],"version-history":[{"count":24,"href":"https:\/\/osnovnaskolamalinskadubasnica.hr\/index.php?rest_route=\/wp\/v2\/pages\/2549\/revisions"}],"predecessor-version":[{"id":15450,"href":"https:\/\/osnovnaskolamalinskadubasnica.hr\/index.php?rest_route=\/wp\/v2\/pages\/2549\/revisions\/15450"}],"wp:attachment":[{"href":"https:\/\/osnovnaskolamalinskadubasnica.hr\/index.php?rest_route=%2Fwp%2Fv2%2Fmedia&parent=2549"}],"curies":[{"name":"wp","href":"https:\/\/api.w.org\/{rel}","templated":true}]}}