{"id":21503,"date":"2022-05-20T11:30:32","date_gmt":"2022-05-20T10:30:32","guid":{"rendered":"http:\/\/osnovnaskolamalinskadubasnica.hr\/?page_id=21503"},"modified":"2025-03-23T13:32:59","modified_gmt":"2025-03-23T12:32:59","slug":"jezicni-kutak-lernt-mit-uns-ucite-s-nama","status":"publish","type":"page","link":"https:\/\/osnovnaskolamalinskadubasnica.hr\/?page_id=21503","title":{"rendered":"Jezi\u010dni kutak: Lernt mit uns &#8211; U\u010dite s nama"},"content":{"rendered":"<p style=\"text-align: justify;\"><span style=\"color: #000000;\"><em><span style=\"color: #000000;\">Dobrodo\u0161li u na\u0161 Jezi\u010dni kutak. Mi smo polaznici izborne nastave Njema\u010dkog jezika, sa svojom u\u010diteljicom Dunjom Perhat pokrenuli smo projekt <strong>Lernt mit uns &#8211; U\u010dite s nama. Zajedno snimamo i ure\u0111ujemo kratke video lekcije.<\/strong> Video lekcije imaju podnaslove na njema\u010dkom i na hrvatskom jeziku. Cilj nam je u\u010diniti u\u010denje njema\u010dkog jezika zabavnim i potaknuti \u0161to vi\u0161e u\u010denika na\u0161e \u0161kole da u\u010de s nama, a mo\u017eda da nam se pridru\u017ee i na snimanju. <\/span><\/em><\/span><em><span style=\"color: #000000;\">Nadamo se da \u0107ete nas pratiti, podr\u017eati na\u0161e video lekcije na YouTube-u i nau\u010diti s nama poneku korisnu re\u010denicu na njema\u010dkom jeziku.\u00a0 <\/span><\/em><span style=\"color: #000000;\">\u2764\ufe0f<\/span><\/p>\n<ul style=\"list-style-type: circle;\">\n<li><span style=\"font-size: 12pt;\"><strong><a href=\"#s01\">SEZONA 1: Lernt mit uns &#8211; U\u010dite s nama<\/a><\/strong><\/span><\/li>\n<li><span style=\"font-size: 12pt;\"><strong><a href=\"#s02\">SEZONA 2: Lernt mit uns &#8211; U\u010dite s nama<\/a><\/strong><\/span><\/li>\n<li><a href=\"#s03\"><strong>SEZONA 3: Lernt mit uns &#8211; U\u010dite s nama<\/strong><\/a><\/li>\n<\/ul>\n<h3><strong><span style=\"font-size: 14pt; color: #800000;\"><a id=\"s03\"><\/a>SEZONA III<\/span><\/strong><\/h3>\n<p><strong><span style=\"font-size: 14pt; color: #800000;\">EPIZODA 18: Die Herbstkleidung (Jesenska odje\u0107a)<\/span><\/strong><\/p>\n<p><iframe loading=\"lazy\" title=\"YouTube video player\" src=\"https:\/\/www.youtube.com\/embed\/jser3-0s_WU?si=2bYNM7NsZclwfv5d\" width=\"640\" height=\"360\" frameborder=\"0\" allowfullscreen=\"allowfullscreen\"><span style=\"display: inline-block; width: 0px; overflow: hidden; line-height: 0;\" data-mce-type=\"bookmark\" class=\"mce_SELRES_start\">\ufeff<\/span><\/iframe><\/p>\n<p><strong><span style=\"color: #800000; font-size: 14pt;\">EPIZODA 17: N\u00fctzliche S\u00e4tze (Korisne re\u010denice)<\/span><\/strong><\/p>\n<p><iframe loading=\"lazy\" title=\"YouTube video player\" src=\"https:\/\/www.youtube.com\/embed\/7IkBD7jq2X8?si=V_PUPv2VhwRpE-ej\" width=\"640\" height=\"360\" frameborder=\"0\" allowfullscreen=\"allowfullscreen\"><span data-mce-type=\"bookmark\" class=\"mce_SELRES_start\">\ufeff<\/span><\/iframe><\/p>\n<h2><strong><span style=\"font-size: 14pt; color: #800000;\">EPIZODA 16: <\/span><\/strong><strong><span style=\"font-size: 14pt; color: #800000;\">Gr\u00fc\u00dfe <\/span><\/strong><strong><span style=\"font-size: 14pt; color: #800000;\">(Pozdravi)<\/span><\/strong><\/h2>\n<p><iframe loading=\"lazy\" title=\"YouTube video player\" src=\"https:\/\/www.youtube.com\/embed\/_fRZESnBo5M?si=6eFA64-AKVdq6OH_\" width=\"640\" height=\"360\" frameborder=\"0\" allowfullscreen=\"allowfullscreen\"><span style=\"display: inline-block; width: 0px; overflow: hidden; line-height: 0;\" data-mce-type=\"bookmark\" class=\"mce_SELRES_start\">\ufeff<\/span><\/iframe><\/p>\n<h3><span style=\"font-size: 14pt;\"><strong><span style=\"color: #800000;\"><a id=\"s02\"><\/a>SEZONA II<\/span><\/strong><\/span><\/h3>\n<h2><strong><span style=\"font-size: 14pt; color: #800000;\">EPIZODA 15: Schulf\u00e4cher (\u0160kolski predmeti)<\/span><\/strong><\/h2>\n<h2><iframe loading=\"lazy\" title=\"YouTube video player\" src=\"https:\/\/www.youtube.com\/embed\/7INuti0TlAo?si=ce6F2ZOnCVOD-T7E\" width=\"640\" height=\"360\" frameborder=\"0\" allowfullscreen=\"allowfullscreen\"><span style=\"display: inline-block; width: 0px; overflow: hidden; line-height: 0;\" data-mce-type=\"bookmark\" class=\"mce_SELRES_start\">\ufeff<\/span><\/iframe><\/h2>\n<h2><strong><span style=\"font-size: 14pt; color: #800000;\">EPIZODA 14: <\/span><\/strong><strong><span style=\"font-size: 14pt; color: #800000;\">Die Sportarten (Sportovi)<\/span><\/strong><\/h2>\n<p><iframe loading=\"lazy\" title=\"YouTube video player\" src=\"https:\/\/www.youtube.com\/embed\/Oaoa7soyNRo?si=jrSoXYndJeVClzLk\" width=\"640\" height=\"360\" frameborder=\"0\" allowfullscreen=\"allowfullscreen\"><span style=\"display: inline-block; width: 0px; overflow: hidden; line-height: 0;\" data-mce-type=\"bookmark\" class=\"mce_SELRES_start\">\ufeff<\/span><\/iframe><\/p>\n<h2><strong><span style=\"font-size: 14pt; color: #800000;\">EPIZODA 13: Im Klassenzimmer (U u\u010dionici)<\/span><\/strong><\/h2>\n<h2><iframe loading=\"lazy\" title=\"YouTube video player\" src=\"https:\/\/www.youtube.com\/embed\/gZ-FKhoT50A?si=UEW2dWeLq_bdma6x\" width=\"640\" height=\"360\" frameborder=\"0\" allowfullscreen=\"allowfullscreen\"><span style=\"display: inline-block; width: 0px; overflow: hidden; line-height: 0;\" data-mce-type=\"bookmark\" class=\"mce_SELRES_start\">\ufeff<\/span><\/iframe><\/h2>\n<h2><strong><span style=\"font-size: 14pt; color: #800000;\">EPIZODA 12: Die Monate &amp; Wochentage (Mjeseci &amp; Dani u tjednu)<\/span><\/strong><\/h2>\n<h2><iframe loading=\"lazy\" title=\"YouTube video player\" src=\"https:\/\/www.youtube.com\/embed\/pA1bu2-HlYU?si=PZDnfrNrcEmf6G0x\" width=\"640\" height=\"360\" frameborder=\"0\" allowfullscreen=\"allowfullscreen\"><span style=\"display: inline-block; width: 0px; overflow: hidden; line-height: 0;\" data-mce-type=\"bookmark\" class=\"mce_SELRES_start\">\ufeff<\/span><\/iframe><\/h2>\n<h2 style=\"text-align: left;\"><span style=\"font-size: 14pt;\"><strong><span style=\"color: #800000;\">EPIZODA 11: <\/span><\/strong><\/span><strong><span style=\"font-size: 14pt; color: #800000;\">Weihnachts und Neujahrsw\u00fcnsche<br \/>\n<\/span><\/strong><strong><span style=\"font-size: 14pt; color: #800000;\">Bo\u017ei\u0107no -novogodi\u0161nja \u010destitka<\/span><\/strong><\/h2>\n<p><iframe loading=\"lazy\" title=\"YouTube video player\" src=\"https:\/\/www.youtube.com\/embed\/V_UjtKSJNfE\" width=\"640\" height=\"360\" frameborder=\"0\" allowfullscreen=\"allowfullscreen\"><span style=\"display: inline-block; width: 0px; overflow: hidden; line-height: 0;\" data-mce-type=\"bookmark\" class=\"mce_SELRES_start\">\ufeff<\/span><\/iframe><\/p>\n<h2 class=\"style-scope ytd-watch-metadata\"><strong><span style=\"font-size: 14pt; color: #800000;\">EPIZODA 10: Was ist mit dir los? (\u0160to ti je?)<\/span><\/strong><\/h2>\n<h2 class=\"style-scope ytd-watch-metadata\"><iframe loading=\"lazy\" title=\"YouTube video player\" src=\"https:\/\/www.youtube.com\/embed\/RRmAOL7N46I\" width=\"640\" height=\"360\" frameborder=\"0\" allowfullscreen=\"allowfullscreen\"><span style=\"display: inline-block; width: 0px; overflow: hidden; line-height: 0;\" data-mce-type=\"bookmark\" class=\"mce_SELRES_start\">\ufeff<\/span><\/iframe><\/h2>\n<h2><strong><span style=\"font-size: 14pt; color: #800000;\">EPIZODA 9: Wie ist das Wetter? (Kakvo je vrijeme?)<\/span><\/strong><\/h2>\n<h2><iframe loading=\"lazy\" title=\"YouTube video player\" src=\"https:\/\/www.youtube.com\/embed\/NlAHkFEEiY8\" width=\"640\" height=\"360\" frameborder=\"0\" allowfullscreen=\"allowfullscreen\"><span style=\"display: inline-block; width: 0px; overflow: hidden; line-height: 0;\" data-mce-type=\"bookmark\" class=\"mce_SELRES_start\">\ufeff<\/span><\/iframe><\/h2>\n<h2><span style=\"font-size: 14pt;\"><strong><span style=\"color: #800000; font-family: georgia, palatino, serif;\">EPIZODA 8: <\/span><\/strong><\/span><strong><span style=\"font-size: 14pt; color: #800000;\">Mein Lieblingsort (Moje omiljeno mjesto)<\/span><\/strong><\/h2>\n<h2><iframe loading=\"lazy\" title=\"YouTube video player\" src=\"https:\/\/www.youtube.com\/embed\/s6ou7VyUEqw\" width=\"640\" height=\"360\" frameborder=\"0\" allowfullscreen=\"allowfullscreen\"><span style=\"display: inline-block; width: 0px; overflow: hidden; line-height: 0;\" data-mce-type=\"bookmark\" class=\"mce_SELRES_start\">\ufeff<\/span><\/iframe><\/h2>\n<h3><span style=\"font-family: georgia, palatino, serif; font-size: 14pt;\"><strong><span style=\"color: #800000;\"><a id=\"s01\"><\/a>SEZONA I<\/span><\/strong><\/span><\/h3>\n<h2><span style=\"font-size: 14pt;\"><strong><span style=\"color: #800000;\">Prije prve epizode, \u017eelimo se predstaviti.<\/span><\/strong><\/span><\/h2>\n<p><iframe loading=\"lazy\" title=\"YouTube video player\" src=\"https:\/\/www.youtube.com\/embed\/qtoSGBdgXGI\" width=\"640\" height=\"360\" frameborder=\"0\" allowfullscreen=\"allowfullscreen\"><span style=\"display: inline-block; width: 0px; overflow: hidden; line-height: 0;\" data-mce-type=\"bookmark\" class=\"mce_SELRES_start\">\ufeff<\/span><\/iframe><\/p>\n<h2><span style=\"font-size: 14pt;\"><strong><span style=\"color: #800000;\">EPIZODA 1: Wir lernen uns kennen (Upoznajemo se)<\/span><\/strong><\/span><\/h2>\n<p><iframe loading=\"lazy\" title=\"YouTube video player\" src=\"https:\/\/www.youtube.com\/embed\/fqIKTOh7PEY\" width=\"640\" height=\"360\" frameborder=\"0\" allowfullscreen=\"allowfullscreen\"><span style=\"display: inline-block; width: 0px; overflow: hidden; line-height: 0;\" data-mce-type=\"bookmark\" class=\"mce_SELRES_start\">\ufeff<\/span><\/iframe><\/p>\n<p><strong><span style=\"color: #800000; font-size: 14pt;\">EPIZODA 2: Einladung ins Kino (Poziv u kino)<\/span><\/strong><\/p>\n<p><iframe loading=\"lazy\" title=\"YouTube video player\" src=\"https:\/\/www.youtube.com\/embed\/h2wT5OusBwQ\" width=\"640\" height=\"360\" frameborder=\"0\" allowfullscreen=\"allowfullscreen\"><span style=\"display: inline-block; width: 0px; overflow: hidden; line-height: 0;\" data-mce-type=\"bookmark\" class=\"mce_SELRES_start\">\ufeff<\/span><\/iframe><\/p>\n<p><strong><span style=\"color: #800000; font-size: 14pt;\">EPIZODA 3: Farben &amp; Zahlen (Boje i Brojevi)<\/span><\/strong><\/p>\n<p><iframe loading=\"lazy\" title=\"YouTube video player\" src=\"https:\/\/www.youtube.com\/embed\/yL96aZnWgFI\" width=\"640\" height=\"360\" frameborder=\"0\" allowfullscreen=\"allowfullscreen\"><span style=\"display: inline-block; width: 0px; overflow: hidden; line-height: 0;\" data-mce-type=\"bookmark\" class=\"mce_SELRES_start\">\ufeff<\/span><\/iframe><\/p>\n<p><strong><span style=\"font-size: 14pt; color: #800000;\">EPIZODA 4: Alles Gutte zum Geburtstag! (Sretan ro\u0111endan)<\/span><\/strong><\/p>\n<p><iframe loading=\"lazy\" title=\"YouTube video player\" src=\"https:\/\/www.youtube.com\/embed\/moCx6rWK2DE\" width=\"640\" height=\"360\" frameborder=\"0\" allowfullscreen=\"allowfullscreen\"><span style=\"display: inline-block; width: 0px; overflow: hidden; line-height: 0;\" data-mce-type=\"bookmark\" class=\"mce_SELRES_start\">\ufeff<\/span><\/iframe><\/p>\n<p><strong><span style=\"color: #800000;\">EPIZODA 5: <\/span><span style=\"color: #800000; font-size: 14pt;\">Wie komme ich zum Strand? (Kako da do\u0111em do pla\u017ee)<\/span><\/strong><\/p>\n<p><iframe loading=\"lazy\" title=\"YouTube video player\" src=\"https:\/\/www.youtube.com\/embed\/xRvHom4rOMg\" width=\"640\" height=\"360\" frameborder=\"0\" allowfullscreen=\"allowfullscreen\"><span style=\"display: inline-block; width: 0px; overflow: hidden; line-height: 0;\" data-mce-type=\"bookmark\" class=\"mce_SELRES_start\">\ufeff<\/span><\/iframe><\/p>\n<p><strong><span style=\"font-size: 14pt; color: #800000;\">EPIZODA 6: Schulsachen (\u0160kolski pribor)<\/span><\/strong><\/p>\n<p><iframe loading=\"lazy\" title=\"YouTube video player\" src=\"https:\/\/www.youtube.com\/embed\/D14VXXfD2jU\" width=\"640\" height=\"360\" frameborder=\"0\" allowfullscreen=\"allowfullscreen\"><span style=\"display: inline-block; width: 0px; overflow: hidden; line-height: 0;\" data-mce-type=\"bookmark\" class=\"mce_SELRES_start\">\ufeff<\/span><\/iframe><\/p>\n<p><strong><span style=\"color: #800000; font-size: 14pt;\">EPIZODA 7: K\u00f6rperteile (Dijelovi tijela)<\/span><\/strong><\/p>\n<p style=\"text-align: left;\"><iframe loading=\"lazy\" title=\"YouTube video player\" src=\"https:\/\/www.youtube.com\/embed\/CVaKhMlyMzk\" width=\"640\" height=\"360\" frameborder=\"0\" allowfullscreen=\"allowfullscreen\"><span style=\"display: inline-block; width: 0px; overflow: hidden; line-height: 0;\" data-mce-type=\"bookmark\" class=\"mce_SELRES_start\">\ufeff<\/span><\/iframe><\/p>\n<p style=\"text-align: center;\"><span style=\"color: #000000;\"><em><span style=\"font-size: 14pt;\">Snimamo i dalje&#8230; vidimo se uskoro! <\/span><\/em><span style=\"font-size: 14pt;\">\u2764\ufe0f<\/span><\/span><\/p>\n<p>&nbsp;<\/p>\n","protected":false},"excerpt":{"rendered":"<p>Dobrodo\u0161li u na\u0161 Jezi\u010dni kutak. Mi smo polaznici izborne nastave Njema\u010dkog jezika, sa svojom u\u010diteljicom Dunjom Perhat pokrenuli smo projekt Lernt mit uns &#8211; U\u010dite s nama. Zajedno snimamo i ure\u0111ujemo kratke video lekcije. Video lekcije imaju podnaslove na njema\u010dkom &hellip; <a href=\"https:\/\/osnovnaskolamalinskadubasnica.hr\/?page_id=21503\">Nastavi \u010ditati <span class=\"meta-nav\">&rarr;<\/span><\/a><\/p>\n","protected":false},"author":1,"featured_media":0,"parent":0,"menu_order":0,"comment_status":"closed","ping_status":"closed","template":"","meta":{"footnotes":""},"class_list":["post-21503","page","type-page","status-publish","hentry"],"yoast_head":"<!-- This site is optimized with the Yoast SEO plugin v27.5 - https:\/\/yoast.com\/product\/yoast-seo-wordpress\/ -->\n<title>Jezi\u010dni kutak: Lernt mit uns - U\u010dite s nama - Osnovna \u0161kola Malinska-Duba\u0161nica<\/title>\n<meta name=\"robots\" content=\"index, follow, max-snippet:-1, max-image-preview:large, max-video-preview:-1\" \/>\n<link rel=\"canonical\" href=\"https:\/\/osnovnaskolamalinskadubasnica.hr\/?page_id=21503\" \/>\n<meta property=\"og:locale\" content=\"hr_HR\" \/>\n<meta property=\"og:type\" content=\"article\" \/>\n<meta property=\"og:title\" content=\"Jezi\u010dni kutak: Lernt mit uns - U\u010dite s nama - Osnovna \u0161kola Malinska-Duba\u0161nica\" \/>\n<meta property=\"og:description\" content=\"Dobrodo\u0161li u na\u0161 Jezi\u010dni kutak. Mi smo polaznici izborne nastave Njema\u010dkog jezika, sa svojom u\u010diteljicom Dunjom Perhat pokrenuli smo projekt Lernt mit uns &#8211; U\u010dite s nama. Zajedno snimamo i ure\u0111ujemo kratke video lekcije. Video lekcije imaju podnaslove na njema\u010dkom &hellip; Nastavi \u010ditati &rarr;\" \/>\n<meta property=\"og:url\" content=\"https:\/\/osnovnaskolamalinskadubasnica.hr\/?page_id=21503\" \/>\n<meta property=\"og:site_name\" content=\"Osnovna \u0161kola Malinska-Duba\u0161nica\" \/>\n<meta property=\"article:publisher\" content=\"https:\/\/www.facebook.com\/osmalinskadubasnica\/\" \/>\n<meta property=\"article:modified_time\" content=\"2025-03-23T12:32:59+00:00\" \/>\n<meta property=\"og:image\" content=\"https:\/\/osnovnaskolamalinskadubasnica.hr\/wp-content\/uploads\/predstavljanje.jpg\" \/>\n\t<meta property=\"og:image:width\" content=\"1280\" \/>\n\t<meta property=\"og:image:height\" content=\"721\" \/>\n\t<meta property=\"og:image:type\" content=\"image\/jpeg\" \/>\n<meta name=\"twitter:card\" content=\"summary_large_image\" \/>\n<meta name=\"twitter:label1\" content=\"Procijenjeno vrijeme \u010ditanja\" \/>\n\t<meta name=\"twitter:data1\" content=\"2 minute\" \/>\n<script type=\"application\/ld+json\" class=\"yoast-schema-graph\">{\"@context\":\"https:\\\/\\\/schema.org\",\"@graph\":[{\"@type\":\"WebPage\",\"@id\":\"https:\\\/\\\/osnovnaskolamalinskadubasnica.hr\\\/?page_id=21503\",\"url\":\"https:\\\/\\\/osnovnaskolamalinskadubasnica.hr\\\/?page_id=21503\",\"name\":\"Jezi\u010dni kutak: Lernt mit uns - U\u010dite s nama - Osnovna \u0161kola Malinska-Duba\u0161nica\",\"isPartOf\":{\"@id\":\"https:\\\/\\\/osnovnaskolamalinskadubasnica.hr\\\/#website\"},\"datePublished\":\"2022-05-20T10:30:32+00:00\",\"dateModified\":\"2025-03-23T12:32:59+00:00\",\"breadcrumb\":{\"@id\":\"https:\\\/\\\/osnovnaskolamalinskadubasnica.hr\\\/?page_id=21503#breadcrumb\"},\"inLanguage\":\"hr\",\"potentialAction\":[{\"@type\":\"ReadAction\",\"target\":[\"https:\\\/\\\/osnovnaskolamalinskadubasnica.hr\\\/?page_id=21503\"]}]},{\"@type\":\"BreadcrumbList\",\"@id\":\"https:\\\/\\\/osnovnaskolamalinskadubasnica.hr\\\/?page_id=21503#breadcrumb\",\"itemListElement\":[{\"@type\":\"ListItem\",\"position\":1,\"name\":\"Po\u010detna stranica\",\"item\":\"https:\\\/\\\/osnovnaskolamalinskadubasnica.hr\\\/\"},{\"@type\":\"ListItem\",\"position\":2,\"name\":\"Jezi\u010dni kutak: Lernt mit uns &#8211; U\u010dite s nama\"}]},{\"@type\":\"WebSite\",\"@id\":\"https:\\\/\\\/osnovnaskolamalinskadubasnica.hr\\\/#website\",\"url\":\"https:\\\/\\\/osnovnaskolamalinskadubasnica.hr\\\/\",\"name\":\"Osnovna \u0161kola Malinska-Duba\u0161nica\",\"description\":\"\",\"potentialAction\":[{\"@type\":\"SearchAction\",\"target\":{\"@type\":\"EntryPoint\",\"urlTemplate\":\"https:\\\/\\\/osnovnaskolamalinskadubasnica.hr\\\/?s={search_term_string}\"},\"query-input\":{\"@type\":\"PropertyValueSpecification\",\"valueRequired\":true,\"valueName\":\"search_term_string\"}}],\"inLanguage\":\"hr\"}]}<\/script>\n<!-- \/ Yoast SEO plugin. -->","yoast_head_json":{"title":"Jezi\u010dni kutak: Lernt mit uns - U\u010dite s nama - Osnovna \u0161kola Malinska-Duba\u0161nica","robots":{"index":"index","follow":"follow","max-snippet":"max-snippet:-1","max-image-preview":"max-image-preview:large","max-video-preview":"max-video-preview:-1"},"canonical":"https:\/\/osnovnaskolamalinskadubasnica.hr\/?page_id=21503","og_locale":"hr_HR","og_type":"article","og_title":"Jezi\u010dni kutak: Lernt mit uns - U\u010dite s nama - Osnovna \u0161kola Malinska-Duba\u0161nica","og_description":"Dobrodo\u0161li u na\u0161 Jezi\u010dni kutak. Mi smo polaznici izborne nastave Njema\u010dkog jezika, sa svojom u\u010diteljicom Dunjom Perhat pokrenuli smo projekt Lernt mit uns &#8211; U\u010dite s nama. Zajedno snimamo i ure\u0111ujemo kratke video lekcije. Video lekcije imaju podnaslove na njema\u010dkom &hellip; Nastavi \u010ditati &rarr;","og_url":"https:\/\/osnovnaskolamalinskadubasnica.hr\/?page_id=21503","og_site_name":"Osnovna \u0161kola Malinska-Duba\u0161nica","article_publisher":"https:\/\/www.facebook.com\/osmalinskadubasnica\/","article_modified_time":"2025-03-23T12:32:59+00:00","og_image":[{"width":1280,"height":721,"url":"https:\/\/osnovnaskolamalinskadubasnica.hr\/wp-content\/uploads\/predstavljanje.jpg","type":"image\/jpeg"}],"twitter_card":"summary_large_image","twitter_misc":{"Procijenjeno vrijeme \u010ditanja":"2 minute"},"schema":{"@context":"https:\/\/schema.org","@graph":[{"@type":"WebPage","@id":"https:\/\/osnovnaskolamalinskadubasnica.hr\/?page_id=21503","url":"https:\/\/osnovnaskolamalinskadubasnica.hr\/?page_id=21503","name":"Jezi\u010dni kutak: Lernt mit uns - U\u010dite s nama - Osnovna \u0161kola Malinska-Duba\u0161nica","isPartOf":{"@id":"https:\/\/osnovnaskolamalinskadubasnica.hr\/#website"},"datePublished":"2022-05-20T10:30:32+00:00","dateModified":"2025-03-23T12:32:59+00:00","breadcrumb":{"@id":"https:\/\/osnovnaskolamalinskadubasnica.hr\/?page_id=21503#breadcrumb"},"inLanguage":"hr","potentialAction":[{"@type":"ReadAction","target":["https:\/\/osnovnaskolamalinskadubasnica.hr\/?page_id=21503"]}]},{"@type":"BreadcrumbList","@id":"https:\/\/osnovnaskolamalinskadubasnica.hr\/?page_id=21503#breadcrumb","itemListElement":[{"@type":"ListItem","position":1,"name":"Po\u010detna stranica","item":"https:\/\/osnovnaskolamalinskadubasnica.hr\/"},{"@type":"ListItem","position":2,"name":"Jezi\u010dni kutak: Lernt mit uns &#8211; U\u010dite s nama"}]},{"@type":"WebSite","@id":"https:\/\/osnovnaskolamalinskadubasnica.hr\/#website","url":"https:\/\/osnovnaskolamalinskadubasnica.hr\/","name":"Osnovna \u0161kola Malinska-Duba\u0161nica","description":"","potentialAction":[{"@type":"SearchAction","target":{"@type":"EntryPoint","urlTemplate":"https:\/\/osnovnaskolamalinskadubasnica.hr\/?s={search_term_string}"},"query-input":{"@type":"PropertyValueSpecification","valueRequired":true,"valueName":"search_term_string"}}],"inLanguage":"hr"}]}},"_links":{"self":[{"href":"https:\/\/osnovnaskolamalinskadubasnica.hr\/index.php?rest_route=\/wp\/v2\/pages\/21503","targetHints":{"allow":["GET"]}}],"collection":[{"href":"https:\/\/osnovnaskolamalinskadubasnica.hr\/index.php?rest_route=\/wp\/v2\/pages"}],"about":[{"href":"https:\/\/osnovnaskolamalinskadubasnica.hr\/index.php?rest_route=\/wp\/v2\/types\/page"}],"author":[{"embeddable":true,"href":"https:\/\/osnovnaskolamalinskadubasnica.hr\/index.php?rest_route=\/wp\/v2\/users\/1"}],"replies":[{"embeddable":true,"href":"https:\/\/osnovnaskolamalinskadubasnica.hr\/index.php?rest_route=%2Fwp%2Fv2%2Fcomments&post=21503"}],"version-history":[{"count":24,"href":"https:\/\/osnovnaskolamalinskadubasnica.hr\/index.php?rest_route=\/wp\/v2\/pages\/21503\/revisions"}],"predecessor-version":[{"id":31859,"href":"https:\/\/osnovnaskolamalinskadubasnica.hr\/index.php?rest_route=\/wp\/v2\/pages\/21503\/revisions\/31859"}],"wp:attachment":[{"href":"https:\/\/osnovnaskolamalinskadubasnica.hr\/index.php?rest_route=%2Fwp%2Fv2%2Fmedia&parent=21503"}],"curies":[{"name":"wp","href":"https:\/\/api.w.org\/{rel}","templated":true}]}}