{"id":1966,"date":"2014-03-15T14:37:15","date_gmt":"2014-03-15T14:37:15","guid":{"rendered":"http:\/\/osnovnaskolakrk.hr\/malinska\/?page_id=1966"},"modified":"2017-10-01T22:06:39","modified_gmt":"2017-10-01T22:06:39","slug":"video-tjedna","status":"publish","type":"page","link":"https:\/\/osnovnaskolamalinskadubasnica.hr\/?page_id=1966","title":{"rendered":"Video tjedna"},"content":{"rendered":"<p><span style=\"color: #000000;\"><a href=\"http:\/\/osnovnaskolamalinskadubasnica.hr\/wp-content\/uploads\/disc-jockey-smiley-emoticon.gif\" data-rel=\"lightbox-image-0\" data-rl_title=\"\" data-rl_caption=\"\" title=\"\"><img loading=\"lazy\" decoding=\"async\" class=\"alignright wp-image-4787 size-full\" src=\"http:\/\/osnovnaskolamalinskadubasnica.hr\/wp-content\/uploads\/disc-jockey-smiley-emoticon.gif\" width=\"98\" height=\"71\" \/><\/a><\/span><span style=\"color: #ff0000;\"><span style=\"color: #000000;\"><span style=\"color: #ff0000;\"><span style=\"color: #800000;\">svakog ponedjeljka video po va\u0161em izboru<\/span><\/span><\/span><\/span> \ud83c\udfb6<\/p>\n<h3><em><span style=\"color: #000000;\"><strong>Shawn Mendes: <span style=\"color: #ff0000;\">There&#8217;s Nothing Holdin&#8217; Me Back<\/span><br \/>\n<\/strong><\/span><\/em><\/h3>\n<p style=\"text-align: justify;\"><em><span style=\"color: #000000;\"><img loading=\"lazy\" decoding=\"async\" class=\"alignleft wp-image-11209\" src=\"http:\/\/osnovnaskolamalinskadubasnica.hr\/wp-content\/uploads\/Illuminate_Official_Album_Cover_by_Shawn_Mendes.png\" alt=\"\" width=\"272\" height=\"272\" srcset=\"https:\/\/osnovnaskolamalinskadubasnica.hr\/wp-content\/uploads\/Illuminate_Official_Album_Cover_by_Shawn_Mendes.png 300w, https:\/\/osnovnaskolamalinskadubasnica.hr\/wp-content\/uploads\/Illuminate_Official_Album_Cover_by_Shawn_Mendes-150x150.png 150w\" sizes=\"auto, (max-width: 272px) 100vw, 272px\" \/>Iako ima tek 19 godina, mladi kanadski kantautor Shawn Mendes ve\u0107 je objavio dva vrlo uspje\u0161na albuma Handwritten (2015.) i Illuminate (2016.). Oba albuma uspjela su zauzeti prvo mjesto na US Billboard ljestvici, \u010dime je Shawn postao jedan od samo pet pjeva\u010da u povijesti kojima je to uspjelo prije osamnaeste godine.<\/span><br \/>\n<\/em><\/p>\n<p style=\"text-align: justify;\"><em><span style=\"color: #000000;\">Video za pjesmu There&#8217;s Nothing Holdin&#8217; Me Back sniman je u Parizu, Amsterdamu, Velikoj Britaniji. Pjesma je postala veliki hit, a kriti\u010dari i publika posebno hvale live izvedbu.\u00a0<\/span> <\/em><\/p>\n<p><iframe loading=\"lazy\" width=\"640\" height=\"360\" src=\"https:\/\/www.youtube.com\/embed\/dT2owtxkU8k?rel=0\" frameborder=\"0\" allowfullscreen><\/iframe><br \/>\n<span style=\"color: #ffffff;\">.<\/span><br \/>\n<span style=\"color: #000000;\">\u0160aljite nam svoje prijedloge za video tjedna na webskoledubasnica@gmail.com \ud83d\ude42<br \/>\n<\/span><\/p>\n","protected":false},"excerpt":{"rendered":"<p>svakog ponedjeljka video po va\u0161em izboru \ud83c\udfb6 Shawn Mendes: There&#8217;s Nothing Holdin&#8217; Me Back Iako ima tek 19 godina, mladi kanadski kantautor Shawn Mendes ve\u0107 je objavio dva vrlo uspje\u0161na albuma Handwritten (2015.) i Illuminate (2016.). Oba albuma uspjela su &hellip; <a href=\"https:\/\/osnovnaskolamalinskadubasnica.hr\/?page_id=1966\">Nastavi \u010ditati <span class=\"meta-nav\">&rarr;<\/span><\/a><\/p>\n","protected":false},"author":1,"featured_media":0,"parent":0,"menu_order":0,"comment_status":"closed","ping_status":"closed","template":"","meta":{"footnotes":""},"class_list":["post-1966","page","type-page","status-publish","hentry"],"yoast_head":"<!-- This site is optimized with the Yoast SEO plugin v27.5 - https:\/\/yoast.com\/product\/yoast-seo-wordpress\/ -->\n<title>Video tjedna - Osnovna \u0161kola Malinska-Duba\u0161nica<\/title>\n<meta name=\"robots\" content=\"index, follow, max-snippet:-1, max-image-preview:large, max-video-preview:-1\" \/>\n<link rel=\"canonical\" href=\"https:\/\/osnovnaskolamalinskadubasnica.hr\/?page_id=1966\" \/>\n<meta property=\"og:locale\" content=\"hr_HR\" \/>\n<meta property=\"og:type\" content=\"article\" \/>\n<meta property=\"og:title\" content=\"Video tjedna - Osnovna \u0161kola Malinska-Duba\u0161nica\" \/>\n<meta property=\"og:description\" content=\"svakog ponedjeljka video po va\u0161em izboru \ud83c\udfb6 Shawn Mendes: There&#8217;s Nothing Holdin&#8217; Me Back Iako ima tek 19 godina, mladi kanadski kantautor Shawn Mendes ve\u0107 je objavio dva vrlo uspje\u0161na albuma Handwritten (2015.) i Illuminate (2016.). Oba albuma uspjela su &hellip; Nastavi \u010ditati &rarr;\" \/>\n<meta property=\"og:url\" content=\"https:\/\/osnovnaskolamalinskadubasnica.hr\/?page_id=1966\" \/>\n<meta property=\"og:site_name\" content=\"Osnovna \u0161kola Malinska-Duba\u0161nica\" \/>\n<meta property=\"article:publisher\" content=\"https:\/\/www.facebook.com\/osmalinskadubasnica\/\" \/>\n<meta property=\"article:modified_time\" content=\"2017-10-01T22:06:39+00:00\" \/>\n<meta property=\"og:image\" content=\"http:\/\/osnovnaskolamalinskadubasnica.hr\/wp-content\/uploads\/disc-jockey-smiley-emoticon.gif\" \/>\n<meta name=\"twitter:card\" content=\"summary_large_image\" \/>\n<meta name=\"twitter:label1\" content=\"Procijenjeno vrijeme \u010ditanja\" \/>\n\t<meta name=\"twitter:data1\" content=\"1 minuta\" \/>\n<script type=\"application\/ld+json\" class=\"yoast-schema-graph\">{\"@context\":\"https:\\\/\\\/schema.org\",\"@graph\":[{\"@type\":\"WebPage\",\"@id\":\"https:\\\/\\\/osnovnaskolamalinskadubasnica.hr\\\/?page_id=1966\",\"url\":\"https:\\\/\\\/osnovnaskolamalinskadubasnica.hr\\\/?page_id=1966\",\"name\":\"Video tjedna - Osnovna \u0161kola Malinska-Duba\u0161nica\",\"isPartOf\":{\"@id\":\"http:\\\/\\\/osnovnaskolamalinskadubasnica.hr\\\/#website\"},\"primaryImageOfPage\":{\"@id\":\"https:\\\/\\\/osnovnaskolamalinskadubasnica.hr\\\/?page_id=1966#primaryimage\"},\"image\":{\"@id\":\"https:\\\/\\\/osnovnaskolamalinskadubasnica.hr\\\/?page_id=1966#primaryimage\"},\"thumbnailUrl\":\"http:\\\/\\\/osnovnaskolamalinskadubasnica.hr\\\/wp-content\\\/uploads\\\/disc-jockey-smiley-emoticon.gif\",\"datePublished\":\"2014-03-15T14:37:15+00:00\",\"dateModified\":\"2017-10-01T22:06:39+00:00\",\"breadcrumb\":{\"@id\":\"https:\\\/\\\/osnovnaskolamalinskadubasnica.hr\\\/?page_id=1966#breadcrumb\"},\"inLanguage\":\"hr\",\"potentialAction\":[{\"@type\":\"ReadAction\",\"target\":[\"https:\\\/\\\/osnovnaskolamalinskadubasnica.hr\\\/?page_id=1966\"]}]},{\"@type\":\"ImageObject\",\"inLanguage\":\"hr\",\"@id\":\"https:\\\/\\\/osnovnaskolamalinskadubasnica.hr\\\/?page_id=1966#primaryimage\",\"url\":\"https:\\\/\\\/osnovnaskolamalinskadubasnica.hr\\\/wp-content\\\/uploads\\\/disc-jockey-smiley-emoticon.gif\",\"contentUrl\":\"https:\\\/\\\/osnovnaskolamalinskadubasnica.hr\\\/wp-content\\\/uploads\\\/disc-jockey-smiley-emoticon.gif\",\"width\":98,\"height\":71},{\"@type\":\"BreadcrumbList\",\"@id\":\"https:\\\/\\\/osnovnaskolamalinskadubasnica.hr\\\/?page_id=1966#breadcrumb\",\"itemListElement\":[{\"@type\":\"ListItem\",\"position\":1,\"name\":\"Po\u010detna stranica\",\"item\":\"http:\\\/\\\/osnovnaskolamalinskadubasnica.hr\\\/\"},{\"@type\":\"ListItem\",\"position\":2,\"name\":\"Video tjedna\"}]},{\"@type\":\"WebSite\",\"@id\":\"http:\\\/\\\/osnovnaskolamalinskadubasnica.hr\\\/#website\",\"url\":\"http:\\\/\\\/osnovnaskolamalinskadubasnica.hr\\\/\",\"name\":\"Osnovna \u0161kola Malinska-Duba\u0161nica\",\"description\":\"\",\"potentialAction\":[{\"@type\":\"SearchAction\",\"target\":{\"@type\":\"EntryPoint\",\"urlTemplate\":\"http:\\\/\\\/osnovnaskolamalinskadubasnica.hr\\\/?s={search_term_string}\"},\"query-input\":{\"@type\":\"PropertyValueSpecification\",\"valueRequired\":true,\"valueName\":\"search_term_string\"}}],\"inLanguage\":\"hr\"}]}<\/script>\n<!-- \/ Yoast SEO plugin. -->","yoast_head_json":{"title":"Video tjedna - Osnovna \u0161kola Malinska-Duba\u0161nica","robots":{"index":"index","follow":"follow","max-snippet":"max-snippet:-1","max-image-preview":"max-image-preview:large","max-video-preview":"max-video-preview:-1"},"canonical":"https:\/\/osnovnaskolamalinskadubasnica.hr\/?page_id=1966","og_locale":"hr_HR","og_type":"article","og_title":"Video tjedna - Osnovna \u0161kola Malinska-Duba\u0161nica","og_description":"svakog ponedjeljka video po va\u0161em izboru \ud83c\udfb6 Shawn Mendes: There&#8217;s Nothing Holdin&#8217; Me Back Iako ima tek 19 godina, mladi kanadski kantautor Shawn Mendes ve\u0107 je objavio dva vrlo uspje\u0161na albuma Handwritten (2015.) i Illuminate (2016.). Oba albuma uspjela su &hellip; Nastavi \u010ditati &rarr;","og_url":"https:\/\/osnovnaskolamalinskadubasnica.hr\/?page_id=1966","og_site_name":"Osnovna \u0161kola Malinska-Duba\u0161nica","article_publisher":"https:\/\/www.facebook.com\/osmalinskadubasnica\/","article_modified_time":"2017-10-01T22:06:39+00:00","og_image":[{"url":"http:\/\/osnovnaskolamalinskadubasnica.hr\/wp-content\/uploads\/disc-jockey-smiley-emoticon.gif","type":"","width":"","height":""}],"twitter_card":"summary_large_image","twitter_misc":{"Procijenjeno vrijeme \u010ditanja":"1 minuta"},"schema":{"@context":"https:\/\/schema.org","@graph":[{"@type":"WebPage","@id":"https:\/\/osnovnaskolamalinskadubasnica.hr\/?page_id=1966","url":"https:\/\/osnovnaskolamalinskadubasnica.hr\/?page_id=1966","name":"Video tjedna - Osnovna \u0161kola Malinska-Duba\u0161nica","isPartOf":{"@id":"http:\/\/osnovnaskolamalinskadubasnica.hr\/#website"},"primaryImageOfPage":{"@id":"https:\/\/osnovnaskolamalinskadubasnica.hr\/?page_id=1966#primaryimage"},"image":{"@id":"https:\/\/osnovnaskolamalinskadubasnica.hr\/?page_id=1966#primaryimage"},"thumbnailUrl":"http:\/\/osnovnaskolamalinskadubasnica.hr\/wp-content\/uploads\/disc-jockey-smiley-emoticon.gif","datePublished":"2014-03-15T14:37:15+00:00","dateModified":"2017-10-01T22:06:39+00:00","breadcrumb":{"@id":"https:\/\/osnovnaskolamalinskadubasnica.hr\/?page_id=1966#breadcrumb"},"inLanguage":"hr","potentialAction":[{"@type":"ReadAction","target":["https:\/\/osnovnaskolamalinskadubasnica.hr\/?page_id=1966"]}]},{"@type":"ImageObject","inLanguage":"hr","@id":"https:\/\/osnovnaskolamalinskadubasnica.hr\/?page_id=1966#primaryimage","url":"https:\/\/osnovnaskolamalinskadubasnica.hr\/wp-content\/uploads\/disc-jockey-smiley-emoticon.gif","contentUrl":"https:\/\/osnovnaskolamalinskadubasnica.hr\/wp-content\/uploads\/disc-jockey-smiley-emoticon.gif","width":98,"height":71},{"@type":"BreadcrumbList","@id":"https:\/\/osnovnaskolamalinskadubasnica.hr\/?page_id=1966#breadcrumb","itemListElement":[{"@type":"ListItem","position":1,"name":"Po\u010detna stranica","item":"http:\/\/osnovnaskolamalinskadubasnica.hr\/"},{"@type":"ListItem","position":2,"name":"Video tjedna"}]},{"@type":"WebSite","@id":"http:\/\/osnovnaskolamalinskadubasnica.hr\/#website","url":"http:\/\/osnovnaskolamalinskadubasnica.hr\/","name":"Osnovna \u0161kola Malinska-Duba\u0161nica","description":"","potentialAction":[{"@type":"SearchAction","target":{"@type":"EntryPoint","urlTemplate":"http:\/\/osnovnaskolamalinskadubasnica.hr\/?s={search_term_string}"},"query-input":{"@type":"PropertyValueSpecification","valueRequired":true,"valueName":"search_term_string"}}],"inLanguage":"hr"}]}},"_links":{"self":[{"href":"https:\/\/osnovnaskolamalinskadubasnica.hr\/index.php?rest_route=\/wp\/v2\/pages\/1966","targetHints":{"allow":["GET"]}}],"collection":[{"href":"https:\/\/osnovnaskolamalinskadubasnica.hr\/index.php?rest_route=\/wp\/v2\/pages"}],"about":[{"href":"https:\/\/osnovnaskolamalinskadubasnica.hr\/index.php?rest_route=\/wp\/v2\/types\/page"}],"author":[{"embeddable":true,"href":"https:\/\/osnovnaskolamalinskadubasnica.hr\/index.php?rest_route=\/wp\/v2\/users\/1"}],"replies":[{"embeddable":true,"href":"https:\/\/osnovnaskolamalinskadubasnica.hr\/index.php?rest_route=%2Fwp%2Fv2%2Fcomments&post=1966"}],"version-history":[{"count":128,"href":"https:\/\/osnovnaskolamalinskadubasnica.hr\/index.php?rest_route=\/wp\/v2\/pages\/1966\/revisions"}],"predecessor-version":[{"id":3414,"href":"https:\/\/osnovnaskolamalinskadubasnica.hr\/index.php?rest_route=\/wp\/v2\/pages\/1966\/revisions\/3414"}],"wp:attachment":[{"href":"https:\/\/osnovnaskolamalinskadubasnica.hr\/index.php?rest_route=%2Fwp%2Fv2%2Fmedia&parent=1966"}],"curies":[{"name":"wp","href":"https:\/\/api.w.org\/{rel}","templated":true}]}}

<p><span style="color: #000000;"><a href="http://osnovnaskolamalinskadubasnica.hr/wp-content/uploads/disc-jockey-smiley-emoticon.gif" data-rel="lightbox-image-0" data-rl_title="" data-rl_caption="" title=""><img loading="lazy" decoding="async" class="alignright wp-image-4787 size-full" src="http://osnovnaskolamalinskadubasnica.hr/wp-content/uploads/disc-jockey-smiley-emoticon.gif" width="98" height="71" /></a></span><span style="color: #ff0000;"><span style="color: #000000;"><span style="color: #ff0000;"><span style="color: #800000;">svakog ponedjeljka video po vašem izboru</span></span></span></span> 🎶</p>
<h3><em><span style="color: #000000;"><strong>Shawn Mendes: <span style="color: #ff0000;">There&#8217;s Nothing Holdin&#8217; Me Back</span><br />
</strong></span></em></h3>
<p style="text-align: justify;"><em><span style="color: #000000;"><img loading="lazy" decoding="async" class="alignleft wp-image-11209" src="http://osnovnaskolamalinskadubasnica.hr/wp-content/uploads/Illuminate_Official_Album_Cover_by_Shawn_Mendes.png" alt="" width="272" height="272" srcset="https://osnovnaskolamalinskadubasnica.hr/wp-content/uploads/Illuminate_Official_Album_Cover_by_Shawn_Mendes.png 300w, https://osnovnaskolamalinskadubasnica.hr/wp-content/uploads/Illuminate_Official_Album_Cover_by_Shawn_Mendes-150x150.png 150w" sizes="auto, (max-width: 272px) 100vw, 272px" />Iako ima tek 19 godina, mladi kanadski kantautor Shawn Mendes već je objavio dva vrlo uspješna albuma Handwritten (2015.) i Illuminate (2016.). Oba albuma uspjela su zauzeti prvo mjesto na US Billboard ljestvici, čime je Shawn postao jedan od samo pet pjevača u povijesti kojima je to uspjelo prije osamnaeste godine.</span><br />
</em></p>
<p style="text-align: justify;"><em><span style="color: #000000;">Video za pjesmu There&#8217;s Nothing Holdin&#8217; Me Back sniman je u Parizu, Amsterdamu, Velikoj Britaniji. Pjesma je postala veliki hit, a kritičari i publika posebno hvale live izvedbu. </span> </em></p>
<p><iframe loading="lazy" width="640" height="360" src="https://www.youtube.com/embed/dT2owtxkU8k?rel=0" frameborder="0" allowfullscreen></iframe><br />
<span style="color: #ffffff;">.</span><br />
<span style="color: #000000;">Šaljite nam svoje prijedloge za video tjedna na webskoledubasnica@gmail.com 🙂<br />
</span></p>

<p>svakog ponedjeljka video po vašem izboru 🎶 Shawn Mendes: There&#8217;s Nothing Holdin&#8217; Me Back Iako ima tek 19 godina, mladi kanadski kantautor Shawn Mendes već je objavio dva vrlo uspješna albuma Handwritten (2015.) i Illuminate (2016.). Oba albuma uspjela su &hellip; <a href="https://osnovnaskolamalinskadubasnica.hr/?page_id=1966">Nastavi čitati <span class="meta-nav">&rarr;</span></a></p>

<!-- This site is optimized with the Yoast SEO plugin v27.5 - https://yoast.com/product/yoast-seo-wordpress/ -->
<title>Video tjedna - Osnovna škola Malinska-Dubašnica</title>
<meta name="robots" content="index, follow, max-snippet:-1, max-image-preview:large, max-video-preview:-1" />
<link rel="canonical" href="https://osnovnaskolamalinskadubasnica.hr/?page_id=1966" />
<meta property="og:locale" content="hr_HR" />
<meta property="og:type" content="article" />
<meta property="og:title" content="Video tjedna - Osnovna škola Malinska-Dubašnica" />
<meta property="og:description" content="svakog ponedjeljka video po vašem izboru 🎶 Shawn Mendes: There&#8217;s Nothing Holdin&#8217; Me Back Iako ima tek 19 godina, mladi kanadski kantautor Shawn Mendes već je objavio dva vrlo uspješna albuma Handwritten (2015.) i Illuminate (2016.). Oba albuma uspjela su &hellip; Nastavi čitati &rarr;" />
<meta property="og:url" content="https://osnovnaskolamalinskadubasnica.hr/?page_id=1966" />
<meta property="og:site_name" content="Osnovna škola Malinska-Dubašnica" />
<meta property="article:publisher" content="https://www.facebook.com/osmalinskadubasnica/" />
<meta property="article:modified_time" content="2017-10-01T22:06:39+00:00" />
<meta property="og:image" content="http://osnovnaskolamalinskadubasnica.hr/wp-content/uploads/disc-jockey-smiley-emoticon.gif" />
<meta name="twitter:card" content="summary_large_image" />
<meta name="twitter:label1" content="Procijenjeno vrijeme čitanja" />
	<meta name="twitter:data1" content="1 minuta" />
<script type="application/ld+json" class="yoast-schema-graph">{"@context":"https:\/\/schema.org","@graph":[{"@type":"WebPage","@id":"https:\/\/osnovnaskolamalinskadubasnica.hr\/?page_id=1966","url":"https:\/\/osnovnaskolamalinskadubasnica.hr\/?page_id=1966","name":"Video tjedna - Osnovna škola Malinska-Dubašnica","isPartOf":{"@id":"http:\/\/osnovnaskolamalinskadubasnica.hr\/#website"},"primaryImageOfPage":{"@id":"https:\/\/osnovnaskolamalinskadubasnica.hr\/?page_id=1966#primaryimage"},"image":{"@id":"https:\/\/osnovnaskolamalinskadubasnica.hr\/?page_id=1966#primaryimage"},"thumbnailUrl":"http:\/\/osnovnaskolamalinskadubasnica.hr\/wp-content\/uploads\/disc-jockey-smiley-emoticon.gif","datePublished":"2014-03-15T14:37:15+00:00","dateModified":"2017-10-01T22:06:39+00:00","breadcrumb":{"@id":"https:\/\/osnovnaskolamalinskadubasnica.hr\/?page_id=1966#breadcrumb"},"inLanguage":"hr","potentialAction":[{"@type":"ReadAction","target":["https:\/\/osnovnaskolamalinskadubasnica.hr\/?page_id=1966"]}]},{"@type":"ImageObject","inLanguage":"hr","@id":"https:\/\/osnovnaskolamalinskadubasnica.hr\/?page_id=1966#primaryimage","url":"https:\/\/osnovnaskolamalinskadubasnica.hr\/wp-content\/uploads\/disc-jockey-smiley-emoticon.gif","contentUrl":"https:\/\/osnovnaskolamalinskadubasnica.hr\/wp-content\/uploads\/disc-jockey-smiley-emoticon.gif","width":98,"height":71},{"@type":"BreadcrumbList","@id":"https:\/\/osnovnaskolamalinskadubasnica.hr\/?page_id=1966#breadcrumb","itemListElement":[{"@type":"ListItem","position":1,"name":"Početna stranica","item":"http:\/\/osnovnaskolamalinskadubasnica.hr\/"},{"@type":"ListItem","position":2,"name":"Video tjedna"}]},{"@type":"WebSite","@id":"http:\/\/osnovnaskolamalinskadubasnica.hr\/#website","url":"http:\/\/osnovnaskolamalinskadubasnica.hr\/","name":"Osnovna škola Malinska-Dubašnica","description":"","potentialAction":[{"@type":"SearchAction","target":{"@type":"EntryPoint","urlTemplate":"http:\/\/osnovnaskolamalinskadubasnica.hr\/?s={search_term_string}"},"query-input":{"@type":"PropertyValueSpecification","valueRequired":true,"valueName":"search_term_string"}}],"inLanguage":"hr"}]}</script>
<!-- / Yoast SEO plugin. -->

Video tjedna - Osnovna škola Malinska-Dubašnica

svakog ponedjeljka video po vašem izboru 🎶 Shawn Mendes: There&#8217;s Nothing Holdin&#8217; Me Back Iako ima tek 19 godina, mladi kanadski kantautor Shawn Mendes već je objavio dva vrlo uspješna albuma Handwritten (2015.) i Illuminate (2016.). Oba albuma uspjela su &hellip; Nastavi čitati &rarr;

Osnovna škola Malinska-Dubašnica

Početna stranica
