{"id":953,"date":"2013-12-15T00:42:21","date_gmt":"2013-12-15T00:42:21","guid":{"rendered":"http:\/\/osnovnaskolakrk.hr\/malinska\/?page_id=953"},"modified":"2024-01-24T17:21:40","modified_gmt":"2024-01-24T16:21:40","slug":"sport","status":"publish","type":"page","link":"http:\/\/osnovnaskolamalinskadubasnica.hr\/?page_id=953","title":{"rendered":"Sportske vijesti"},"content":{"rendered":"<p><span style=\"font-size: 12pt;\"><em><span style=\"color: #000000;\">Na ovoj stranici mo\u017eete pratiti sportske vijesti sa raznih sportskih doga\u0111anja na kojima sudjeluju u\u010denici i u\u010ditelji na\u0161e \u0161kole<\/span><\/em><\/span><span style=\"font-size: 12pt;\"><em><span style=\"color: #000000;\">.<\/span><\/em><\/span><\/p>\n<p><span class=\"x193iq5w xeuugli x13faqbe x1vvkbs x1xmvt09 x1lliihq x1s928wv xhkezso x1gmr53x x1cpjm7i x1fgarty x1943h6x xudqn12 x3x7a5m x6prxxf xvq8zen xo1l8bm xzsf02u x1yc453h\" dir=\"auto\"><a href=\"http:\/\/osnovnaskolamalinskadubasnica.hr\/?p=27557\"><img loading=\"lazy\" decoding=\"async\" class=\"alignleft wp-image-27554\" src=\"http:\/\/osnovnaskolamalinskadubasnica.hr\/wp-content\/uploads\/luka-skijanje-web.jpg\" alt=\"\" width=\"200\" height=\"125\" srcset=\"http:\/\/osnovnaskolamalinskadubasnica.hr\/wp-content\/uploads\/luka-skijanje-web.jpg 862w, http:\/\/osnovnaskolamalinskadubasnica.hr\/wp-content\/uploads\/luka-skijanje-web-768x479.jpg 768w\" sizes=\"auto, (max-width: 200px) 100vw, 200px\" \/><\/a><a href=\"http:\/\/osnovnaskolamalinskadubasnica.hr\/?p=27557\">Luka Kova\u010devi\u0107 osvojio bron\u010danu medalju<\/a><\/span><\/p>\n<p style=\"text-align: justify;\"><span class=\"x193iq5w xeuugli x13faqbe x1vvkbs x1xmvt09 x1lliihq x1s928wv xhkezso x1gmr53x x1cpjm7i x1fgarty x1943h6x xudqn12 x3x7a5m x6prxxf xvq8zen xo1l8bm xzsf02u x1yc453h\" dir=\"auto\"><span style=\"color: #000000;\">u veleslalomu na CroSki kupu u Austriji<\/span><span class=\"x3nfvp2 x1j61x8r x1fcty0u xdj266r xhhsvwb xat24cr xgzva0m xxymvpz xlup9mm x1kky2od\"> <img loading=\"lazy\" decoding=\"async\" class=\"xz74otr\" src=\"https:\/\/static.xx.fbcdn.net\/images\/emoji.php\/v9\/tf4\/1\/16\/2728.png\" alt=\"\u2728\" width=\"16\" height=\"16\" \/><\/span><\/span><\/p>\n<p><a href=\"http:\/\/osnovnaskolamalinskadubasnica.hr\/?p=27557\"><em>Nastavi \u010ditati <span class=\"meta-nav\">\u2192<\/span><\/em><\/a><\/p>\n<p><strong><span style=\"color: #ff9900;\">__________________________________________________________<\/span><\/strong><\/p>\n<p><a href=\"http:\/\/osnovnaskolamalinskadubasnica.hr\/?p=27136\"><img loading=\"lazy\" decoding=\"async\" class=\"alignleft wp-image-27137\" src=\"http:\/\/osnovnaskolamalinskadubasnica.hr\/wp-content\/uploads\/andrinja-23-web.jpg\" alt=\"\" width=\"200\" height=\"149\" srcset=\"http:\/\/osnovnaskolamalinskadubasnica.hr\/wp-content\/uploads\/andrinja-23-web.jpg 908w, http:\/\/osnovnaskolamalinskadubasnica.hr\/wp-content\/uploads\/andrinja-23-web-768x571.jpg 768w\" sizes=\"auto, (max-width: 200px) 100vw, 200px\" \/><\/a><a href=\"http:\/\/osnovnaskolamalinskadubasnica.hr\/?p=27136\">Malonogometni turnir Andrinja 2023.<\/a><\/p>\n<p style=\"text-align: justify;\"><span style=\"color: #000000;\">Na\u0161i nogometa\u0161i vratili su se u Duba\u0161nicu s pobjedni\u010dkim peharom! <img decoding=\"async\" class=\"emoji\" role=\"img\" draggable=\"false\" src=\"https:\/\/s.w.org\/images\/core\/emoji\/13.0.1\/svg\/1f3c6.svg\" alt=\"\ud83c\udfc6\" \/> <img decoding=\"async\" class=\"emoji\" role=\"img\" draggable=\"false\" src=\"https:\/\/s.w.org\/images\/core\/emoji\/13.0.1\/svg\/2728.svg\" alt=\"\u2728\" \/><\/span><\/p>\n<p><a href=\"http:\/\/osnovnaskolamalinskadubasnica.hr\/?p=27136\"><em>Nastavi \u010ditati <span class=\"meta-nav\">\u2192<\/span><\/em><\/a><\/p>\n<p style=\"text-align: justify;\"><strong><span style=\"color: #ff6600;\">__________________________________________________________<\/span><\/strong><\/p>\n<p><a href=\"http:\/\/osnovnaskolamalinskadubasnica.hr\/?p=26207\"><img loading=\"lazy\" decoding=\"async\" class=\"alignleft\" src=\"http:\/\/osnovnaskolamalinskadubasnica.hr\/wp-content\/uploads\/leona-23-web.jpg\" alt=\"\" width=\"200\" height=\"132\" \/><\/a><a href=\"http:\/\/osnovnaskolamalinskadubasnica.hr\/?p=26207\">Leona Petrovi\u0107 osvojila dvije srebrne medalje<\/a><\/p>\n<p style=\"text-align: justify;\"><span style=\"color: #000000;\">na kickboxing prvenstvu Primorsko-goranske \u017eupanije. <img decoding=\"async\" class=\"emoji\" role=\"img\" draggable=\"false\" src=\"https:\/\/s.w.org\/images\/core\/emoji\/13.0.1\/svg\/2728.svg\" alt=\"\u2728\" \/><\/span><\/p>\n<p><a href=\"http:\/\/osnovnaskolamalinskadubasnica.hr\/?p=26207\"><em>Nastavi \u010ditati <span class=\"meta-nav\">\u2192<\/span><\/em><\/a><\/p>\n<p><strong><span style=\"color: #ff6600;\">__________________________________________________________<\/span><\/strong><\/p>\n<p><a href=\"http:\/\/osnovnaskolamalinskadubasnica.hr\/?p=22905\"><img loading=\"lazy\" decoding=\"async\" class=\"alignleft wp-image-22904\" src=\"http:\/\/osnovnaskolamalinskadubasnica.hr\/wp-content\/uploads\/paola-22-web.jpg\" alt=\"\" width=\"200\" height=\"143\" srcset=\"http:\/\/osnovnaskolamalinskadubasnica.hr\/wp-content\/uploads\/paola-22-web.jpg 874w, http:\/\/osnovnaskolamalinskadubasnica.hr\/wp-content\/uploads\/paola-22-web-768x550.jpg 768w\" sizes=\"auto, (max-width: 200px) 100vw, 200px\" \/><\/a><a href=\"http:\/\/osnovnaskolamalinskadubasnica.hr\/?p=22905\">Paola Ivana Medved zlatna na me\u0111unarodnom kickboxing kupu Kutina Open 2022<\/a><\/p>\n<p>\u010cestitke Paola Ivana! <img decoding=\"async\" class=\"emoji\" role=\"img\" draggable=\"false\" src=\"https:\/\/s.w.org\/images\/core\/emoji\/13.0.1\/svg\/2764.svg\" alt=\"\u2764\ufe0f\" \/> <strong><img decoding=\"async\" class=\"emoji\" role=\"img\" draggable=\"false\" src=\"https:\/\/s.w.org\/images\/core\/emoji\/13.0.1\/svg\/1f947.svg\" alt=\"\ud83e\udd47\" \/><\/strong> <img decoding=\"async\" class=\"emoji\" role=\"img\" draggable=\"false\" src=\"https:\/\/s.w.org\/images\/core\/emoji\/13.0.1\/svg\/2728.svg\" alt=\"\u2728\" \/><\/p>\n<p><a href=\"http:\/\/osnovnaskolamalinskadubasnica.hr\/?p=22905\"><em>Nastavi \u010ditati <span class=\"meta-nav\">\u2192<\/span><\/em><\/a><\/p>\n<p><strong><span style=\"color: #ff6600;\">__________________________________________________________<\/span><\/strong><\/p>\n<p><strong><a href=\"http:\/\/osnovnaskolamalinskadubasnica.hr\/?p=21406\"><img loading=\"lazy\" decoding=\"async\" class=\"alignleft wp-image-21404\" src=\"http:\/\/osnovnaskolamalinskadubasnica.hr\/wp-content\/uploads\/srebrni-st-web.jpg\" alt=\"\" width=\"200\" height=\"147\" srcset=\"http:\/\/osnovnaskolamalinskadubasnica.hr\/wp-content\/uploads\/srebrni-st-web.jpg 931w, http:\/\/osnovnaskolamalinskadubasnica.hr\/wp-content\/uploads\/srebrni-st-web-768x563.jpg 768w\" sizes=\"auto, (max-width: 200px) 100vw, 200px\" \/><\/a><\/strong><a href=\"http:\/\/osnovnaskolamalinskadubasnica.hr\/?p=21406\">Na\u0161i stolnotenisa\u010di viceprvaci na Dr\u017eavnom prvenstvu<\/a><\/p>\n<p style=\"text-align: justify;\"><span style=\"color: #000000;\">Na\u0161i de\u010dki ostvarili su izvrstan rezultat vrativ\u0161i se iz Pore\u010da sa osvojenim srebrnim odli\u010djem! <img decoding=\"async\" class=\"emoji\" role=\"img\" draggable=\"false\" src=\"https:\/\/s.w.org\/images\/core\/emoji\/13.0.1\/svg\/1f3c6.svg\" alt=\"\ud83c\udfc6\" \/> Bravoooo!!! <img decoding=\"async\" class=\"emoji\" role=\"img\" draggable=\"false\" src=\"https:\/\/s.w.org\/images\/core\/emoji\/13.0.1\/svg\/1f496.svg\" alt=\"\ud83d\udc96\" \/><\/span><\/p>\n<p><a href=\"http:\/\/osnovnaskolamalinskadubasnica.hr\/?p=21406\"><em>Nastavi \u010ditati <span class=\"meta-nav\">\u2192<\/span><\/em><\/a><\/p>\n<p><strong><span style=\"color: #ff6600;\">__________________________________________________________<\/span><\/strong><\/p>\n<p style=\"text-align: justify;\"><a href=\"http:\/\/osnovnaskolamalinskadubasnica.hr\/?p=13472\"><img loading=\"lazy\" decoding=\"async\" class=\"alignleft wp-image-13471\" src=\"http:\/\/osnovnaskolamalinskadubasnica.hr\/wp-content\/uploads\/strelci-drzavno-2018.jpg\" alt=\"\" width=\"200\" height=\"150\" \/><\/a><a href=\"http:\/\/osnovnaskolamalinskadubasnica.hr\/?p=13472\">Na\u0161a \u0161kola druga na Otvorenom dr\u017eavnom prvenstvu \u0161kolskih sportskih dru\u0161tava u strelja\u0161tvu<\/a><\/p>\n<p style=\"text-align: justify;\"><span style=\"color: #000000;\">Ekipa: Patrik \u0160plehar, Mario Braut i Kristian Kobrehel.<\/span><\/p>\n<p><a href=\"http:\/\/osnovnaskolamalinskadubasnica.hr\/?p=13472\"><em>Nastavi \u010ditati <span class=\"meta-nav\">\u2192<\/span><\/em><\/a><\/p>\n<p><strong><span style=\"color: #ff6600;\">__________________________________________________________<\/span><\/strong><\/p>\n<p><a href=\"http:\/\/osnovnaskolamalinskadubasnica.hr\/?p=7493\" rel=\"attachment wp-att-7489\"><img loading=\"lazy\" decoding=\"async\" class=\"alignleft wp-image-7489\" src=\"http:\/\/osnovnaskolamalinskadubasnica.hr\/wp-content\/uploads\/strijelci-naslovna.jpg\" width=\"200\" height=\"150\" srcset=\"http:\/\/osnovnaskolamalinskadubasnica.hr\/wp-content\/uploads\/strijelci-naslovna.jpg 771w, http:\/\/osnovnaskolamalinskadubasnica.hr\/wp-content\/uploads\/strijelci-naslovna-768x575.jpg 768w, http:\/\/osnovnaskolamalinskadubasnica.hr\/wp-content\/uploads\/strijelci-naslovna-250x187.jpg 250w\" sizes=\"auto, (max-width: 200px) 100vw, 200px\" \/><\/a><strong><a href=\"http:\/\/osnovnaskolamalinskadubasnica.hr\/?p=7493\">Uspje\u0161na sportska sezona na\u0161ih strijelaca<\/a><\/strong><\/p>\n<p style=\"text-align: justify;\"><span style=\"color: #000000;\">Karla i Marijeta pi\u0161u o strelja\u0161tvu i natjecanjima mladih strijelaca koji svojim uspjesima nastavljaju ispisivati lijepu i uspje\u0161nu sportsku pri\u010du o strelja\u0161tvu u Malinskoj.<\/span><\/p>\n<p><a href=\"http:\/\/osnovnaskolamalinskadubasnica.hr\/?p=7493\"><em>Nastavi \u010ditati <span class=\"meta-nav\">\u2192<\/span><\/em><\/a><\/p>\n<p><strong><span style=\"color: #ff6600;\">__________________________________________________________<\/span><\/strong><\/p>\n<p style=\"text-align: justify;\"><strong><a href=\"http:\/\/osnovnaskolamalinskadubasnica.hr\/?p=6506\"><img loading=\"lazy\" decoding=\"async\" class=\"alignleft wp-image-6509\" src=\"http:\/\/osnovnaskolamalinskadubasnica.hr\/wp-content\/uploads\/Ana-Znaor.jpg\" width=\"200\" height=\"154\" srcset=\"http:\/\/osnovnaskolamalinskadubasnica.hr\/wp-content\/uploads\/Ana-Znaor.jpg 606w, http:\/\/osnovnaskolamalinskadubasnica.hr\/wp-content\/uploads\/Ana-Znaor-250x193.jpg 250w\" sizes=\"auto, (max-width: 200px) 100vw, 200px\" \/><\/a><a href=\"http:\/\/osnovnaskolamalinskadubasnica.hr\/?p=6506\">Ana Znaor obranila titulu svjetske prvakinje<\/a><span style=\"color: #800000;\"><br \/>\n<\/span><\/strong><\/p>\n<p style=\"text-align: justify;\"><span style=\"color: #000000;\">Ana Znaor osvojila je, po \u0161esti put, zlato na svjetskom seniorskom kickboxing prvenstvu u Dublinu.<\/span><\/p>\n<p style=\"text-align: justify;\"><a href=\"http:\/\/osnovnaskolamalinskadubasnica.hr\/?p=6506\"><em>Nastavi \u010ditati <span class=\"meta-nav\">\u2192<\/span><\/em><\/a><\/p>\n<p><strong><span style=\"color: #ff6600;\">__________________________________________________________<\/span><\/strong><\/p>\n<p><a href=\"http:\/\/osnovnaskolamalinskadubasnica.hr\/?p=4823\"><img loading=\"lazy\" decoding=\"async\" class=\"alignleft wp-image-4824\" src=\"http:\/\/osnovnaskolamalinskadubasnica.hr\/wp-content\/uploads\/naslovna12.jpg\" width=\"200\" height=\"158\" srcset=\"http:\/\/osnovnaskolamalinskadubasnica.hr\/wp-content\/uploads\/naslovna12.jpg 721w, http:\/\/osnovnaskolamalinskadubasnica.hr\/wp-content\/uploads\/naslovna12-250x198.jpg 250w\" sizes=\"auto, (max-width: 200px) 100vw, 200px\" \/><\/a><strong><a title=\"Izvrsni uspjesi na\u0161ih atleti\u010dara\" href=\"http:\/\/osnovnaskolamalinskadubasnica.hr\/?p=4823\">Izvrsni uspjesi na\u0161ih atleti\u010dara<\/a><\/strong><\/p>\n<p style=\"text-align: justify;\"><span style=\"color: #000000;\">Na \u017eupanijskom natjecanju u krosu, Ana Tur\u010di\u0107 osvojila je izvrsno drugo mjesto, a i de\u010dki su bili uspje\u0161ni.<\/span><\/p>\n<p><em><a title=\"Izvrsni uspjesi na\u0161ih atleti\u010dara\" href=\"http:\/\/osnovnaskolamalinskadubasnica.hr\/?p=4823\">Nastavi \u010ditati \u2192<\/a><\/em><\/p>\n<p><strong><span style=\"color: #ff6600;\">__________________________________________________________<\/span><\/strong><\/p>\n<p><span style=\"color: #800000;\"><a href=\"http:\/\/osnovnaskolamalinskadubasnica.hr\/?p=2785\"><img loading=\"lazy\" decoding=\"async\" class=\"alignleft wp-image-2789\" src=\"http:\/\/osnovnaskolamalinskadubasnica.hr\/wp-content\/uploads\/Sarajevo.jpg\" width=\"200\" height=\"267\" srcset=\"http:\/\/osnovnaskolamalinskadubasnica.hr\/wp-content\/uploads\/Sarajevo.jpg 675w, http:\/\/osnovnaskolamalinskadubasnica.hr\/wp-content\/uploads\/Sarajevo-225x300.jpg 225w, http:\/\/osnovnaskolamalinskadubasnica.hr\/wp-content\/uploads\/Sarajevo-250x333.jpg 250w\" sizes=\"auto, (max-width: 200px) 100vw, 200px\" \/><\/a><\/span><strong><a href=\"http:\/\/osnovnaskolamalinskadubasnica.hr\/?p=2785\">Ko\u0161arka\u0161ice u Sarajevu<\/a><\/strong><\/p>\n<p style=\"text-align: justify;\"><span style=\"color: #000000;\">Igra\u010dice Ko\u0161arka\u0161kog kluba Krk sudjelovale su na turniru u Sarajevu. Me\u0111u njima, bile su i dvije duba\u0161ljanke, Nina Baj\u010di\u0107 i Ana Mil\u010deti\u0107.<\/span><\/p>\n<p style=\"text-align: justify;\"><span style=\"color: #000000;\">Saznali smo od Nine sve o njihovom putu u Sarajevo i o turniru na kojem su sudjelovale. <\/span><\/p>\n<p><em><a href=\"http:\/\/osnovnaskolamalinskadubasnica.hr\/?p=2785\">Nastavi \u010ditati \u2192<\/a><\/em><\/p>\n<p><strong><span style=\"color: #ff6600;\">\u00a0<\/span><\/strong><\/p>\n<p>&nbsp;<\/p>\n","protected":false},"excerpt":{"rendered":"<p>Na ovoj stranici mo\u017eete pratiti sportske vijesti sa raznih sportskih doga\u0111anja na kojima sudjeluju u\u010denici i u\u010ditelji na\u0161e \u0161kole. Luka Kova\u010devi\u0107 osvojio bron\u010danu medalju u veleslalomu na CroSki kupu u Austriji Nastavi \u010ditati \u2192 __________________________________________________________ Malonogometni turnir Andrinja 2023. Na\u0161i &hellip; <a href=\"http:\/\/osnovnaskolamalinskadubasnica.hr\/?page_id=953\">Nastavi \u010ditati <span class=\"meta-nav\">&rarr;<\/span><\/a><\/p>\n","protected":false},"author":1,"featured_media":0,"parent":0,"menu_order":0,"comment_status":"closed","ping_status":"closed","template":"","meta":{"footnotes":""},"class_list":["post-953","page","type-page","status-publish","hentry"],"yoast_head":"<!-- This site is optimized with the Yoast SEO plugin v27.2 - https:\/\/yoast.com\/product\/yoast-seo-wordpress\/ -->\n<title>Sportske vijesti - Osnovna \u0161kola Malinska-Duba\u0161nica<\/title>\n<meta name=\"robots\" content=\"index, follow, max-snippet:-1, max-image-preview:large, max-video-preview:-1\" \/>\n<link rel=\"canonical\" href=\"https:\/\/osnovnaskolamalinskadubasnica.hr\/?page_id=953\" \/>\n<meta property=\"og:locale\" content=\"hr_HR\" \/>\n<meta property=\"og:type\" content=\"article\" \/>\n<meta property=\"og:title\" content=\"Sportske vijesti - Osnovna \u0161kola Malinska-Duba\u0161nica\" \/>\n<meta property=\"og:description\" content=\"Na ovoj stranici mo\u017eete pratiti sportske vijesti sa raznih sportskih doga\u0111anja na kojima sudjeluju u\u010denici i u\u010ditelji na\u0161e \u0161kole. Luka Kova\u010devi\u0107 osvojio bron\u010danu medalju u veleslalomu na CroSki kupu u Austriji Nastavi \u010ditati \u2192 __________________________________________________________ Malonogometni turnir Andrinja 2023. Na\u0161i &hellip; Nastavi \u010ditati &rarr;\" \/>\n<meta property=\"og:url\" content=\"https:\/\/osnovnaskolamalinskadubasnica.hr\/?page_id=953\" \/>\n<meta property=\"og:site_name\" content=\"Osnovna \u0161kola Malinska-Duba\u0161nica\" \/>\n<meta property=\"article:publisher\" content=\"https:\/\/www.facebook.com\/osmalinskadubasnica\/\" \/>\n<meta property=\"article:modified_time\" content=\"2024-01-24T16:21:40+00:00\" \/>\n<meta property=\"og:image\" content=\"http:\/\/osnovnaskolamalinskadubasnica.hr\/wp-content\/uploads\/luka-skijanje-web.jpg\" \/>\n<meta name=\"twitter:card\" content=\"summary_large_image\" \/>\n<meta name=\"twitter:label1\" content=\"Procijenjeno vrijeme \u010ditanja\" \/>\n\t<meta name=\"twitter:data1\" content=\"6 minuta\" \/>\n<script type=\"application\/ld+json\" class=\"yoast-schema-graph\">{\"@context\":\"https:\/\/schema.org\",\"@graph\":[{\"@type\":\"WebPage\",\"@id\":\"https:\/\/osnovnaskolamalinskadubasnica.hr\/?page_id=953\",\"url\":\"https:\/\/osnovnaskolamalinskadubasnica.hr\/?page_id=953\",\"name\":\"Sportske vijesti - Osnovna \u0161kola Malinska-Duba\u0161nica\",\"isPartOf\":{\"@id\":\"https:\/\/osnovnaskolamalinskadubasnica.hr\/#website\"},\"primaryImageOfPage\":{\"@id\":\"https:\/\/osnovnaskolamalinskadubasnica.hr\/?page_id=953#primaryimage\"},\"image\":{\"@id\":\"https:\/\/osnovnaskolamalinskadubasnica.hr\/?page_id=953#primaryimage\"},\"thumbnailUrl\":\"http:\/\/osnovnaskolamalinskadubasnica.hr\/wp-content\/uploads\/luka-skijanje-web.jpg\",\"datePublished\":\"2013-12-15T00:42:21+00:00\",\"dateModified\":\"2024-01-24T16:21:40+00:00\",\"breadcrumb\":{\"@id\":\"https:\/\/osnovnaskolamalinskadubasnica.hr\/?page_id=953#breadcrumb\"},\"inLanguage\":\"hr\",\"potentialAction\":[{\"@type\":\"ReadAction\",\"target\":[\"https:\/\/osnovnaskolamalinskadubasnica.hr\/?page_id=953\"]}]},{\"@type\":\"ImageObject\",\"inLanguage\":\"hr\",\"@id\":\"https:\/\/osnovnaskolamalinskadubasnica.hr\/?page_id=953#primaryimage\",\"url\":\"http:\/\/osnovnaskolamalinskadubasnica.hr\/wp-content\/uploads\/luka-skijanje-web.jpg\",\"contentUrl\":\"http:\/\/osnovnaskolamalinskadubasnica.hr\/wp-content\/uploads\/luka-skijanje-web.jpg\",\"width\":862,\"height\":538},{\"@type\":\"BreadcrumbList\",\"@id\":\"https:\/\/osnovnaskolamalinskadubasnica.hr\/?page_id=953#breadcrumb\",\"itemListElement\":[{\"@type\":\"ListItem\",\"position\":1,\"name\":\"Po\u010detna stranica\",\"item\":\"https:\/\/osnovnaskolamalinskadubasnica.hr\/\"},{\"@type\":\"ListItem\",\"position\":2,\"name\":\"Sportske vijesti\"}]},{\"@type\":\"WebSite\",\"@id\":\"https:\/\/osnovnaskolamalinskadubasnica.hr\/#website\",\"url\":\"https:\/\/osnovnaskolamalinskadubasnica.hr\/\",\"name\":\"Osnovna \u0161kola Malinska-Duba\u0161nica\",\"description\":\"\",\"potentialAction\":[{\"@type\":\"SearchAction\",\"target\":{\"@type\":\"EntryPoint\",\"urlTemplate\":\"https:\/\/osnovnaskolamalinskadubasnica.hr\/?s={search_term_string}\"},\"query-input\":{\"@type\":\"PropertyValueSpecification\",\"valueRequired\":true,\"valueName\":\"search_term_string\"}}],\"inLanguage\":\"hr\"}]}<\/script>\n<!-- \/ Yoast SEO plugin. -->","yoast_head_json":{"title":"Sportske vijesti - Osnovna \u0161kola Malinska-Duba\u0161nica","robots":{"index":"index","follow":"follow","max-snippet":"max-snippet:-1","max-image-preview":"max-image-preview:large","max-video-preview":"max-video-preview:-1"},"canonical":"https:\/\/osnovnaskolamalinskadubasnica.hr\/?page_id=953","og_locale":"hr_HR","og_type":"article","og_title":"Sportske vijesti - Osnovna \u0161kola Malinska-Duba\u0161nica","og_description":"Na ovoj stranici mo\u017eete pratiti sportske vijesti sa raznih sportskih doga\u0111anja na kojima sudjeluju u\u010denici i u\u010ditelji na\u0161e \u0161kole. Luka Kova\u010devi\u0107 osvojio bron\u010danu medalju u veleslalomu na CroSki kupu u Austriji Nastavi \u010ditati \u2192 __________________________________________________________ Malonogometni turnir Andrinja 2023. Na\u0161i &hellip; Nastavi \u010ditati &rarr;","og_url":"https:\/\/osnovnaskolamalinskadubasnica.hr\/?page_id=953","og_site_name":"Osnovna \u0161kola Malinska-Duba\u0161nica","article_publisher":"https:\/\/www.facebook.com\/osmalinskadubasnica\/","article_modified_time":"2024-01-24T16:21:40+00:00","og_image":[{"url":"http:\/\/osnovnaskolamalinskadubasnica.hr\/wp-content\/uploads\/luka-skijanje-web.jpg","type":"","width":"","height":""}],"twitter_card":"summary_large_image","twitter_misc":{"Procijenjeno vrijeme \u010ditanja":"6 minuta"},"schema":{"@context":"https:\/\/schema.org","@graph":[{"@type":"WebPage","@id":"https:\/\/osnovnaskolamalinskadubasnica.hr\/?page_id=953","url":"https:\/\/osnovnaskolamalinskadubasnica.hr\/?page_id=953","name":"Sportske vijesti - Osnovna \u0161kola Malinska-Duba\u0161nica","isPartOf":{"@id":"https:\/\/osnovnaskolamalinskadubasnica.hr\/#website"},"primaryImageOfPage":{"@id":"https:\/\/osnovnaskolamalinskadubasnica.hr\/?page_id=953#primaryimage"},"image":{"@id":"https:\/\/osnovnaskolamalinskadubasnica.hr\/?page_id=953#primaryimage"},"thumbnailUrl":"http:\/\/osnovnaskolamalinskadubasnica.hr\/wp-content\/uploads\/luka-skijanje-web.jpg","datePublished":"2013-12-15T00:42:21+00:00","dateModified":"2024-01-24T16:21:40+00:00","breadcrumb":{"@id":"https:\/\/osnovnaskolamalinskadubasnica.hr\/?page_id=953#breadcrumb"},"inLanguage":"hr","potentialAction":[{"@type":"ReadAction","target":["https:\/\/osnovnaskolamalinskadubasnica.hr\/?page_id=953"]}]},{"@type":"ImageObject","inLanguage":"hr","@id":"https:\/\/osnovnaskolamalinskadubasnica.hr\/?page_id=953#primaryimage","url":"http:\/\/osnovnaskolamalinskadubasnica.hr\/wp-content\/uploads\/luka-skijanje-web.jpg","contentUrl":"http:\/\/osnovnaskolamalinskadubasnica.hr\/wp-content\/uploads\/luka-skijanje-web.jpg","width":862,"height":538},{"@type":"BreadcrumbList","@id":"https:\/\/osnovnaskolamalinskadubasnica.hr\/?page_id=953#breadcrumb","itemListElement":[{"@type":"ListItem","position":1,"name":"Po\u010detna stranica","item":"https:\/\/osnovnaskolamalinskadubasnica.hr\/"},{"@type":"ListItem","position":2,"name":"Sportske vijesti"}]},{"@type":"WebSite","@id":"https:\/\/osnovnaskolamalinskadubasnica.hr\/#website","url":"https:\/\/osnovnaskolamalinskadubasnica.hr\/","name":"Osnovna \u0161kola Malinska-Duba\u0161nica","description":"","potentialAction":[{"@type":"SearchAction","target":{"@type":"EntryPoint","urlTemplate":"https:\/\/osnovnaskolamalinskadubasnica.hr\/?s={search_term_string}"},"query-input":{"@type":"PropertyValueSpecification","valueRequired":true,"valueName":"search_term_string"}}],"inLanguage":"hr"}]}},"_links":{"self":[{"href":"http:\/\/osnovnaskolamalinskadubasnica.hr\/index.php?rest_route=\/wp\/v2\/pages\/953","targetHints":{"allow":["GET"]}}],"collection":[{"href":"http:\/\/osnovnaskolamalinskadubasnica.hr\/index.php?rest_route=\/wp\/v2\/pages"}],"about":[{"href":"http:\/\/osnovnaskolamalinskadubasnica.hr\/index.php?rest_route=\/wp\/v2\/types\/page"}],"author":[{"embeddable":true,"href":"http:\/\/osnovnaskolamalinskadubasnica.hr\/index.php?rest_route=\/wp\/v2\/users\/1"}],"replies":[{"embeddable":true,"href":"http:\/\/osnovnaskolamalinskadubasnica.hr\/index.php?rest_route=%2Fwp%2Fv2%2Fcomments&post=953"}],"version-history":[{"count":64,"href":"http:\/\/osnovnaskolamalinskadubasnica.hr\/index.php?rest_route=\/wp\/v2\/pages\/953\/revisions"}],"predecessor-version":[{"id":27561,"href":"http:\/\/osnovnaskolamalinskadubasnica.hr\/index.php?rest_route=\/wp\/v2\/pages\/953\/revisions\/27561"}],"wp:attachment":[{"href":"http:\/\/osnovnaskolamalinskadubasnica.hr\/index.php?rest_route=%2Fwp%2Fv2%2Fmedia&parent=953"}],"curies":[{"name":"wp","href":"https:\/\/api.w.org\/{rel}","templated":true}]}}