{"id":6909,"date":"2016-01-25T21:29:08","date_gmt":"2016-01-25T21:29:08","guid":{"rendered":"http:\/\/osnovnaskolakrk.hr\/malinska\/?page_id=6909"},"modified":"2017-03-03T22:05:58","modified_gmt":"2017-03-03T22:05:58","slug":"iz-radionice-umjetnost-rijeci","status":"publish","type":"page","link":"http:\/\/osnovnaskolamalinskadubasnica.hr\/?page_id=6909","title":{"rendered":"Iz radionice Umjetnost rije\u010di"},"content":{"rendered":"<p style=\"text-align: justify;\"><a href=\"http:\/\/osnovnaskolamalinskadubasnica.hr\/wp-content\/uploads\/RADIONICA-ZA-UMJETNOST-RIJECI-3.jpg\" rel=\"attachment wp-att-6907\" data-rel=\"lightbox-image-0\" data-rl_title=\"\" data-rl_caption=\"\" title=\"\"><img loading=\"lazy\" decoding=\"async\" class=\"alignleft wp-image-6907\" src=\"http:\/\/osnovnaskolamalinskadubasnica.hr\/wp-content\/uploads\/RADIONICA-ZA-UMJETNOST-RIJECI-3.jpg\" width=\"272\" height=\"205\" srcset=\"http:\/\/osnovnaskolamalinskadubasnica.hr\/wp-content\/uploads\/RADIONICA-ZA-UMJETNOST-RIJECI-3.jpg 568w, http:\/\/osnovnaskolamalinskadubasnica.hr\/wp-content\/uploads\/RADIONICA-ZA-UMJETNOST-RIJECI-3-250x189.jpg 250w\" sizes=\"auto, (max-width: 272px) 100vw, 272px\" \/><\/a><span style=\"color: #000000;\">Na\u0161e u\u010denice Lea Luli\u0107, Ana Kranjec i Sara Baj\u010di\u0107 sudjelovale su u radu 18. saziva <a href=\"http:\/\/osnovnaskolakrk.hr\/mala-staroslavenska-akademija-dr-antun-mahnic\/\" target=\"_blank\">Male staroslavenske akademije &#8220;Dr. Antun Mahni\u0107&#8221;<\/a> u radionici Umjetnost rije\u010di. Tema ovogodi\u0161njeg saziva Akademije bila je <em>Biskup Antun Mahni\u0107 i kr\u010dko parobrodarstvo<\/em>. Nadahnu\u0107e u \u0161etnji ovim povijesnim kutkom kr\u010dke povijesti na\u0161le su i na\u0161e mlade pjesnikinje \u010dije pjesme donosimo u nastavku. Ina\u010de, ove su pjesme izdvojene u odabiru najljep\u0161ih radova koji su prezentirani na zavr\u0161noj sve\u010danosti zatvaranja Akademije i izlo\u017ebi u\u010deni\u010dkih radova.<\/span><\/p>\n<p style=\"text-align: justify;\"><img loading=\"lazy\" decoding=\"async\" class=\"irc_mi aligncenter\" src=\"http:\/\/cliparts.co\/cliparts\/8iE\/bkn\/8iEbknAyT.png\" alt=\"\" width=\"252\" height=\"24\" \/><\/p>\n<p style=\"text-align: center;\"><em><span style=\"color: #800000;\">Oslu\u0161kujem valove<\/span><\/em><br \/>\n<em><span style=\"color: #800000;\">koji udaraju u obalu,<\/span><\/em><br \/>\n<em><span style=\"color: #800000;\">na njima se nji\u0161e lijepi parobrod.<\/span><\/em><br \/>\n<em><span style=\"color: #800000;\">Stvara kontrast,<\/span><\/em><br \/>\n<em><span style=\"color: #800000;\">po\u0161to je naran\u010dast,<\/span><\/em><br \/>\n<em><span style=\"color: #800000;\">isto kao sunce \u0161to na nebu sja.<\/span><\/em><br \/>\n<em><span style=\"color: #800000;\">I ptice lete, kao i vrijeme,<\/span><\/em><br \/>\n<em><span style=\"color: #800000;\">otkad Titanika vi\u0161e nema<\/span><\/em><br \/>\n<em><span style=\"color: #800000;\">jer ostale su samo sjene \u0161to<\/span><\/em><br \/>\n<em><span style=\"color: #800000;\">nas sjete na tebe i mene.<\/span><\/em><\/p>\n<p style=\"text-align: center;\"><em><span style=\"color: #000000;\">Lea Luli\u0107<\/span><\/em><\/p>\n<p style=\"text-align: justify;\"><img loading=\"lazy\" decoding=\"async\" class=\"irc_mi aligncenter\" src=\"http:\/\/cliparts.co\/cliparts\/8iE\/bkn\/8iEbknAyT.png\" alt=\"\" width=\"252\" height=\"24\" \/><\/p>\n<p style=\"text-align: center;\"><em><span style=\"color: #800000;\">Sjedim na klupi,<\/span><\/em><br \/>\n<em><span style=\"color: #800000;\">u daljini gledam brod,<\/span><\/em><br \/>\n<em><span style=\"color: #800000;\">tada uo\u010dih,<\/span><\/em><br \/>\n<em><span style=\"color: #800000;\">da to je<\/span><\/em><br \/>\n<em><span style=\"color: #800000;\">bio parobrod.<\/span><\/em><\/p>\n<p style=\"text-align: center;\"><em><span style=\"color: #800000;\">Zanima me koliko ljudi tone,<\/span><\/em><br \/>\n<em><span style=\"color: #800000;\">\u017eeljela bih znati ne\u0161to vi\u0161e o tome.<\/span><\/em><br \/>\n<em><span style=\"color: #800000;\">Tko zna kako se zove,<\/span><\/em><br \/>\n<em><span style=\"color: #800000;\">mo\u017eda pjesnik neki<\/span><\/em><br \/>\n<em><span style=\"color: #800000;\">stvara rimu o tome,<\/span><\/em><br \/>\n<em><span style=\"color: #800000;\">o starom parobrodu koji tone.<\/span><\/em><\/p>\n<p style=\"text-align: center;\"><em><span style=\"color: #800000;\">Sada nastavit \u0107u svoj put<\/span><\/em><br \/>\n<em><span style=\"color: #800000;\">kao onaj stari parobrod \u017eut.<\/span><\/em><\/p>\n<p style=\"text-align: center;\"><span style=\"color: #000000;\">Lea Luli\u0107 i Ana Kranjec<\/span><\/p>\n<p style=\"text-align: justify;\"><img loading=\"lazy\" decoding=\"async\" class=\"irc_mi aligncenter\" src=\"http:\/\/cliparts.co\/cliparts\/8iE\/bkn\/8iEbknAyT.png\" alt=\"\" width=\"252\" height=\"24\" \/><\/p>\n<p style=\"text-align: center;\"><em><span style=\"color: #800000;\">Nekad je plovio<\/span><\/em><br \/>\n<em><span style=\"color: #800000;\">bio svugdje,<\/span><\/em><br \/>\n<em><span style=\"color: #800000;\">a sada je sam,<\/span><\/em><br \/>\n<em><span style=\"color: #800000;\">na dnu.<\/span><\/em><\/p>\n<p style=\"text-align: center;\"><em><span style=\"color: #800000;\">Ljudi su mu se veselili,<\/span><\/em><br \/>\n<em><span style=\"color: #800000;\">do\u010dekivali ga,<\/span><\/em><br \/>\n<em><span style=\"color: #800000;\">a sada je sam,<\/span><\/em><br \/>\n<em><span style=\"color: #800000;\">na dnu.<\/span><\/em><\/p>\n<p style=\"text-align: center;\"><em><span style=\"color: #800000;\">Mo\u017eda bi \u017eivio jo\u0161 dugo<\/span><\/em><br \/>\n<em><span style=\"color: #800000;\">da nije bilo te no\u0107i,<\/span><\/em><br \/>\n<em><span style=\"color: #800000;\">no\u0107i bez zvijezda.<\/span><\/em><br \/>\n<em><span style=\"color: #800000;\">Nebo je bilo tmurno,<\/span><\/em><br \/>\n<em><span style=\"color: #800000;\">a more ga je samo progutalo.<\/span><\/em><\/p>\n<p style=\"text-align: center;\"><em><span style=\"color: #800000;\">Od tada je sam,<\/span><\/em><br \/>\n<em><span style=\"color: #800000;\">na dnu\u2026<\/span><\/em><\/p>\n<p style=\"text-align: center;\"><em><span style=\"color: #000000;\">Sara Baj\u010di\u0107<\/span><\/em><\/p>\n<p style=\"text-align: justify;\"><img loading=\"lazy\" decoding=\"async\" class=\"irc_mi aligncenter\" src=\"http:\/\/cliparts.co\/cliparts\/8iE\/bkn\/8iEbknAyT.png\" alt=\"\" width=\"252\" height=\"24\" \/><\/p>\n","protected":false},"excerpt":{"rendered":"<p>Na\u0161e u\u010denice Lea Luli\u0107, Ana Kranjec i Sara Baj\u010di\u0107 sudjelovale su u radu 18. saziva Male staroslavenske akademije &#8220;Dr. Antun Mahni\u0107&#8221; u radionici Umjetnost rije\u010di. Tema ovogodi\u0161njeg saziva Akademije bila je Biskup Antun Mahni\u0107 i kr\u010dko parobrodarstvo. Nadahnu\u0107e u \u0161etnji &hellip; <a href=\"http:\/\/osnovnaskolamalinskadubasnica.hr\/?page_id=6909\">Nastavi \u010ditati <span class=\"meta-nav\">&rarr;<\/span><\/a><\/p>\n","protected":false},"author":1,"featured_media":0,"parent":0,"menu_order":0,"comment_status":"closed","ping_status":"closed","template":"","meta":{"footnotes":""},"class_list":["post-6909","page","type-page","status-publish","hentry"],"yoast_head":"<!-- This site is optimized with the Yoast SEO plugin v27.2 - https:\/\/yoast.com\/product\/yoast-seo-wordpress\/ -->\n<title>Iz radionice Umjetnost rije\u010di - Osnovna \u0161kola Malinska-Duba\u0161nica<\/title>\n<meta name=\"robots\" content=\"index, follow, max-snippet:-1, max-image-preview:large, max-video-preview:-1\" \/>\n<link rel=\"canonical\" href=\"http:\/\/osnovnaskolamalinskadubasnica.hr\/?page_id=6909\" \/>\n<meta property=\"og:locale\" content=\"hr_HR\" \/>\n<meta property=\"og:type\" content=\"article\" \/>\n<meta property=\"og:title\" content=\"Iz radionice Umjetnost rije\u010di - Osnovna \u0161kola Malinska-Duba\u0161nica\" \/>\n<meta property=\"og:description\" content=\"Na\u0161e u\u010denice Lea Luli\u0107, Ana Kranjec i Sara Baj\u010di\u0107 sudjelovale su u radu 18. saziva Male staroslavenske akademije &#8220;Dr. Antun Mahni\u0107&#8221; u radionici Umjetnost rije\u010di. Tema ovogodi\u0161njeg saziva Akademije bila je Biskup Antun Mahni\u0107 i kr\u010dko parobrodarstvo. Nadahnu\u0107e u \u0161etnji &hellip; Nastavi \u010ditati &rarr;\" \/>\n<meta property=\"og:url\" content=\"http:\/\/osnovnaskolamalinskadubasnica.hr\/?page_id=6909\" \/>\n<meta property=\"og:site_name\" content=\"Osnovna \u0161kola Malinska-Duba\u0161nica\" \/>\n<meta property=\"article:publisher\" content=\"https:\/\/www.facebook.com\/osmalinskadubasnica\/\" \/>\n<meta property=\"article:modified_time\" content=\"2017-03-03T22:05:58+00:00\" \/>\n<meta property=\"og:image\" content=\"http:\/\/osnovnaskolamalinskadubasnica.hr\/wp-content\/uploads\/RADIONICA-ZA-UMJETNOST-RIJECI-3.jpg\" \/>\n<meta name=\"twitter:card\" content=\"summary_large_image\" \/>\n<meta name=\"twitter:label1\" content=\"Procijenjeno vrijeme \u010ditanja\" \/>\n\t<meta name=\"twitter:data1\" content=\"1 minuta\" \/>\n<script type=\"application\/ld+json\" class=\"yoast-schema-graph\">{\"@context\":\"https:\/\/schema.org\",\"@graph\":[{\"@type\":\"WebPage\",\"@id\":\"http:\/\/osnovnaskolamalinskadubasnica.hr\/?page_id=6909\",\"url\":\"http:\/\/osnovnaskolamalinskadubasnica.hr\/?page_id=6909\",\"name\":\"Iz radionice Umjetnost rije\u010di - Osnovna \u0161kola Malinska-Duba\u0161nica\",\"isPartOf\":{\"@id\":\"http:\/\/osnovnaskolamalinskadubasnica.hr\/#website\"},\"primaryImageOfPage\":{\"@id\":\"http:\/\/osnovnaskolamalinskadubasnica.hr\/?page_id=6909#primaryimage\"},\"image\":{\"@id\":\"http:\/\/osnovnaskolamalinskadubasnica.hr\/?page_id=6909#primaryimage\"},\"thumbnailUrl\":\"http:\/\/osnovnaskolamalinskadubasnica.hr\/wp-content\/uploads\/RADIONICA-ZA-UMJETNOST-RIJECI-3.jpg\",\"datePublished\":\"2016-01-25T21:29:08+00:00\",\"dateModified\":\"2017-03-03T22:05:58+00:00\",\"breadcrumb\":{\"@id\":\"http:\/\/osnovnaskolamalinskadubasnica.hr\/?page_id=6909#breadcrumb\"},\"inLanguage\":\"hr\",\"potentialAction\":[{\"@type\":\"ReadAction\",\"target\":[\"http:\/\/osnovnaskolamalinskadubasnica.hr\/?page_id=6909\"]}]},{\"@type\":\"ImageObject\",\"inLanguage\":\"hr\",\"@id\":\"http:\/\/osnovnaskolamalinskadubasnica.hr\/?page_id=6909#primaryimage\",\"url\":\"http:\/\/osnovnaskolamalinskadubasnica.hr\/wp-content\/uploads\/RADIONICA-ZA-UMJETNOST-RIJECI-3.jpg\",\"contentUrl\":\"http:\/\/osnovnaskolamalinskadubasnica.hr\/wp-content\/uploads\/RADIONICA-ZA-UMJETNOST-RIJECI-3.jpg\",\"width\":568,\"height\":429},{\"@type\":\"BreadcrumbList\",\"@id\":\"http:\/\/osnovnaskolamalinskadubasnica.hr\/?page_id=6909#breadcrumb\",\"itemListElement\":[{\"@type\":\"ListItem\",\"position\":1,\"name\":\"Po\u010detna stranica\",\"item\":\"http:\/\/osnovnaskolamalinskadubasnica.hr\/\"},{\"@type\":\"ListItem\",\"position\":2,\"name\":\"Iz radionice Umjetnost rije\u010di\"}]},{\"@type\":\"WebSite\",\"@id\":\"http:\/\/osnovnaskolamalinskadubasnica.hr\/#website\",\"url\":\"http:\/\/osnovnaskolamalinskadubasnica.hr\/\",\"name\":\"Osnovna \u0161kola Malinska-Duba\u0161nica\",\"description\":\"\",\"potentialAction\":[{\"@type\":\"SearchAction\",\"target\":{\"@type\":\"EntryPoint\",\"urlTemplate\":\"http:\/\/osnovnaskolamalinskadubasnica.hr\/?s={search_term_string}\"},\"query-input\":{\"@type\":\"PropertyValueSpecification\",\"valueRequired\":true,\"valueName\":\"search_term_string\"}}],\"inLanguage\":\"hr\"}]}<\/script>\n<!-- \/ Yoast SEO plugin. -->","yoast_head_json":{"title":"Iz radionice Umjetnost rije\u010di - Osnovna \u0161kola Malinska-Duba\u0161nica","robots":{"index":"index","follow":"follow","max-snippet":"max-snippet:-1","max-image-preview":"max-image-preview:large","max-video-preview":"max-video-preview:-1"},"canonical":"http:\/\/osnovnaskolamalinskadubasnica.hr\/?page_id=6909","og_locale":"hr_HR","og_type":"article","og_title":"Iz radionice Umjetnost rije\u010di - Osnovna \u0161kola Malinska-Duba\u0161nica","og_description":"Na\u0161e u\u010denice Lea Luli\u0107, Ana Kranjec i Sara Baj\u010di\u0107 sudjelovale su u radu 18. saziva Male staroslavenske akademije &#8220;Dr. Antun Mahni\u0107&#8221; u radionici Umjetnost rije\u010di. Tema ovogodi\u0161njeg saziva Akademije bila je Biskup Antun Mahni\u0107 i kr\u010dko parobrodarstvo. Nadahnu\u0107e u \u0161etnji &hellip; Nastavi \u010ditati &rarr;","og_url":"http:\/\/osnovnaskolamalinskadubasnica.hr\/?page_id=6909","og_site_name":"Osnovna \u0161kola Malinska-Duba\u0161nica","article_publisher":"https:\/\/www.facebook.com\/osmalinskadubasnica\/","article_modified_time":"2017-03-03T22:05:58+00:00","og_image":[{"url":"http:\/\/osnovnaskolamalinskadubasnica.hr\/wp-content\/uploads\/RADIONICA-ZA-UMJETNOST-RIJECI-3.jpg","type":"","width":"","height":""}],"twitter_card":"summary_large_image","twitter_misc":{"Procijenjeno vrijeme \u010ditanja":"1 minuta"},"schema":{"@context":"https:\/\/schema.org","@graph":[{"@type":"WebPage","@id":"http:\/\/osnovnaskolamalinskadubasnica.hr\/?page_id=6909","url":"http:\/\/osnovnaskolamalinskadubasnica.hr\/?page_id=6909","name":"Iz radionice Umjetnost rije\u010di - Osnovna \u0161kola Malinska-Duba\u0161nica","isPartOf":{"@id":"http:\/\/osnovnaskolamalinskadubasnica.hr\/#website"},"primaryImageOfPage":{"@id":"http:\/\/osnovnaskolamalinskadubasnica.hr\/?page_id=6909#primaryimage"},"image":{"@id":"http:\/\/osnovnaskolamalinskadubasnica.hr\/?page_id=6909#primaryimage"},"thumbnailUrl":"http:\/\/osnovnaskolamalinskadubasnica.hr\/wp-content\/uploads\/RADIONICA-ZA-UMJETNOST-RIJECI-3.jpg","datePublished":"2016-01-25T21:29:08+00:00","dateModified":"2017-03-03T22:05:58+00:00","breadcrumb":{"@id":"http:\/\/osnovnaskolamalinskadubasnica.hr\/?page_id=6909#breadcrumb"},"inLanguage":"hr","potentialAction":[{"@type":"ReadAction","target":["http:\/\/osnovnaskolamalinskadubasnica.hr\/?page_id=6909"]}]},{"@type":"ImageObject","inLanguage":"hr","@id":"http:\/\/osnovnaskolamalinskadubasnica.hr\/?page_id=6909#primaryimage","url":"http:\/\/osnovnaskolamalinskadubasnica.hr\/wp-content\/uploads\/RADIONICA-ZA-UMJETNOST-RIJECI-3.jpg","contentUrl":"http:\/\/osnovnaskolamalinskadubasnica.hr\/wp-content\/uploads\/RADIONICA-ZA-UMJETNOST-RIJECI-3.jpg","width":568,"height":429},{"@type":"BreadcrumbList","@id":"http:\/\/osnovnaskolamalinskadubasnica.hr\/?page_id=6909#breadcrumb","itemListElement":[{"@type":"ListItem","position":1,"name":"Po\u010detna stranica","item":"http:\/\/osnovnaskolamalinskadubasnica.hr\/"},{"@type":"ListItem","position":2,"name":"Iz radionice Umjetnost rije\u010di"}]},{"@type":"WebSite","@id":"http:\/\/osnovnaskolamalinskadubasnica.hr\/#website","url":"http:\/\/osnovnaskolamalinskadubasnica.hr\/","name":"Osnovna \u0161kola Malinska-Duba\u0161nica","description":"","potentialAction":[{"@type":"SearchAction","target":{"@type":"EntryPoint","urlTemplate":"http:\/\/osnovnaskolamalinskadubasnica.hr\/?s={search_term_string}"},"query-input":{"@type":"PropertyValueSpecification","valueRequired":true,"valueName":"search_term_string"}}],"inLanguage":"hr"}]}},"_links":{"self":[{"href":"http:\/\/osnovnaskolamalinskadubasnica.hr\/index.php?rest_route=\/wp\/v2\/pages\/6909","targetHints":{"allow":["GET"]}}],"collection":[{"href":"http:\/\/osnovnaskolamalinskadubasnica.hr\/index.php?rest_route=\/wp\/v2\/pages"}],"about":[{"href":"http:\/\/osnovnaskolamalinskadubasnica.hr\/index.php?rest_route=\/wp\/v2\/types\/page"}],"author":[{"embeddable":true,"href":"http:\/\/osnovnaskolamalinskadubasnica.hr\/index.php?rest_route=\/wp\/v2\/users\/1"}],"replies":[{"embeddable":true,"href":"http:\/\/osnovnaskolamalinskadubasnica.hr\/index.php?rest_route=%2Fwp%2Fv2%2Fcomments&post=6909"}],"version-history":[{"count":5,"href":"http:\/\/osnovnaskolamalinskadubasnica.hr\/index.php?rest_route=\/wp\/v2\/pages\/6909\/revisions"}],"predecessor-version":[{"id":9521,"href":"http:\/\/osnovnaskolamalinskadubasnica.hr\/index.php?rest_route=\/wp\/v2\/pages\/6909\/revisions\/9521"}],"wp:attachment":[{"href":"http:\/\/osnovnaskolamalinskadubasnica.hr\/index.php?rest_route=%2Fwp%2Fv2%2Fmedia&parent=6909"}],"curies":[{"name":"wp","href":"https:\/\/api.w.org\/{rel}","templated":true}]}}