{"id":6287,"date":"2015-11-13T01:05:52","date_gmt":"2015-11-13T01:05:52","guid":{"rendered":"http:\/\/osnovnaskolakrk.hr\/malinska\/?page_id=6287"},"modified":"2016-05-19T22:05:23","modified_gmt":"2016-05-19T22:05:23","slug":"predavanje-hans-christian-andersen-lik-i-djelo","status":"publish","type":"page","link":"http:\/\/osnovnaskolamalinskadubasnica.hr\/?page_id=6287","title":{"rendered":"Prezentacija: Hans Christian Andersen &#8211; \u017eivot i djelo"},"content":{"rendered":"<p style=\"text-align: justify;\"><span style=\"color: #000000;\">Knji\u017eni\u010darka i u\u010diteljica \u0110ana Krn\u010devi\u0107 pripremila je u \u0161kolskoj knji\u017enici prezentaciju i predavanje za u\u010denike mla\u0111ih razreda. Ovim je doga\u0111ajem zapo\u010deo \u0161kolski projekt upoznavanja lika i djela Hans Christiana Andersena.<br \/>\n<\/span><\/p>\n<p><iframe loading=\"lazy\" src=\"https:\/\/docs.google.com\/presentation\/d\/1lW9AVFJCyIh8_GmYbrcK7OErq7HfABIa3rq53aywaIY\/embed?start=false&amp;loop=false&amp;delayms=60000\" width=\"636\" height=\"508\" frameborder=\"0\" allowfullscreen=\"allowfullscreen\"><\/iframe><\/p>\n<p style=\"text-align: justify;\"><span style=\"color: #000000;\">prezentaciju izradila: <em>\u0110ana Krn\u010devi\u0107<\/em><\/span><\/p>\n","protected":false},"excerpt":{"rendered":"<p>Knji\u017eni\u010darka i u\u010diteljica \u0110ana Krn\u010devi\u0107 pripremila je u \u0161kolskoj knji\u017enici prezentaciju i predavanje za u\u010denike mla\u0111ih razreda. Ovim je doga\u0111ajem zapo\u010deo \u0161kolski projekt upoznavanja lika i djela Hans Christiana Andersena. prezentaciju izradila: \u0110ana Krn\u010devi\u0107<\/p>\n","protected":false},"author":1,"featured_media":0,"parent":0,"menu_order":0,"comment_status":"closed","ping_status":"closed","template":"","meta":{"footnotes":""},"class_list":["post-6287","page","type-page","status-publish","hentry"],"yoast_head":"<!-- This site is optimized with the Yoast SEO plugin v27.5 - https:\/\/yoast.com\/product\/yoast-seo-wordpress\/ -->\n<title>Prezentacija: Hans Christian Andersen - \u017eivot i djelo - Osnovna \u0161kola Malinska-Duba\u0161nica<\/title>\n<meta name=\"robots\" content=\"index, follow, max-snippet:-1, max-image-preview:large, max-video-preview:-1\" \/>\n<link rel=\"canonical\" href=\"https:\/\/osnovnaskolamalinskadubasnica.hr\/?page_id=6287\" \/>\n<meta property=\"og:locale\" content=\"hr_HR\" \/>\n<meta property=\"og:type\" content=\"article\" \/>\n<meta property=\"og:title\" content=\"Prezentacija: Hans Christian Andersen - \u017eivot i djelo - Osnovna \u0161kola Malinska-Duba\u0161nica\" \/>\n<meta property=\"og:description\" content=\"Knji\u017eni\u010darka i u\u010diteljica \u0110ana Krn\u010devi\u0107 pripremila je u \u0161kolskoj knji\u017enici prezentaciju i predavanje za u\u010denike mla\u0111ih razreda. Ovim je doga\u0111ajem zapo\u010deo \u0161kolski projekt upoznavanja lika i djela Hans Christiana Andersena. prezentaciju izradila: \u0110ana Krn\u010devi\u0107\" \/>\n<meta property=\"og:url\" content=\"https:\/\/osnovnaskolamalinskadubasnica.hr\/?page_id=6287\" \/>\n<meta property=\"og:site_name\" content=\"Osnovna \u0161kola Malinska-Duba\u0161nica\" \/>\n<meta property=\"article:publisher\" content=\"https:\/\/www.facebook.com\/osmalinskadubasnica\/\" \/>\n<meta property=\"article:modified_time\" content=\"2016-05-19T22:05:23+00:00\" \/>\n<meta name=\"twitter:card\" content=\"summary_large_image\" \/>\n<script type=\"application\/ld+json\" class=\"yoast-schema-graph\">{\"@context\":\"https:\\\/\\\/schema.org\",\"@graph\":[{\"@type\":\"WebPage\",\"@id\":\"https:\\\/\\\/osnovnaskolamalinskadubasnica.hr\\\/?page_id=6287\",\"url\":\"https:\\\/\\\/osnovnaskolamalinskadubasnica.hr\\\/?page_id=6287\",\"name\":\"Prezentacija: Hans Christian Andersen - \u017eivot i djelo - Osnovna \u0161kola Malinska-Duba\u0161nica\",\"isPartOf\":{\"@id\":\"http:\\\/\\\/osnovnaskolamalinskadubasnica.hr\\\/#website\"},\"datePublished\":\"2015-11-13T01:05:52+00:00\",\"dateModified\":\"2016-05-19T22:05:23+00:00\",\"breadcrumb\":{\"@id\":\"https:\\\/\\\/osnovnaskolamalinskadubasnica.hr\\\/?page_id=6287#breadcrumb\"},\"inLanguage\":\"hr\",\"potentialAction\":[{\"@type\":\"ReadAction\",\"target\":[\"https:\\\/\\\/osnovnaskolamalinskadubasnica.hr\\\/?page_id=6287\"]}]},{\"@type\":\"BreadcrumbList\",\"@id\":\"https:\\\/\\\/osnovnaskolamalinskadubasnica.hr\\\/?page_id=6287#breadcrumb\",\"itemListElement\":[{\"@type\":\"ListItem\",\"position\":1,\"name\":\"Po\u010detna stranica\",\"item\":\"http:\\\/\\\/osnovnaskolamalinskadubasnica.hr\\\/\"},{\"@type\":\"ListItem\",\"position\":2,\"name\":\"Prezentacija: Hans Christian Andersen &#8211; \u017eivot i djelo\"}]},{\"@type\":\"WebSite\",\"@id\":\"http:\\\/\\\/osnovnaskolamalinskadubasnica.hr\\\/#website\",\"url\":\"http:\\\/\\\/osnovnaskolamalinskadubasnica.hr\\\/\",\"name\":\"Osnovna \u0161kola Malinska-Duba\u0161nica\",\"description\":\"\",\"potentialAction\":[{\"@type\":\"SearchAction\",\"target\":{\"@type\":\"EntryPoint\",\"urlTemplate\":\"http:\\\/\\\/osnovnaskolamalinskadubasnica.hr\\\/?s={search_term_string}\"},\"query-input\":{\"@type\":\"PropertyValueSpecification\",\"valueRequired\":true,\"valueName\":\"search_term_string\"}}],\"inLanguage\":\"hr\"}]}<\/script>\n<!-- \/ Yoast SEO plugin. -->","yoast_head_json":{"title":"Prezentacija: Hans Christian Andersen - \u017eivot i djelo - Osnovna \u0161kola Malinska-Duba\u0161nica","robots":{"index":"index","follow":"follow","max-snippet":"max-snippet:-1","max-image-preview":"max-image-preview:large","max-video-preview":"max-video-preview:-1"},"canonical":"https:\/\/osnovnaskolamalinskadubasnica.hr\/?page_id=6287","og_locale":"hr_HR","og_type":"article","og_title":"Prezentacija: Hans Christian Andersen - \u017eivot i djelo - Osnovna \u0161kola Malinska-Duba\u0161nica","og_description":"Knji\u017eni\u010darka i u\u010diteljica \u0110ana Krn\u010devi\u0107 pripremila je u \u0161kolskoj knji\u017enici prezentaciju i predavanje za u\u010denike mla\u0111ih razreda. Ovim je doga\u0111ajem zapo\u010deo \u0161kolski projekt upoznavanja lika i djela Hans Christiana Andersena. prezentaciju izradila: \u0110ana Krn\u010devi\u0107","og_url":"https:\/\/osnovnaskolamalinskadubasnica.hr\/?page_id=6287","og_site_name":"Osnovna \u0161kola Malinska-Duba\u0161nica","article_publisher":"https:\/\/www.facebook.com\/osmalinskadubasnica\/","article_modified_time":"2016-05-19T22:05:23+00:00","twitter_card":"summary_large_image","schema":{"@context":"https:\/\/schema.org","@graph":[{"@type":"WebPage","@id":"https:\/\/osnovnaskolamalinskadubasnica.hr\/?page_id=6287","url":"https:\/\/osnovnaskolamalinskadubasnica.hr\/?page_id=6287","name":"Prezentacija: Hans Christian Andersen - \u017eivot i djelo - Osnovna \u0161kola Malinska-Duba\u0161nica","isPartOf":{"@id":"http:\/\/osnovnaskolamalinskadubasnica.hr\/#website"},"datePublished":"2015-11-13T01:05:52+00:00","dateModified":"2016-05-19T22:05:23+00:00","breadcrumb":{"@id":"https:\/\/osnovnaskolamalinskadubasnica.hr\/?page_id=6287#breadcrumb"},"inLanguage":"hr","potentialAction":[{"@type":"ReadAction","target":["https:\/\/osnovnaskolamalinskadubasnica.hr\/?page_id=6287"]}]},{"@type":"BreadcrumbList","@id":"https:\/\/osnovnaskolamalinskadubasnica.hr\/?page_id=6287#breadcrumb","itemListElement":[{"@type":"ListItem","position":1,"name":"Po\u010detna stranica","item":"http:\/\/osnovnaskolamalinskadubasnica.hr\/"},{"@type":"ListItem","position":2,"name":"Prezentacija: Hans Christian Andersen &#8211; \u017eivot i djelo"}]},{"@type":"WebSite","@id":"http:\/\/osnovnaskolamalinskadubasnica.hr\/#website","url":"http:\/\/osnovnaskolamalinskadubasnica.hr\/","name":"Osnovna \u0161kola Malinska-Duba\u0161nica","description":"","potentialAction":[{"@type":"SearchAction","target":{"@type":"EntryPoint","urlTemplate":"http:\/\/osnovnaskolamalinskadubasnica.hr\/?s={search_term_string}"},"query-input":{"@type":"PropertyValueSpecification","valueRequired":true,"valueName":"search_term_string"}}],"inLanguage":"hr"}]}},"_links":{"self":[{"href":"http:\/\/osnovnaskolamalinskadubasnica.hr\/index.php?rest_route=\/wp\/v2\/pages\/6287","targetHints":{"allow":["GET"]}}],"collection":[{"href":"http:\/\/osnovnaskolamalinskadubasnica.hr\/index.php?rest_route=\/wp\/v2\/pages"}],"about":[{"href":"http:\/\/osnovnaskolamalinskadubasnica.hr\/index.php?rest_route=\/wp\/v2\/types\/page"}],"author":[{"embeddable":true,"href":"http:\/\/osnovnaskolamalinskadubasnica.hr\/index.php?rest_route=\/wp\/v2\/users\/1"}],"replies":[{"embeddable":true,"href":"http:\/\/osnovnaskolamalinskadubasnica.hr\/index.php?rest_route=%2Fwp%2Fv2%2Fcomments&post=6287"}],"version-history":[{"count":5,"href":"http:\/\/osnovnaskolamalinskadubasnica.hr\/index.php?rest_route=\/wp\/v2\/pages\/6287\/revisions"}],"predecessor-version":[{"id":7823,"href":"http:\/\/osnovnaskolamalinskadubasnica.hr\/index.php?rest_route=\/wp\/v2\/pages\/6287\/revisions\/7823"}],"wp:attachment":[{"href":"http:\/\/osnovnaskolamalinskadubasnica.hr\/index.php?rest_route=%2Fwp%2Fv2%2Fmedia&parent=6287"}],"curies":[{"name":"wp","href":"https:\/\/api.w.org\/{rel}","templated":true}]}}

Prezentacija: Hans Christian Andersen &#8211; život i djelo

<p style="text-align: justify;"><span style="color: #000000;">Knjižničarka i učiteljica Đana Krnčević pripremila je u školskoj knjižnici prezentaciju i predavanje za učenike mlađih razreda. Ovim je događajem započeo školski projekt upoznavanja lika i djela Hans Christiana Andersena.<br />
</span></p>
<p><iframe loading="lazy" src="https://docs.google.com/presentation/d/1lW9AVFJCyIh8_GmYbrcK7OErq7HfABIa3rq53aywaIY/embed?start=false&amp;loop=false&amp;delayms=60000" width="636" height="508" frameborder="0" allowfullscreen="allowfullscreen"></iframe></p>
<p style="text-align: justify;"><span style="color: #000000;">prezentaciju izradila: <em>Đana Krnčević</em></span></p>

<p>Knjižničarka i učiteljica Đana Krnčević pripremila je u školskoj knjižnici prezentaciju i predavanje za učenike mlađih razreda. Ovim je događajem započeo školski projekt upoznavanja lika i djela Hans Christiana Andersena. prezentaciju izradila: Đana Krnčević</p>

<!-- This site is optimized with the Yoast SEO plugin v27.5 - https://yoast.com/product/yoast-seo-wordpress/ -->
<title>Prezentacija: Hans Christian Andersen - život i djelo - Osnovna škola Malinska-Dubašnica</title>
<meta name="robots" content="index, follow, max-snippet:-1, max-image-preview:large, max-video-preview:-1" />
<link rel="canonical" href="https://osnovnaskolamalinskadubasnica.hr/?page_id=6287" />
<meta property="og:locale" content="hr_HR" />
<meta property="og:type" content="article" />
<meta property="og:title" content="Prezentacija: Hans Christian Andersen - život i djelo - Osnovna škola Malinska-Dubašnica" />
<meta property="og:description" content="Knjižničarka i učiteljica Đana Krnčević pripremila je u školskoj knjižnici prezentaciju i predavanje za učenike mlađih razreda. Ovim je događajem započeo školski projekt upoznavanja lika i djela Hans Christiana Andersena. prezentaciju izradila: Đana Krnčević" />
<meta property="og:url" content="https://osnovnaskolamalinskadubasnica.hr/?page_id=6287" />
<meta property="og:site_name" content="Osnovna škola Malinska-Dubašnica" />
<meta property="article:publisher" content="https://www.facebook.com/osmalinskadubasnica/" />
<meta property="article:modified_time" content="2016-05-19T22:05:23+00:00" />
<meta name="twitter:card" content="summary_large_image" />
<script type="application/ld+json" class="yoast-schema-graph">{"@context":"https:\/\/schema.org","@graph":[{"@type":"WebPage","@id":"https:\/\/osnovnaskolamalinskadubasnica.hr\/?page_id=6287","url":"https:\/\/osnovnaskolamalinskadubasnica.hr\/?page_id=6287","name":"Prezentacija: Hans Christian Andersen - život i djelo - Osnovna škola Malinska-Dubašnica","isPartOf":{"@id":"http:\/\/osnovnaskolamalinskadubasnica.hr\/#website"},"datePublished":"2015-11-13T01:05:52+00:00","dateModified":"2016-05-19T22:05:23+00:00","breadcrumb":{"@id":"https:\/\/osnovnaskolamalinskadubasnica.hr\/?page_id=6287#breadcrumb"},"inLanguage":"hr","potentialAction":[{"@type":"ReadAction","target":["https:\/\/osnovnaskolamalinskadubasnica.hr\/?page_id=6287"]}]},{"@type":"BreadcrumbList","@id":"https:\/\/osnovnaskolamalinskadubasnica.hr\/?page_id=6287#breadcrumb","itemListElement":[{"@type":"ListItem","position":1,"name":"Početna stranica","item":"http:\/\/osnovnaskolamalinskadubasnica.hr\/"},{"@type":"ListItem","position":2,"name":"Prezentacija: Hans Christian Andersen &#8211; život i djelo"}]},{"@type":"WebSite","@id":"http:\/\/osnovnaskolamalinskadubasnica.hr\/#website","url":"http:\/\/osnovnaskolamalinskadubasnica.hr\/","name":"Osnovna škola Malinska-Dubašnica","description":"","potentialAction":[{"@type":"SearchAction","target":{"@type":"EntryPoint","urlTemplate":"http:\/\/osnovnaskolamalinskadubasnica.hr\/?s={search_term_string}"},"query-input":{"@type":"PropertyValueSpecification","valueRequired":true,"valueName":"search_term_string"}}],"inLanguage":"hr"}]}</script>
<!-- / Yoast SEO plugin. -->

Prezentacija: Hans Christian Andersen - život i djelo - Osnovna škola Malinska-Dubašnica

Knjižničarka i učiteljica Đana Krnčević pripremila je u školskoj knjižnici prezentaciju i predavanje za učenike mlađih razreda. Ovim je događajem započeo školski projekt upoznavanja lika i djela Hans Christiana Andersena. prezentaciju izradila: Đana Krnčević

Osnovna škola Malinska-Dubašnica

Početna stranica
