{"id":6278,"date":"2015-11-13T01:04:38","date_gmt":"2015-11-13T01:04:38","guid":{"rendered":"http:\/\/osnovnaskolakrk.hr\/malinska\/?page_id=6278"},"modified":"2023-04-06T16:41:12","modified_gmt":"2023-04-06T15:41:12","slug":"knjizevna-dogadanja","status":"publish","type":"page","link":"http:\/\/osnovnaskolamalinskadubasnica.hr\/?page_id=6278","title":{"rendered":"Knji\u017eevna doga\u0111anja"},"content":{"rendered":"<h3><strong><span style=\"color: #800000;\">\u00a0<\/span><\/strong><\/h3>\n<p><a href=\"http:\/\/osnovnaskolamalinskadubasnica.hr\/?p=24177\"><img loading=\"lazy\" decoding=\"async\" class=\"alignleft wp-image-24173\" src=\"http:\/\/osnovnaskolamalinskadubasnica.hr\/wp-content\/uploads\/rundek-web.jpg\" alt=\"\" width=\"272\" height=\"183\" srcset=\"http:\/\/osnovnaskolamalinskadubasnica.hr\/wp-content\/uploads\/rundek-web.jpg 875w, http:\/\/osnovnaskolamalinskadubasnica.hr\/wp-content\/uploads\/rundek-web-768x516.jpg 768w\" sizes=\"auto, (max-width: 272px) 100vw, 272px\" \/><\/a><strong><a href=\"http:\/\/osnovnaskolamalinskadubasnica.hr\/?p=24177\">Knji\u017eevni susret s Melitom Rundek<\/a><\/strong><\/p>\n<p style=\"text-align: justify;\"><span style=\"color: #000000;\">Dana 5. travnja, u goste nam je stigla knji\u017eevnica Melita Rundek. U organizaciji nakladni\u010dke ku\u0107e Alfa odr\u017eala je knji\u017eevni susret s u\u010denicima 3. a, 3. b i 6. a razreda.<\/span><\/p>\n<p><em><a href=\"http:\/\/osnovnaskolamalinskadubasnica.hr\/?p=24177\">Nastavi \u010ditati \u2192<\/a><\/em><\/p>\n<p><strong>________________________________________________________<\/strong><\/p>\n<p><a href=\"http:\/\/osnovnaskolamalinskadubasnica.hr\/?p=23928\"><img loading=\"lazy\" decoding=\"async\" class=\"alignleft wp-image-23927\" src=\"http:\/\/osnovnaskolamalinskadubasnica.hr\/wp-content\/uploads\/knjizevnik-23-web.jpg\" alt=\"\" width=\"272\" height=\"204\" srcset=\"http:\/\/osnovnaskolamalinskadubasnica.hr\/wp-content\/uploads\/knjizevnik-23-web.jpg 1025w, http:\/\/osnovnaskolamalinskadubasnica.hr\/wp-content\/uploads\/knjizevnik-23-web-768x575.jpg 768w\" sizes=\"auto, (max-width: 272px) 100vw, 272px\" \/><\/a><strong><a href=\"http:\/\/osnovnaskolamalinskadubasnica.hr\/?p=23928\">Knji\u017eevni susret s Jadrankom Bitencom<\/a><\/strong><\/p>\n<p style=\"text-align: justify;\"><span style=\"color: #000000;\">U na\u0161u \u0161kolu 14. o\u017eujka 2023. godine do\u0161ao je knji\u017eevnik Jadranko Bitenc. Susretu, koji je omogu\u0107ila nakladni\u010dka ku\u0107a Alfa, prisustvovali su u\u010denici 4. a i 5. a razreda.<\/span><\/p>\n<p><em><a href=\"http:\/\/osnovnaskolamalinskadubasnica.hr\/?p=23928\">Nastavi \u010ditati \u2192<\/a><\/em><\/p>\n<p><strong>________________________________________________________<\/strong><\/p>\n<p><a href=\"http:\/\/osnovnaskolamalinskadubasnica.hr\/?p=23447\"><img loading=\"lazy\" decoding=\"async\" class=\"alignleft wp-image-23443\" src=\"http:\/\/osnovnaskolamalinskadubasnica.hr\/wp-content\/uploads\/bajke-23-web.jpg\" alt=\"\" width=\"272\" height=\"203\" srcset=\"http:\/\/osnovnaskolamalinskadubasnica.hr\/wp-content\/uploads\/bajke-23-web.jpg 1003w, http:\/\/osnovnaskolamalinskadubasnica.hr\/wp-content\/uploads\/bajke-23-web-768x574.jpg 768w\" sizes=\"auto, (max-width: 272px) 100vw, 272px\" \/><\/a><a href=\"http:\/\/osnovnaskolamalinskadubasnica.hr\/?p=23447\"><strong>\u010cudesan svijet bajki u na\u0161oj \u0161koli<\/strong><\/a><\/p>\n<p style=\"text-align: justify;\"><span style=\"color: #000000;\">Bila jednom\u2026 na jedan sun\u010dani sije\u010danjski utorak pripovjeda\u010dica bajki u na\u0161oj \u0161koli. Posjetila je u\u010denike svih odjeljenja razredne nastave.<\/span><\/p>\n<p><em><a href=\"http:\/\/osnovnaskolamalinskadubasnica.hr\/?p=23447\">Nastavi \u010ditati \u2192<\/a><\/em><\/p>\n<p><strong>________________________________________________________<\/strong><\/p>\n<p><a href=\"http:\/\/osnovnaskolamalinskadubasnica.hr\/?p=16753\"><img loading=\"lazy\" decoding=\"async\" class=\"alignleft wp-image-16752\" src=\"http:\/\/osnovnaskolamalinskadubasnica.hr\/wp-content\/uploads\/melita-rundek.jpg\" alt=\"\" width=\"272\" height=\"204\" srcset=\"http:\/\/osnovnaskolamalinskadubasnica.hr\/wp-content\/uploads\/melita-rundek.jpg 910w, http:\/\/osnovnaskolamalinskadubasnica.hr\/wp-content\/uploads\/melita-rundek-768x576.jpg 768w\" sizes=\"auto, (max-width: 272px) 100vw, 272px\" \/><\/a><strong><a href=\"http:\/\/osnovnaskolamalinskadubasnica.hr\/?p=16753\">Knji\u017eevni susret s Melitom Rundek<\/a><\/strong><\/p>\n<p style=\"text-align: justify;\"><span style=\"color: #000000;\">Mjesec hrvatske knjige vrijeme je u kojem knji\u017enice diljem Hrvatske organiziraju razli\u010dite programe, radionice i gostovanja s ciljem promicanja \u010ditanja i popularizacije hrvatskih autora i njihovih djela.<\/span><\/p>\n<p><em><a href=\"http:\/\/osnovnaskolamalinskadubasnica.hr\/?p=16753\">Nastavi \u010ditati \u2192<\/a><\/em><\/p>\n<p><strong>________________________________________________________<\/strong><\/p>\n<p style=\"text-align: justify;\"><a href=\"http:\/\/osnovnaskolamalinskadubasnica.hr\/?p=13100\"><img loading=\"lazy\" decoding=\"async\" class=\"alignleft wp-image-13096\" src=\"http:\/\/osnovnaskolamalinskadubasnica.hr\/wp-content\/uploads\/sanja-pilic.jpg\" alt=\"\" width=\"272\" height=\"203\" \/><\/a><a href=\"http:\/\/osnovnaskolamalinskadubasnica.hr\/?p=13100\"><strong>Susret s knji\u017eevnicom Sanjom Pili\u0107<\/strong><\/a><\/p>\n<p style=\"text-align: justify;\"><span style=\"color: #000000;\">U \u010detvrtak, 12. travnja 2018. u\u010denici tre\u0107ih i \u010detvrtih razreda do\u017eivjeli su druga\u010diji, poseban sat Hrvatskog jezika. Naime, u goste je do\u0161la knji\u017eevnica Sanja Pili\u0107 s kojom su u\u017eivali u razgovoru o knjigama i knji\u017eevnosti. <\/span><\/p>\n<p><em><a href=\"http:\/\/osnovnaskolamalinskadubasnica.hr\/?p=13100\">Nastavi \u010ditati \u2192<\/a><\/em><\/p>\n<p><strong>________________________________________________________<\/strong><\/p>\n<p><a href=\"http:\/\/osnovnaskolamalinskadubasnica.hr\/?p=11739\"><img loading=\"lazy\" decoding=\"async\" class=\"alignleft wp-image-11725\" src=\"http:\/\/osnovnaskolamalinskadubasnica.hr\/wp-content\/uploads\/citajopsu.jpg\" alt=\"\" width=\"272\" height=\"204\" \/><\/a><strong><a href=\"http:\/\/osnovnaskolamalinskadubasnica.hr\/?p=11739\">\u010citaj (o) psu<\/a><\/strong><\/p>\n<p style=\"text-align: justify;\"><span style=\"color: #000000;\">U suradnji s Udrugom za pet therapy Indificienter Vinkuran zapo\u010deli smo u na\u0161oj \u0161koli, u \u0161kolskoj knji\u017enici, provoditi R.E.A.D \u00ae program \u010citaj (o) psu.<\/span><\/p>\n<p style=\"text-align: justify;\"><em><a href=\"http:\/\/osnovnaskolamalinskadubasnica.hr\/?p=11739\">Nastavi \u010ditati \u2192<\/a><\/em><\/p>\n<p style=\"text-align: justify;\"><strong><span style=\"color: #ff6600;\">________________________________________________________<\/span><\/strong><\/p>\n<p><a href=\"http:\/\/osnovnaskolamalinskadubasnica.hr\/?p=7788\"><img loading=\"lazy\" decoding=\"async\" class=\"alignleft wp-image-7789\" src=\"http:\/\/osnovnaskolamalinskadubasnica.hr\/wp-content\/uploads\/ZHV-naslovna.jpg\" width=\"272\" height=\"164\" srcset=\"http:\/\/osnovnaskolamalinskadubasnica.hr\/wp-content\/uploads\/ZHV-naslovna.jpg 759w, http:\/\/osnovnaskolamalinskadubasnica.hr\/wp-content\/uploads\/ZHV-naslovna-250x151.jpg 250w\" sizes=\"auto, (max-width: 272px) 100vw, 272px\" \/><\/a><strong><a href=\"http:\/\/osnovnaskolamalinskadubasnica.hr\/?p=7788\">Susret s knji\u017eevnicom \u017deljkom Horvat-Vukelja<\/a><\/strong><\/p>\n<p style=\"text-align: justify;\"><span style=\"color: #000000;\">U \u010detvrtak 12. svibnja \u017deljka Horvat-Vukelja posjetila je na\u0161u \u0161kolu.<\/span><\/p>\n<p><em><a href=\"http:\/\/osnovnaskolamalinskadubasnica.hr\/?p=7788\">Nastavi \u010ditati \u2192<\/a><\/em><\/p>\n<p><strong><span style=\"color: #ff6600;\">________________________________________________________<\/span><\/strong><\/p>\n<p><a href=\"http:\/\/osnovnaskolamalinskadubasnica.hr\/?page_id=6287\"><img loading=\"lazy\" decoding=\"async\" class=\"alignleft wp-image-6233\" src=\"http:\/\/osnovnaskolamalinskadubasnica.hr\/wp-content\/uploads\/HCAndersen.jpg\" width=\"272\" height=\"205\" srcset=\"http:\/\/osnovnaskolamalinskadubasnica.hr\/wp-content\/uploads\/HCAndersen.jpg 552w, http:\/\/osnovnaskolamalinskadubasnica.hr\/wp-content\/uploads\/HCAndersen-250x189.jpg 250w\" sizes=\"auto, (max-width: 272px) 100vw, 272px\" \/><\/a><strong><a href=\"http:\/\/osnovnaskolamalinskadubasnica.hr\/?page_id=6287\">Hans Christian Andersen \u2013 lik i djelo<\/a><\/strong><\/p>\n<p style=\"text-align: justify;\"><span style=\"color: #000000;\">Knji\u017eni\u010darka i u\u010diteljica \u0110ana Krn\u010devi\u0107 pripremila je u \u0161kolskoj knji\u017enici prezentaciju i predavanje za u\u010denike mla\u0111ih razreda. Ovim je doga\u0111ajem zapo\u010deo \u0161kolski projekt upoznavanja lika i djela Hans Christiana Andersena.<\/span><\/p>\n<p><em><a href=\"http:\/\/osnovnaskolamalinskadubasnica.hr\/?page_id=6287\">Nastavi \u010ditati \u2192<\/a><\/em><\/p>\n<p><strong><span style=\"color: #ff6600;\">________________________________________________________<\/span><\/strong><\/p>\n<p><span style=\"color: #000000;\"><a href=\"http:\/\/osnovnaskolamalinskadubasnica.hr\/?p=5228\"><img loading=\"lazy\" decoding=\"async\" class=\"alignleft wp-image-5231\" src=\"http:\/\/osnovnaskolamalinskadubasnica.hr\/wp-content\/uploads\/susret-s-knjizevnikom-03.jpg\" alt=\"\" width=\"272\" height=\"162\" srcset=\"http:\/\/osnovnaskolamalinskadubasnica.hr\/wp-content\/uploads\/susret-s-knjizevnikom-03.jpg 839w, http:\/\/osnovnaskolamalinskadubasnica.hr\/wp-content\/uploads\/susret-s-knjizevnikom-03-250x149.jpg 250w\" sizes=\"auto, (max-width: 272px) 100vw, 272px\" \/><\/a><\/span><strong><a href=\"http:\/\/osnovnaskolamalinskadubasnica.hr\/?p=5228\">Tajna Hrvoja Kova\u010devi\u0107a<\/a><\/strong><\/p>\n<p style=\"text-align: justify;\"><span style=\"color: #000000;\">Na\u0161u je \u0161kolu posjetio knji\u017eevnik Hrvoje Kova\u010devi\u0107, autor popularnih dje\u010djih romana. Predstavio je sebe i svoja knji\u017eevna djela, ispri\u010dao je kako je po\u010deo pisati i otkuda crpi inspiraciju. <\/span><\/p>\n","protected":false},"excerpt":{"rendered":"<p>\u00a0 Knji\u017eevni susret s Melitom Rundek Dana 5. travnja, u goste nam je stigla knji\u017eevnica Melita Rundek. U organizaciji nakladni\u010dke ku\u0107e Alfa odr\u017eala je knji\u017eevni susret s u\u010denicima 3. a, 3. b i 6. a razreda. Nastavi \u010ditati \u2192 ________________________________________________________ &hellip; <a href=\"http:\/\/osnovnaskolamalinskadubasnica.hr\/?page_id=6278\">Nastavi \u010ditati <span class=\"meta-nav\">&rarr;<\/span><\/a><\/p>\n","protected":false},"author":1,"featured_media":0,"parent":0,"menu_order":0,"comment_status":"closed","ping_status":"closed","template":"","meta":{"footnotes":""},"class_list":["post-6278","page","type-page","status-publish","hentry"],"yoast_head":"<!-- This site is optimized with the Yoast SEO plugin v27.5 - https:\/\/yoast.com\/product\/yoast-seo-wordpress\/ -->\n<title>Knji\u017eevna doga\u0111anja - Osnovna \u0161kola Malinska-Duba\u0161nica<\/title>\n<meta name=\"robots\" content=\"index, follow, max-snippet:-1, max-image-preview:large, max-video-preview:-1\" \/>\n<link rel=\"canonical\" href=\"https:\/\/osnovnaskolamalinskadubasnica.hr\/?page_id=6278\" \/>\n<meta property=\"og:locale\" content=\"hr_HR\" \/>\n<meta property=\"og:type\" content=\"article\" \/>\n<meta property=\"og:title\" content=\"Knji\u017eevna doga\u0111anja - Osnovna \u0161kola Malinska-Duba\u0161nica\" \/>\n<meta property=\"og:description\" content=\"\u00a0 Knji\u017eevni susret s Melitom Rundek Dana 5. travnja, u goste nam je stigla knji\u017eevnica Melita Rundek. U organizaciji nakladni\u010dke ku\u0107e Alfa odr\u017eala je knji\u017eevni susret s u\u010denicima 3. a, 3. b i 6. a razreda. Nastavi \u010ditati \u2192 ________________________________________________________ &hellip; Nastavi \u010ditati &rarr;\" \/>\n<meta property=\"og:url\" content=\"https:\/\/osnovnaskolamalinskadubasnica.hr\/?page_id=6278\" \/>\n<meta property=\"og:site_name\" content=\"Osnovna \u0161kola Malinska-Duba\u0161nica\" \/>\n<meta property=\"article:publisher\" content=\"https:\/\/www.facebook.com\/osmalinskadubasnica\/\" \/>\n<meta property=\"article:modified_time\" content=\"2023-04-06T15:41:12+00:00\" \/>\n<meta property=\"og:image\" content=\"http:\/\/osnovnaskolamalinskadubasnica.hr\/wp-content\/uploads\/rundek-web.jpg\" \/>\n<meta name=\"twitter:card\" content=\"summary_large_image\" \/>\n<meta name=\"twitter:label1\" content=\"Procijenjeno vrijeme \u010ditanja\" \/>\n\t<meta name=\"twitter:data1\" content=\"4 minute\" \/>\n<script type=\"application\/ld+json\" class=\"yoast-schema-graph\">{\"@context\":\"https:\\\/\\\/schema.org\",\"@graph\":[{\"@type\":\"WebPage\",\"@id\":\"https:\\\/\\\/osnovnaskolamalinskadubasnica.hr\\\/?page_id=6278\",\"url\":\"https:\\\/\\\/osnovnaskolamalinskadubasnica.hr\\\/?page_id=6278\",\"name\":\"Knji\u017eevna doga\u0111anja - Osnovna \u0161kola Malinska-Duba\u0161nica\",\"isPartOf\":{\"@id\":\"http:\\\/\\\/osnovnaskolamalinskadubasnica.hr\\\/#website\"},\"primaryImageOfPage\":{\"@id\":\"https:\\\/\\\/osnovnaskolamalinskadubasnica.hr\\\/?page_id=6278#primaryimage\"},\"image\":{\"@id\":\"https:\\\/\\\/osnovnaskolamalinskadubasnica.hr\\\/?page_id=6278#primaryimage\"},\"thumbnailUrl\":\"http:\\\/\\\/osnovnaskolamalinskadubasnica.hr\\\/wp-content\\\/uploads\\\/rundek-web.jpg\",\"datePublished\":\"2015-11-13T01:04:38+00:00\",\"dateModified\":\"2023-04-06T15:41:12+00:00\",\"breadcrumb\":{\"@id\":\"https:\\\/\\\/osnovnaskolamalinskadubasnica.hr\\\/?page_id=6278#breadcrumb\"},\"inLanguage\":\"hr\",\"potentialAction\":[{\"@type\":\"ReadAction\",\"target\":[\"https:\\\/\\\/osnovnaskolamalinskadubasnica.hr\\\/?page_id=6278\"]}]},{\"@type\":\"ImageObject\",\"inLanguage\":\"hr\",\"@id\":\"https:\\\/\\\/osnovnaskolamalinskadubasnica.hr\\\/?page_id=6278#primaryimage\",\"url\":\"http:\\\/\\\/osnovnaskolamalinskadubasnica.hr\\\/wp-content\\\/uploads\\\/rundek-web.jpg\",\"contentUrl\":\"http:\\\/\\\/osnovnaskolamalinskadubasnica.hr\\\/wp-content\\\/uploads\\\/rundek-web.jpg\",\"width\":875,\"height\":588},{\"@type\":\"BreadcrumbList\",\"@id\":\"https:\\\/\\\/osnovnaskolamalinskadubasnica.hr\\\/?page_id=6278#breadcrumb\",\"itemListElement\":[{\"@type\":\"ListItem\",\"position\":1,\"name\":\"Po\u010detna stranica\",\"item\":\"http:\\\/\\\/osnovnaskolamalinskadubasnica.hr\\\/\"},{\"@type\":\"ListItem\",\"position\":2,\"name\":\"Knji\u017eevna doga\u0111anja\"}]},{\"@type\":\"WebSite\",\"@id\":\"http:\\\/\\\/osnovnaskolamalinskadubasnica.hr\\\/#website\",\"url\":\"http:\\\/\\\/osnovnaskolamalinskadubasnica.hr\\\/\",\"name\":\"Osnovna \u0161kola Malinska-Duba\u0161nica\",\"description\":\"\",\"potentialAction\":[{\"@type\":\"SearchAction\",\"target\":{\"@type\":\"EntryPoint\",\"urlTemplate\":\"http:\\\/\\\/osnovnaskolamalinskadubasnica.hr\\\/?s={search_term_string}\"},\"query-input\":{\"@type\":\"PropertyValueSpecification\",\"valueRequired\":true,\"valueName\":\"search_term_string\"}}],\"inLanguage\":\"hr\"}]}<\/script>\n<!-- \/ Yoast SEO plugin. -->","yoast_head_json":{"title":"Knji\u017eevna doga\u0111anja - Osnovna \u0161kola Malinska-Duba\u0161nica","robots":{"index":"index","follow":"follow","max-snippet":"max-snippet:-1","max-image-preview":"max-image-preview:large","max-video-preview":"max-video-preview:-1"},"canonical":"https:\/\/osnovnaskolamalinskadubasnica.hr\/?page_id=6278","og_locale":"hr_HR","og_type":"article","og_title":"Knji\u017eevna doga\u0111anja - Osnovna \u0161kola Malinska-Duba\u0161nica","og_description":"\u00a0 Knji\u017eevni susret s Melitom Rundek Dana 5. travnja, u goste nam je stigla knji\u017eevnica Melita Rundek. U organizaciji nakladni\u010dke ku\u0107e Alfa odr\u017eala je knji\u017eevni susret s u\u010denicima 3. a, 3. b i 6. a razreda. Nastavi \u010ditati \u2192 ________________________________________________________ &hellip; Nastavi \u010ditati &rarr;","og_url":"https:\/\/osnovnaskolamalinskadubasnica.hr\/?page_id=6278","og_site_name":"Osnovna \u0161kola Malinska-Duba\u0161nica","article_publisher":"https:\/\/www.facebook.com\/osmalinskadubasnica\/","article_modified_time":"2023-04-06T15:41:12+00:00","og_image":[{"url":"http:\/\/osnovnaskolamalinskadubasnica.hr\/wp-content\/uploads\/rundek-web.jpg","type":"","width":"","height":""}],"twitter_card":"summary_large_image","twitter_misc":{"Procijenjeno vrijeme \u010ditanja":"4 minute"},"schema":{"@context":"https:\/\/schema.org","@graph":[{"@type":"WebPage","@id":"https:\/\/osnovnaskolamalinskadubasnica.hr\/?page_id=6278","url":"https:\/\/osnovnaskolamalinskadubasnica.hr\/?page_id=6278","name":"Knji\u017eevna doga\u0111anja - Osnovna \u0161kola Malinska-Duba\u0161nica","isPartOf":{"@id":"http:\/\/osnovnaskolamalinskadubasnica.hr\/#website"},"primaryImageOfPage":{"@id":"https:\/\/osnovnaskolamalinskadubasnica.hr\/?page_id=6278#primaryimage"},"image":{"@id":"https:\/\/osnovnaskolamalinskadubasnica.hr\/?page_id=6278#primaryimage"},"thumbnailUrl":"http:\/\/osnovnaskolamalinskadubasnica.hr\/wp-content\/uploads\/rundek-web.jpg","datePublished":"2015-11-13T01:04:38+00:00","dateModified":"2023-04-06T15:41:12+00:00","breadcrumb":{"@id":"https:\/\/osnovnaskolamalinskadubasnica.hr\/?page_id=6278#breadcrumb"},"inLanguage":"hr","potentialAction":[{"@type":"ReadAction","target":["https:\/\/osnovnaskolamalinskadubasnica.hr\/?page_id=6278"]}]},{"@type":"ImageObject","inLanguage":"hr","@id":"https:\/\/osnovnaskolamalinskadubasnica.hr\/?page_id=6278#primaryimage","url":"http:\/\/osnovnaskolamalinskadubasnica.hr\/wp-content\/uploads\/rundek-web.jpg","contentUrl":"http:\/\/osnovnaskolamalinskadubasnica.hr\/wp-content\/uploads\/rundek-web.jpg","width":875,"height":588},{"@type":"BreadcrumbList","@id":"https:\/\/osnovnaskolamalinskadubasnica.hr\/?page_id=6278#breadcrumb","itemListElement":[{"@type":"ListItem","position":1,"name":"Po\u010detna stranica","item":"http:\/\/osnovnaskolamalinskadubasnica.hr\/"},{"@type":"ListItem","position":2,"name":"Knji\u017eevna doga\u0111anja"}]},{"@type":"WebSite","@id":"http:\/\/osnovnaskolamalinskadubasnica.hr\/#website","url":"http:\/\/osnovnaskolamalinskadubasnica.hr\/","name":"Osnovna \u0161kola Malinska-Duba\u0161nica","description":"","potentialAction":[{"@type":"SearchAction","target":{"@type":"EntryPoint","urlTemplate":"http:\/\/osnovnaskolamalinskadubasnica.hr\/?s={search_term_string}"},"query-input":{"@type":"PropertyValueSpecification","valueRequired":true,"valueName":"search_term_string"}}],"inLanguage":"hr"}]}},"_links":{"self":[{"href":"http:\/\/osnovnaskolamalinskadubasnica.hr\/index.php?rest_route=\/wp\/v2\/pages\/6278","targetHints":{"allow":["GET"]}}],"collection":[{"href":"http:\/\/osnovnaskolamalinskadubasnica.hr\/index.php?rest_route=\/wp\/v2\/pages"}],"about":[{"href":"http:\/\/osnovnaskolamalinskadubasnica.hr\/index.php?rest_route=\/wp\/v2\/types\/page"}],"author":[{"embeddable":true,"href":"http:\/\/osnovnaskolamalinskadubasnica.hr\/index.php?rest_route=\/wp\/v2\/users\/1"}],"replies":[{"embeddable":true,"href":"http:\/\/osnovnaskolamalinskadubasnica.hr\/index.php?rest_route=%2Fwp%2Fv2%2Fcomments&post=6278"}],"version-history":[{"count":23,"href":"http:\/\/osnovnaskolamalinskadubasnica.hr\/index.php?rest_route=\/wp\/v2\/pages\/6278\/revisions"}],"predecessor-version":[{"id":24180,"href":"http:\/\/osnovnaskolamalinskadubasnica.hr\/index.php?rest_route=\/wp\/v2\/pages\/6278\/revisions\/24180"}],"wp:attachment":[{"href":"http:\/\/osnovnaskolamalinskadubasnica.hr\/index.php?rest_route=%2Fwp%2Fv2%2Fmedia&parent=6278"}],"curies":[{"name":"wp","href":"https:\/\/api.w.org\/{rel}","templated":true}]}}