{"id":3789,"date":"2014-10-19T23:22:10","date_gmt":"2014-10-19T23:22:10","guid":{"rendered":"http:\/\/osnovnaskolakrk.hr\/malinska\/?page_id=3789"},"modified":"2019-06-11T21:01:21","modified_gmt":"2019-06-11T21:01:21","slug":"skolski-pano","status":"publish","type":"page","link":"http:\/\/osnovnaskolamalinskadubasnica.hr\/?page_id=3789","title":{"rendered":"\u0160kolski pano"},"content":{"rendered":"<p style=\"text-align: justify;\"><em><span style=\"color: #800000;\">Na \u0161kolskim panoima obilje\u017eavaju se va\u017eni dani, blagdani, izmjenjuju se godi\u0161nja doba, prate se doga\u0111aji u \u0161koli, izleti&#8230; mi donosimo neke od najzanimljivijih \u0161kolskih panoa \ud83d\ude42<\/span><\/em><\/p>\n<p><a href=\"http:\/\/osnovnaskolamalinskadubasnica.hr\/?page_id=16076\"><img loading=\"lazy\" decoding=\"async\" class=\"alignleft wp-image-16083\" src=\"http:\/\/osnovnaskolamalinskadubasnica.hr\/wp-content\/uploads\/proljece-izlozba-radova.jpg\" alt=\"\" width=\"200\" height=\"151\" \/><\/a><strong><a href=\"http:\/\/osnovnaskolamalinskadubasnica.hr\/?page_id=16076\">Likovna pri\u010da o prolje\u0107u<\/a><\/strong><\/p>\n<p style=\"text-align: justify;\"><span style=\"color: #000000;\">\u0160kolski panoi zablistali su od ljepote proljetnih boja i kreativnosti na\u0161ih malih umjetnika.<\/span><\/p>\n<p>&nbsp;<\/p>\n<p><strong>___________________________________________________________<\/strong><\/p>\n<p><a href=\"http:\/\/osnovnaskolamalinskadubasnica.hr\/?p=12464\"><img loading=\"lazy\" decoding=\"async\" class=\"alignleft wp-image-12463\" src=\"http:\/\/osnovnaskolamalinskadubasnica.hr\/wp-content\/uploads\/psihologija-pano.jpg\" alt=\"\" width=\"200\" height=\"143\" srcset=\"http:\/\/osnovnaskolamalinskadubasnica.hr\/wp-content\/uploads\/psihologija-pano.jpg 930w, http:\/\/osnovnaskolamalinskadubasnica.hr\/wp-content\/uploads\/psihologija-pano-768x550.jpg 768w\" sizes=\"auto, (max-width: 200px) 100vw, 200px\" \/><\/a><a href=\"http:\/\/osnovnaskolamalinskadubasnica.hr\/?p=12464\"><strong>Uzmi \u0161to treba\u0161, pru\u017ei \u0161to mo\u017ee\u0161!<\/strong><\/a><\/p>\n<p style=\"text-align: justify;\"><span style=\"color: #000000;\">Zanimljiv uradak nastao u radionici za u\u010denike vi\u0161ih razreda koju je osmislila i vodila na\u0161a psihologica Matea Mrakov\u010di\u0107 Kosi\u0107.<\/span><\/p>\n<p><strong>___________________________________________________________<\/strong><\/p>\n<p style=\"text-align: justify;\"><a href=\"http:\/\/osnovnaskolamalinskadubasnica.hr\/?page_id=9863\"><img loading=\"lazy\" decoding=\"async\" class=\"alignleft wp-image-9910\" src=\"http:\/\/osnovnaskolamalinskadubasnica.hr\/wp-content\/uploads\/proljece-1.jpg\" alt=\"\" width=\"200\" height=\"134\" \/><\/a><strong><a href=\"http:\/\/osnovnaskolamalinskadubasnica.hr\/?page_id=9863\">ZVUCI I BOJE PROLJE\u0106A<\/a><\/strong><\/p>\n<p style=\"text-align: justify;\"><span style=\"color: #000000;\">Pet prekrasnih likovnih pri\u010da o zvucima i bojama prolje\u0107a. Rascvjetani panoi zablistali su radosno ba\u0161 kao i priroda na prvi dan prolje\u0107a.<\/span><\/p>\n<p style=\"text-align: justify;\"><strong><span style=\"color: #ff6600;\">___________________________________________________________<\/span><\/strong><\/p>\n<p style=\"text-align: justify;\"><strong><a href=\"http:\/\/osnovnaskolamalinskadubasnica.hr\/?page_id=7254\" rel=\"attachment wp-att-7338\"><img loading=\"lazy\" decoding=\"async\" class=\"alignleft wp-image-7338\" src=\"http:\/\/osnovnaskolamalinskadubasnica.hr\/wp-content\/uploads\/uskrs.jpg\" width=\"200\" height=\"150\" srcset=\"http:\/\/osnovnaskolamalinskadubasnica.hr\/wp-content\/uploads\/uskrs.jpg 569w, http:\/\/osnovnaskolamalinskadubasnica.hr\/wp-content\/uploads\/uskrs-250x188.jpg 250w\" sizes=\"auto, (max-width: 200px) 100vw, 200px\" \/><\/a><a href=\"http:\/\/osnovnaskolamalinskadubasnica.hr\/?page_id=7254\">VESELE USKRSNE RADIONICE<\/a><\/strong><\/p>\n<p style=\"text-align: justify;\"><span style=\"color: #000000;\">Zavirite u malu fotogaleriju u kojoj donosimo djeli\u0107 vesele atmosfere izrade uskrsnih jaja, dekoracija i panoa kojima su veliki i mali radosno obilje\u017eili blagdan Uskrsa.<\/span><\/p>\n<p style=\"text-align: justify;\"><strong><span style=\"color: #ff6600;\">___________________________________________________________<\/span><\/strong><\/p>\n<p><a title=\"\u010cizmice za svetog Nikolu\" href=\"http:\/\/osnovnaskolamalinskadubasnica.hr\/?page_id=4167\"><img loading=\"lazy\" decoding=\"async\" class=\"alignleft wp-image-4165\" src=\"http:\/\/osnovnaskolamalinskadubasnica.hr\/wp-content\/uploads\/sveti-nikola-pano.jpg\" width=\"200\" height=\"163\" srcset=\"http:\/\/osnovnaskolamalinskadubasnica.hr\/wp-content\/uploads\/sveti-nikola-pano.jpg 318w, http:\/\/osnovnaskolamalinskadubasnica.hr\/wp-content\/uploads\/sveti-nikola-pano-250x203.jpg 250w\" sizes=\"auto, (max-width: 200px) 100vw, 200px\" \/><\/a><strong><a title=\"\u010cizmice za svetog Nikolu\" href=\"http:\/\/osnovnaskolamalinskadubasnica.hr\/?page_id=4167\">BLAGDAN SVETOG NIKOLE<\/a><\/strong><\/p>\n<p style=\"text-align: justify;\"><span style=\"color: #000000;\">U\u010denici 5. b razreda izradili su ma\u0161tovite, \u0161arene, \u010dizmice i ukrasili \u0161kolski pano kako bi sve bilo spremno za dolazak omiljenog dje\u010djeg sveca, svetog Nikole.<br \/>\n<\/span><\/p>\n<p>&nbsp;<\/p>\n","protected":false},"excerpt":{"rendered":"<p>Na \u0161kolskim panoima obilje\u017eavaju se va\u017eni dani, blagdani, izmjenjuju se godi\u0161nja doba, prate se doga\u0111aji u \u0161koli, izleti&#8230; mi donosimo neke od najzanimljivijih \u0161kolskih panoa \ud83d\ude42 Likovna pri\u010da o prolje\u0107u \u0160kolski panoi zablistali su od ljepote proljetnih boja i kreativnosti &hellip; <a href=\"http:\/\/osnovnaskolamalinskadubasnica.hr\/?page_id=3789\">Nastavi \u010ditati <span class=\"meta-nav\">&rarr;<\/span><\/a><\/p>\n","protected":false},"author":1,"featured_media":0,"parent":0,"menu_order":0,"comment_status":"closed","ping_status":"closed","template":"","meta":{"footnotes":""},"class_list":["post-3789","page","type-page","status-publish","hentry"],"yoast_head":"<!-- This site is optimized with the Yoast SEO plugin v27.2 - https:\/\/yoast.com\/product\/yoast-seo-wordpress\/ -->\n<title>\u0160kolski pano - Osnovna \u0161kola Malinska-Duba\u0161nica<\/title>\n<meta name=\"robots\" content=\"index, follow, max-snippet:-1, max-image-preview:large, max-video-preview:-1\" \/>\n<link rel=\"canonical\" href=\"http:\/\/osnovnaskolamalinskadubasnica.hr\/?page_id=3789\" \/>\n<meta property=\"og:locale\" content=\"hr_HR\" \/>\n<meta property=\"og:type\" content=\"article\" \/>\n<meta property=\"og:title\" content=\"\u0160kolski pano - Osnovna \u0161kola Malinska-Duba\u0161nica\" \/>\n<meta property=\"og:description\" content=\"Na \u0161kolskim panoima obilje\u017eavaju se va\u017eni dani, blagdani, izmjenjuju se godi\u0161nja doba, prate se doga\u0111aji u \u0161koli, izleti&#8230; mi donosimo neke od najzanimljivijih \u0161kolskih panoa \ud83d\ude42 Likovna pri\u010da o prolje\u0107u \u0160kolski panoi zablistali su od ljepote proljetnih boja i kreativnosti &hellip; Nastavi \u010ditati &rarr;\" \/>\n<meta property=\"og:url\" content=\"http:\/\/osnovnaskolamalinskadubasnica.hr\/?page_id=3789\" \/>\n<meta property=\"og:site_name\" content=\"Osnovna \u0161kola Malinska-Duba\u0161nica\" \/>\n<meta property=\"article:publisher\" content=\"https:\/\/www.facebook.com\/osmalinskadubasnica\/\" \/>\n<meta property=\"article:modified_time\" content=\"2019-06-11T21:01:21+00:00\" \/>\n<meta property=\"og:image\" content=\"http:\/\/osnovnaskolamalinskadubasnica.hr\/wp-content\/uploads\/proljece-izlozba-radova.jpg\" \/>\n<meta name=\"twitter:card\" content=\"summary_large_image\" \/>\n<meta name=\"twitter:label1\" content=\"Procijenjeno vrijeme \u010ditanja\" \/>\n\t<meta name=\"twitter:data1\" content=\"1 minuta\" \/>\n<script type=\"application\/ld+json\" class=\"yoast-schema-graph\">{\"@context\":\"https:\/\/schema.org\",\"@graph\":[{\"@type\":\"WebPage\",\"@id\":\"http:\/\/osnovnaskolamalinskadubasnica.hr\/?page_id=3789\",\"url\":\"http:\/\/osnovnaskolamalinskadubasnica.hr\/?page_id=3789\",\"name\":\"\u0160kolski pano - Osnovna \u0161kola Malinska-Duba\u0161nica\",\"isPartOf\":{\"@id\":\"http:\/\/osnovnaskolamalinskadubasnica.hr\/#website\"},\"primaryImageOfPage\":{\"@id\":\"http:\/\/osnovnaskolamalinskadubasnica.hr\/?page_id=3789#primaryimage\"},\"image\":{\"@id\":\"http:\/\/osnovnaskolamalinskadubasnica.hr\/?page_id=3789#primaryimage\"},\"thumbnailUrl\":\"http:\/\/osnovnaskolamalinskadubasnica.hr\/wp-content\/uploads\/proljece-izlozba-radova.jpg\",\"datePublished\":\"2014-10-19T23:22:10+00:00\",\"dateModified\":\"2019-06-11T21:01:21+00:00\",\"breadcrumb\":{\"@id\":\"http:\/\/osnovnaskolamalinskadubasnica.hr\/?page_id=3789#breadcrumb\"},\"inLanguage\":\"hr\",\"potentialAction\":[{\"@type\":\"ReadAction\",\"target\":[\"http:\/\/osnovnaskolamalinskadubasnica.hr\/?page_id=3789\"]}]},{\"@type\":\"ImageObject\",\"inLanguage\":\"hr\",\"@id\":\"http:\/\/osnovnaskolamalinskadubasnica.hr\/?page_id=3789#primaryimage\",\"url\":\"http:\/\/osnovnaskolamalinskadubasnica.hr\/wp-content\/uploads\/proljece-izlozba-radova.jpg\",\"contentUrl\":\"http:\/\/osnovnaskolamalinskadubasnica.hr\/wp-content\/uploads\/proljece-izlozba-radova.jpg\",\"width\":535,\"height\":404},{\"@type\":\"BreadcrumbList\",\"@id\":\"http:\/\/osnovnaskolamalinskadubasnica.hr\/?page_id=3789#breadcrumb\",\"itemListElement\":[{\"@type\":\"ListItem\",\"position\":1,\"name\":\"Po\u010detna stranica\",\"item\":\"http:\/\/osnovnaskolamalinskadubasnica.hr\/\"},{\"@type\":\"ListItem\",\"position\":2,\"name\":\"\u0160kolski pano\"}]},{\"@type\":\"WebSite\",\"@id\":\"http:\/\/osnovnaskolamalinskadubasnica.hr\/#website\",\"url\":\"http:\/\/osnovnaskolamalinskadubasnica.hr\/\",\"name\":\"Osnovna \u0161kola Malinska-Duba\u0161nica\",\"description\":\"\",\"potentialAction\":[{\"@type\":\"SearchAction\",\"target\":{\"@type\":\"EntryPoint\",\"urlTemplate\":\"http:\/\/osnovnaskolamalinskadubasnica.hr\/?s={search_term_string}\"},\"query-input\":{\"@type\":\"PropertyValueSpecification\",\"valueRequired\":true,\"valueName\":\"search_term_string\"}}],\"inLanguage\":\"hr\"}]}<\/script>\n<!-- \/ Yoast SEO plugin. -->","yoast_head_json":{"title":"\u0160kolski pano - Osnovna \u0161kola Malinska-Duba\u0161nica","robots":{"index":"index","follow":"follow","max-snippet":"max-snippet:-1","max-image-preview":"max-image-preview:large","max-video-preview":"max-video-preview:-1"},"canonical":"http:\/\/osnovnaskolamalinskadubasnica.hr\/?page_id=3789","og_locale":"hr_HR","og_type":"article","og_title":"\u0160kolski pano - Osnovna \u0161kola Malinska-Duba\u0161nica","og_description":"Na \u0161kolskim panoima obilje\u017eavaju se va\u017eni dani, blagdani, izmjenjuju se godi\u0161nja doba, prate se doga\u0111aji u \u0161koli, izleti&#8230; mi donosimo neke od najzanimljivijih \u0161kolskih panoa \ud83d\ude42 Likovna pri\u010da o prolje\u0107u \u0160kolski panoi zablistali su od ljepote proljetnih boja i kreativnosti &hellip; Nastavi \u010ditati &rarr;","og_url":"http:\/\/osnovnaskolamalinskadubasnica.hr\/?page_id=3789","og_site_name":"Osnovna \u0161kola Malinska-Duba\u0161nica","article_publisher":"https:\/\/www.facebook.com\/osmalinskadubasnica\/","article_modified_time":"2019-06-11T21:01:21+00:00","og_image":[{"url":"http:\/\/osnovnaskolamalinskadubasnica.hr\/wp-content\/uploads\/proljece-izlozba-radova.jpg","type":"","width":"","height":""}],"twitter_card":"summary_large_image","twitter_misc":{"Procijenjeno vrijeme \u010ditanja":"1 minuta"},"schema":{"@context":"https:\/\/schema.org","@graph":[{"@type":"WebPage","@id":"http:\/\/osnovnaskolamalinskadubasnica.hr\/?page_id=3789","url":"http:\/\/osnovnaskolamalinskadubasnica.hr\/?page_id=3789","name":"\u0160kolski pano - Osnovna \u0161kola Malinska-Duba\u0161nica","isPartOf":{"@id":"http:\/\/osnovnaskolamalinskadubasnica.hr\/#website"},"primaryImageOfPage":{"@id":"http:\/\/osnovnaskolamalinskadubasnica.hr\/?page_id=3789#primaryimage"},"image":{"@id":"http:\/\/osnovnaskolamalinskadubasnica.hr\/?page_id=3789#primaryimage"},"thumbnailUrl":"http:\/\/osnovnaskolamalinskadubasnica.hr\/wp-content\/uploads\/proljece-izlozba-radova.jpg","datePublished":"2014-10-19T23:22:10+00:00","dateModified":"2019-06-11T21:01:21+00:00","breadcrumb":{"@id":"http:\/\/osnovnaskolamalinskadubasnica.hr\/?page_id=3789#breadcrumb"},"inLanguage":"hr","potentialAction":[{"@type":"ReadAction","target":["http:\/\/osnovnaskolamalinskadubasnica.hr\/?page_id=3789"]}]},{"@type":"ImageObject","inLanguage":"hr","@id":"http:\/\/osnovnaskolamalinskadubasnica.hr\/?page_id=3789#primaryimage","url":"http:\/\/osnovnaskolamalinskadubasnica.hr\/wp-content\/uploads\/proljece-izlozba-radova.jpg","contentUrl":"http:\/\/osnovnaskolamalinskadubasnica.hr\/wp-content\/uploads\/proljece-izlozba-radova.jpg","width":535,"height":404},{"@type":"BreadcrumbList","@id":"http:\/\/osnovnaskolamalinskadubasnica.hr\/?page_id=3789#breadcrumb","itemListElement":[{"@type":"ListItem","position":1,"name":"Po\u010detna stranica","item":"http:\/\/osnovnaskolamalinskadubasnica.hr\/"},{"@type":"ListItem","position":2,"name":"\u0160kolski pano"}]},{"@type":"WebSite","@id":"http:\/\/osnovnaskolamalinskadubasnica.hr\/#website","url":"http:\/\/osnovnaskolamalinskadubasnica.hr\/","name":"Osnovna \u0161kola Malinska-Duba\u0161nica","description":"","potentialAction":[{"@type":"SearchAction","target":{"@type":"EntryPoint","urlTemplate":"http:\/\/osnovnaskolamalinskadubasnica.hr\/?s={search_term_string}"},"query-input":{"@type":"PropertyValueSpecification","valueRequired":true,"valueName":"search_term_string"}}],"inLanguage":"hr"}]}},"_links":{"self":[{"href":"http:\/\/osnovnaskolamalinskadubasnica.hr\/index.php?rest_route=\/wp\/v2\/pages\/3789","targetHints":{"allow":["GET"]}}],"collection":[{"href":"http:\/\/osnovnaskolamalinskadubasnica.hr\/index.php?rest_route=\/wp\/v2\/pages"}],"about":[{"href":"http:\/\/osnovnaskolamalinskadubasnica.hr\/index.php?rest_route=\/wp\/v2\/types\/page"}],"author":[{"embeddable":true,"href":"http:\/\/osnovnaskolamalinskadubasnica.hr\/index.php?rest_route=\/wp\/v2\/users\/1"}],"replies":[{"embeddable":true,"href":"http:\/\/osnovnaskolamalinskadubasnica.hr\/index.php?rest_route=%2Fwp%2Fv2%2Fcomments&post=3789"}],"version-history":[{"count":22,"href":"http:\/\/osnovnaskolamalinskadubasnica.hr\/index.php?rest_route=\/wp\/v2\/pages\/3789\/revisions"}],"predecessor-version":[{"id":16085,"href":"http:\/\/osnovnaskolamalinskadubasnica.hr\/index.php?rest_route=\/wp\/v2\/pages\/3789\/revisions\/16085"}],"wp:attachment":[{"href":"http:\/\/osnovnaskolamalinskadubasnica.hr\/index.php?rest_route=%2Fwp%2Fv2%2Fmedia&parent=3789"}],"curies":[{"name":"wp","href":"https:\/\/api.w.org\/{rel}","templated":true}]}}