{"id":3386,"date":"2014-07-14T21:56:19","date_gmt":"2014-07-14T21:56:19","guid":{"rendered":"http:\/\/osnovnaskolakrk.hr\/malinska\/?page_id=3386"},"modified":"2014-07-14T21:57:12","modified_gmt":"2014-07-14T21:57:12","slug":"bili-smo-jednom-najbolji","status":"publish","type":"page","link":"http:\/\/osnovnaskolamalinskadubasnica.hr\/?page_id=3386","title":{"rendered":"Bili smo jednom najbolji"},"content":{"rendered":"<h3><span style=\"color: #800000;\">Pri\u010da o generaciji osma\u0161a 2013.\/2014 iz \u0161kole Duba\u0161nica \ud83d\ude42<br \/>\n<\/span><\/h3>\n<p><span style=\"color: #000000;\">autori videa: Eugen Koci\u0107 i Rene Spicijari\u0107<\/span><br \/>\n<span style=\"color: #000000;\">autor glazbe: Eugen Koci\u0107<\/span><\/p>\n<p><iframe loading=\"lazy\" src=\"\/\/www.youtube.com\/embed\/obc8f6-Effo?rel=0\" width=\"636\" height=\"358\" frameborder=\"0\" allowfullscreen=\"allowfullscreen\"><\/iframe><\/p>\n","protected":false},"excerpt":{"rendered":"<p>Pri\u010da o generaciji osma\u0161a 2013.\/2014 iz \u0161kole Duba\u0161nica \ud83d\ude42 autori videa: Eugen Koci\u0107 i Rene Spicijari\u0107 autor glazbe: Eugen Koci\u0107<\/p>\n","protected":false},"author":1,"featured_media":0,"parent":0,"menu_order":0,"comment_status":"closed","ping_status":"closed","template":"","meta":{"footnotes":""},"class_list":["post-3386","page","type-page","status-publish","hentry"],"yoast_head":"<!-- This site is optimized with the Yoast SEO plugin v27.5 - https:\/\/yoast.com\/product\/yoast-seo-wordpress\/ -->\n<title>Bili smo jednom najbolji - Osnovna \u0161kola Malinska-Duba\u0161nica<\/title>\n<meta name=\"robots\" content=\"index, follow, max-snippet:-1, max-image-preview:large, max-video-preview:-1\" \/>\n<link rel=\"canonical\" href=\"https:\/\/osnovnaskolamalinskadubasnica.hr\/?page_id=3386\" \/>\n<meta property=\"og:locale\" content=\"hr_HR\" \/>\n<meta property=\"og:type\" content=\"article\" \/>\n<meta property=\"og:title\" content=\"Bili smo jednom najbolji - Osnovna \u0161kola Malinska-Duba\u0161nica\" \/>\n<meta property=\"og:description\" content=\"Pri\u010da o generaciji osma\u0161a 2013.\/2014 iz \u0161kole Duba\u0161nica \ud83d\ude42 autori videa: Eugen Koci\u0107 i Rene Spicijari\u0107 autor glazbe: Eugen Koci\u0107\" \/>\n<meta property=\"og:url\" content=\"https:\/\/osnovnaskolamalinskadubasnica.hr\/?page_id=3386\" \/>\n<meta property=\"og:site_name\" content=\"Osnovna \u0161kola Malinska-Duba\u0161nica\" \/>\n<meta property=\"article:publisher\" content=\"https:\/\/www.facebook.com\/osmalinskadubasnica\/\" \/>\n<meta property=\"article:modified_time\" content=\"2014-07-14T21:57:12+00:00\" \/>\n<meta name=\"twitter:card\" content=\"summary_large_image\" \/>\n<script type=\"application\/ld+json\" class=\"yoast-schema-graph\">{\"@context\":\"https:\\\/\\\/schema.org\",\"@graph\":[{\"@type\":\"WebPage\",\"@id\":\"https:\\\/\\\/osnovnaskolamalinskadubasnica.hr\\\/?page_id=3386\",\"url\":\"https:\\\/\\\/osnovnaskolamalinskadubasnica.hr\\\/?page_id=3386\",\"name\":\"Bili smo jednom najbolji - Osnovna \u0161kola Malinska-Duba\u0161nica\",\"isPartOf\":{\"@id\":\"http:\\\/\\\/osnovnaskolamalinskadubasnica.hr\\\/#website\"},\"datePublished\":\"2014-07-14T21:56:19+00:00\",\"dateModified\":\"2014-07-14T21:57:12+00:00\",\"breadcrumb\":{\"@id\":\"https:\\\/\\\/osnovnaskolamalinskadubasnica.hr\\\/?page_id=3386#breadcrumb\"},\"inLanguage\":\"hr\",\"potentialAction\":[{\"@type\":\"ReadAction\",\"target\":[\"https:\\\/\\\/osnovnaskolamalinskadubasnica.hr\\\/?page_id=3386\"]}]},{\"@type\":\"BreadcrumbList\",\"@id\":\"https:\\\/\\\/osnovnaskolamalinskadubasnica.hr\\\/?page_id=3386#breadcrumb\",\"itemListElement\":[{\"@type\":\"ListItem\",\"position\":1,\"name\":\"Po\u010detna stranica\",\"item\":\"http:\\\/\\\/osnovnaskolamalinskadubasnica.hr\\\/\"},{\"@type\":\"ListItem\",\"position\":2,\"name\":\"Bili smo jednom najbolji\"}]},{\"@type\":\"WebSite\",\"@id\":\"http:\\\/\\\/osnovnaskolamalinskadubasnica.hr\\\/#website\",\"url\":\"http:\\\/\\\/osnovnaskolamalinskadubasnica.hr\\\/\",\"name\":\"Osnovna \u0161kola Malinska-Duba\u0161nica\",\"description\":\"\",\"potentialAction\":[{\"@type\":\"SearchAction\",\"target\":{\"@type\":\"EntryPoint\",\"urlTemplate\":\"http:\\\/\\\/osnovnaskolamalinskadubasnica.hr\\\/?s={search_term_string}\"},\"query-input\":{\"@type\":\"PropertyValueSpecification\",\"valueRequired\":true,\"valueName\":\"search_term_string\"}}],\"inLanguage\":\"hr\"}]}<\/script>\n<!-- \/ Yoast SEO plugin. -->","yoast_head_json":{"title":"Bili smo jednom najbolji - Osnovna \u0161kola Malinska-Duba\u0161nica","robots":{"index":"index","follow":"follow","max-snippet":"max-snippet:-1","max-image-preview":"max-image-preview:large","max-video-preview":"max-video-preview:-1"},"canonical":"https:\/\/osnovnaskolamalinskadubasnica.hr\/?page_id=3386","og_locale":"hr_HR","og_type":"article","og_title":"Bili smo jednom najbolji - Osnovna \u0161kola Malinska-Duba\u0161nica","og_description":"Pri\u010da o generaciji osma\u0161a 2013.\/2014 iz \u0161kole Duba\u0161nica \ud83d\ude42 autori videa: Eugen Koci\u0107 i Rene Spicijari\u0107 autor glazbe: Eugen Koci\u0107","og_url":"https:\/\/osnovnaskolamalinskadubasnica.hr\/?page_id=3386","og_site_name":"Osnovna \u0161kola Malinska-Duba\u0161nica","article_publisher":"https:\/\/www.facebook.com\/osmalinskadubasnica\/","article_modified_time":"2014-07-14T21:57:12+00:00","twitter_card":"summary_large_image","schema":{"@context":"https:\/\/schema.org","@graph":[{"@type":"WebPage","@id":"https:\/\/osnovnaskolamalinskadubasnica.hr\/?page_id=3386","url":"https:\/\/osnovnaskolamalinskadubasnica.hr\/?page_id=3386","name":"Bili smo jednom najbolji - Osnovna \u0161kola Malinska-Duba\u0161nica","isPartOf":{"@id":"http:\/\/osnovnaskolamalinskadubasnica.hr\/#website"},"datePublished":"2014-07-14T21:56:19+00:00","dateModified":"2014-07-14T21:57:12+00:00","breadcrumb":{"@id":"https:\/\/osnovnaskolamalinskadubasnica.hr\/?page_id=3386#breadcrumb"},"inLanguage":"hr","potentialAction":[{"@type":"ReadAction","target":["https:\/\/osnovnaskolamalinskadubasnica.hr\/?page_id=3386"]}]},{"@type":"BreadcrumbList","@id":"https:\/\/osnovnaskolamalinskadubasnica.hr\/?page_id=3386#breadcrumb","itemListElement":[{"@type":"ListItem","position":1,"name":"Po\u010detna stranica","item":"http:\/\/osnovnaskolamalinskadubasnica.hr\/"},{"@type":"ListItem","position":2,"name":"Bili smo jednom najbolji"}]},{"@type":"WebSite","@id":"http:\/\/osnovnaskolamalinskadubasnica.hr\/#website","url":"http:\/\/osnovnaskolamalinskadubasnica.hr\/","name":"Osnovna \u0161kola Malinska-Duba\u0161nica","description":"","potentialAction":[{"@type":"SearchAction","target":{"@type":"EntryPoint","urlTemplate":"http:\/\/osnovnaskolamalinskadubasnica.hr\/?s={search_term_string}"},"query-input":{"@type":"PropertyValueSpecification","valueRequired":true,"valueName":"search_term_string"}}],"inLanguage":"hr"}]}},"_links":{"self":[{"href":"http:\/\/osnovnaskolamalinskadubasnica.hr\/index.php?rest_route=\/wp\/v2\/pages\/3386","targetHints":{"allow":["GET"]}}],"collection":[{"href":"http:\/\/osnovnaskolamalinskadubasnica.hr\/index.php?rest_route=\/wp\/v2\/pages"}],"about":[{"href":"http:\/\/osnovnaskolamalinskadubasnica.hr\/index.php?rest_route=\/wp\/v2\/types\/page"}],"author":[{"embeddable":true,"href":"http:\/\/osnovnaskolamalinskadubasnica.hr\/index.php?rest_route=\/wp\/v2\/users\/1"}],"replies":[{"embeddable":true,"href":"http:\/\/osnovnaskolamalinskadubasnica.hr\/index.php?rest_route=%2Fwp%2Fv2%2Fcomments&post=3386"}],"version-history":[{"count":2,"href":"http:\/\/osnovnaskolamalinskadubasnica.hr\/index.php?rest_route=\/wp\/v2\/pages\/3386\/revisions"}],"predecessor-version":[{"id":3388,"href":"http:\/\/osnovnaskolamalinskadubasnica.hr\/index.php?rest_route=\/wp\/v2\/pages\/3386\/revisions\/3388"}],"wp:attachment":[{"href":"http:\/\/osnovnaskolamalinskadubasnica.hr\/index.php?rest_route=%2Fwp%2Fv2%2Fmedia&parent=3386"}],"curies":[{"name":"wp","href":"https:\/\/api.w.org\/{rel}","templated":true}]}}

<h3><span style="color: #800000;">Priča o generaciji osmaša 2013./2014 iz škole Dubašnica 🙂<br />
</span></h3>
<p><span style="color: #000000;">autori videa: Eugen Kocić i Rene Spicijarić</span><br />
<span style="color: #000000;">autor glazbe: Eugen Kocić</span></p>
<p><iframe loading="lazy" src="//www.youtube.com/embed/obc8f6-Effo?rel=0" width="636" height="358" frameborder="0" allowfullscreen="allowfullscreen"></iframe></p>

<p>Priča o generaciji osmaša 2013./2014 iz škole Dubašnica 🙂 autori videa: Eugen Kocić i Rene Spicijarić autor glazbe: Eugen Kocić</p>

<!-- This site is optimized with the Yoast SEO plugin v27.5 - https://yoast.com/product/yoast-seo-wordpress/ -->
<title>Bili smo jednom najbolji - Osnovna škola Malinska-Dubašnica</title>
<meta name="robots" content="index, follow, max-snippet:-1, max-image-preview:large, max-video-preview:-1" />
<link rel="canonical" href="https://osnovnaskolamalinskadubasnica.hr/?page_id=3386" />
<meta property="og:locale" content="hr_HR" />
<meta property="og:type" content="article" />
<meta property="og:title" content="Bili smo jednom najbolji - Osnovna škola Malinska-Dubašnica" />
<meta property="og:description" content="Priča o generaciji osmaša 2013./2014 iz škole Dubašnica 🙂 autori videa: Eugen Kocić i Rene Spicijarić autor glazbe: Eugen Kocić" />
<meta property="og:url" content="https://osnovnaskolamalinskadubasnica.hr/?page_id=3386" />
<meta property="og:site_name" content="Osnovna škola Malinska-Dubašnica" />
<meta property="article:publisher" content="https://www.facebook.com/osmalinskadubasnica/" />
<meta property="article:modified_time" content="2014-07-14T21:57:12+00:00" />
<meta name="twitter:card" content="summary_large_image" />
<script type="application/ld+json" class="yoast-schema-graph">{"@context":"https:\/\/schema.org","@graph":[{"@type":"WebPage","@id":"https:\/\/osnovnaskolamalinskadubasnica.hr\/?page_id=3386","url":"https:\/\/osnovnaskolamalinskadubasnica.hr\/?page_id=3386","name":"Bili smo jednom najbolji - Osnovna škola Malinska-Dubašnica","isPartOf":{"@id":"http:\/\/osnovnaskolamalinskadubasnica.hr\/#website"},"datePublished":"2014-07-14T21:56:19+00:00","dateModified":"2014-07-14T21:57:12+00:00","breadcrumb":{"@id":"https:\/\/osnovnaskolamalinskadubasnica.hr\/?page_id=3386#breadcrumb"},"inLanguage":"hr","potentialAction":[{"@type":"ReadAction","target":["https:\/\/osnovnaskolamalinskadubasnica.hr\/?page_id=3386"]}]},{"@type":"BreadcrumbList","@id":"https:\/\/osnovnaskolamalinskadubasnica.hr\/?page_id=3386#breadcrumb","itemListElement":[{"@type":"ListItem","position":1,"name":"Početna stranica","item":"http:\/\/osnovnaskolamalinskadubasnica.hr\/"},{"@type":"ListItem","position":2,"name":"Bili smo jednom najbolji"}]},{"@type":"WebSite","@id":"http:\/\/osnovnaskolamalinskadubasnica.hr\/#website","url":"http:\/\/osnovnaskolamalinskadubasnica.hr\/","name":"Osnovna škola Malinska-Dubašnica","description":"","potentialAction":[{"@type":"SearchAction","target":{"@type":"EntryPoint","urlTemplate":"http:\/\/osnovnaskolamalinskadubasnica.hr\/?s={search_term_string}"},"query-input":{"@type":"PropertyValueSpecification","valueRequired":true,"valueName":"search_term_string"}}],"inLanguage":"hr"}]}</script>
<!-- / Yoast SEO plugin. -->

Bili smo jednom najbolji - Osnovna škola Malinska-Dubašnica

Priča o generaciji osmaša 2013./2014 iz škole Dubašnica 🙂 autori videa: Eugen Kocić i Rene Spicijarić autor glazbe: Eugen Kocić

Osnovna škola Malinska-Dubašnica

Početna stranica
