{"id":3003,"date":"2014-06-12T00:22:11","date_gmt":"2014-06-12T00:22:11","guid":{"rendered":"http:\/\/osnovnaskolakrk.hr\/malinska\/?page_id=3003"},"modified":"2014-06-12T01:19:24","modified_gmt":"2014-06-12T01:19:24","slug":"proljece","status":"publish","type":"page","link":"http:\/\/osnovnaskolamalinskadubasnica.hr\/?page_id=3003","title":{"rendered":"Prolje\u0107e"},"content":{"rendered":"<h3><em><span style=\"color: #800000;\">U prolje\u0107e trava raste<br \/>\n<\/span><\/em><em><span style=\"color: #800000;\">Vra\u0107aju se selice laste,<\/span><\/em><br \/>\n<em><span style=\"color: #800000;\">I pupoljak snije\u017enobijeli<\/span><\/em><br \/>\n<em><span style=\"color: #800000;\">Prolje\u0107u se veseli.<\/span><\/em><br \/>\n<em><span style=\"color: #800000;\">A jedna mala p\u010dela<\/span><\/em><br \/>\n<em><span style=\"color: #800000;\">Sjesti je htjela,<\/span><\/em><br \/>\n<em><span style=\"color: #800000;\">Vidjelo je mlado stablo<\/span><\/em><br \/>\n<em><span style=\"color: #800000;\">Na nju se ljuti,<\/span><\/em><br \/>\n<em><span style=\"color: #800000;\">Treba da se med<\/span><\/em><br \/>\n<em><span style=\"color: #800000;\">Ve\u0107 sada \u017euti!<\/span><\/em><br \/>\n<em><span style=\"color: #800000;\">A u vrtu ljudi<\/span><\/em><br \/>\n<em><span style=\"color: #800000;\">Siju, sade,<\/span><\/em><br \/>\n<em><span style=\"color: #800000;\">Salate i krumpire mlade.<\/span><\/em><br \/>\n<em><span style=\"color: #800000;\">Budi se priroda cijela<\/span><\/em><br \/>\n<em><span style=\"color: #800000;\">Raste, pupa, klija, cvijeta,<\/span><\/em><br \/>\n<em><span style=\"color: #800000;\">Zeleni se, radosna djeca<\/span><\/em><br \/>\n<em><span style=\"color: #800000;\">Igraju se.<\/span><\/em><br \/>\n<em><span style=\"color: #800000;\">A najljep\u0161e od svega<\/span><\/em><br \/>\n<em><span style=\"color: #800000;\">Pjev ptica je tu,<\/span><\/em><br \/>\n<em><span style=\"color: #800000;\">Priroda \u0161arena,<\/span><\/em><br \/>\n<em><span style=\"color: #800000;\">Raspjevana,<\/span><\/em><br \/>\n<em><span style=\"color: #800000;\">Protivi se svakom zlu!<\/span><\/em><\/h3>\n<p><span style=\"color: #000000;\">Laura Bo\u017ei\u0107, 3. razred (objavljeno u \u010dasopisu Prvi izbor)<\/span><\/p>\n","protected":false},"excerpt":{"rendered":"<p>U prolje\u0107e trava raste Vra\u0107aju se selice laste, I pupoljak snije\u017enobijeli Prolje\u0107u se veseli. A jedna mala p\u010dela Sjesti je htjela, Vidjelo je mlado stablo Na nju se ljuti, Treba da se med Ve\u0107 sada \u017euti! A u vrtu ljudi &hellip; <a href=\"http:\/\/osnovnaskolamalinskadubasnica.hr\/?page_id=3003\">Nastavi \u010ditati <span class=\"meta-nav\">&rarr;<\/span><\/a><\/p>\n","protected":false},"author":1,"featured_media":0,"parent":0,"menu_order":0,"comment_status":"closed","ping_status":"closed","template":"","meta":{"footnotes":""},"class_list":["post-3003","page","type-page","status-publish","hentry"],"yoast_head":"<!-- This site is optimized with the Yoast SEO plugin v27.2 - https:\/\/yoast.com\/product\/yoast-seo-wordpress\/ -->\n<title>Prolje\u0107e - Osnovna \u0161kola Malinska-Duba\u0161nica<\/title>\n<meta name=\"robots\" content=\"index, follow, max-snippet:-1, max-image-preview:large, max-video-preview:-1\" \/>\n<link rel=\"canonical\" href=\"https:\/\/osnovnaskolamalinskadubasnica.hr\/?page_id=3003\" \/>\n<meta property=\"og:locale\" content=\"hr_HR\" \/>\n<meta property=\"og:type\" content=\"article\" \/>\n<meta property=\"og:title\" content=\"Prolje\u0107e - Osnovna \u0161kola Malinska-Duba\u0161nica\" \/>\n<meta property=\"og:description\" content=\"U prolje\u0107e trava raste Vra\u0107aju se selice laste, I pupoljak snije\u017enobijeli Prolje\u0107u se veseli. A jedna mala p\u010dela Sjesti je htjela, Vidjelo je mlado stablo Na nju se ljuti, Treba da se med Ve\u0107 sada \u017euti! A u vrtu ljudi &hellip; Nastavi \u010ditati &rarr;\" \/>\n<meta property=\"og:url\" content=\"https:\/\/osnovnaskolamalinskadubasnica.hr\/?page_id=3003\" \/>\n<meta property=\"og:site_name\" content=\"Osnovna \u0161kola Malinska-Duba\u0161nica\" \/>\n<meta property=\"article:publisher\" content=\"https:\/\/www.facebook.com\/osmalinskadubasnica\/\" \/>\n<meta property=\"article:modified_time\" content=\"2014-06-12T01:19:24+00:00\" \/>\n<meta name=\"twitter:card\" content=\"summary_large_image\" \/>\n<script type=\"application\/ld+json\" class=\"yoast-schema-graph\">{\"@context\":\"https:\/\/schema.org\",\"@graph\":[{\"@type\":\"WebPage\",\"@id\":\"https:\/\/osnovnaskolamalinskadubasnica.hr\/?page_id=3003\",\"url\":\"https:\/\/osnovnaskolamalinskadubasnica.hr\/?page_id=3003\",\"name\":\"Prolje\u0107e - Osnovna \u0161kola Malinska-Duba\u0161nica\",\"isPartOf\":{\"@id\":\"https:\/\/osnovnaskolamalinskadubasnica.hr\/#website\"},\"datePublished\":\"2014-06-12T00:22:11+00:00\",\"dateModified\":\"2014-06-12T01:19:24+00:00\",\"breadcrumb\":{\"@id\":\"https:\/\/osnovnaskolamalinskadubasnica.hr\/?page_id=3003#breadcrumb\"},\"inLanguage\":\"hr\",\"potentialAction\":[{\"@type\":\"ReadAction\",\"target\":[\"https:\/\/osnovnaskolamalinskadubasnica.hr\/?page_id=3003\"]}]},{\"@type\":\"BreadcrumbList\",\"@id\":\"https:\/\/osnovnaskolamalinskadubasnica.hr\/?page_id=3003#breadcrumb\",\"itemListElement\":[{\"@type\":\"ListItem\",\"position\":1,\"name\":\"Po\u010detna stranica\",\"item\":\"https:\/\/osnovnaskolamalinskadubasnica.hr\/\"},{\"@type\":\"ListItem\",\"position\":2,\"name\":\"Prolje\u0107e\"}]},{\"@type\":\"WebSite\",\"@id\":\"https:\/\/osnovnaskolamalinskadubasnica.hr\/#website\",\"url\":\"https:\/\/osnovnaskolamalinskadubasnica.hr\/\",\"name\":\"Osnovna \u0161kola Malinska-Duba\u0161nica\",\"description\":\"\",\"potentialAction\":[{\"@type\":\"SearchAction\",\"target\":{\"@type\":\"EntryPoint\",\"urlTemplate\":\"https:\/\/osnovnaskolamalinskadubasnica.hr\/?s={search_term_string}\"},\"query-input\":{\"@type\":\"PropertyValueSpecification\",\"valueRequired\":true,\"valueName\":\"search_term_string\"}}],\"inLanguage\":\"hr\"}]}<\/script>\n<!-- \/ Yoast SEO plugin. -->","yoast_head_json":{"title":"Prolje\u0107e - Osnovna \u0161kola Malinska-Duba\u0161nica","robots":{"index":"index","follow":"follow","max-snippet":"max-snippet:-1","max-image-preview":"max-image-preview:large","max-video-preview":"max-video-preview:-1"},"canonical":"https:\/\/osnovnaskolamalinskadubasnica.hr\/?page_id=3003","og_locale":"hr_HR","og_type":"article","og_title":"Prolje\u0107e - Osnovna \u0161kola Malinska-Duba\u0161nica","og_description":"U prolje\u0107e trava raste Vra\u0107aju se selice laste, I pupoljak snije\u017enobijeli Prolje\u0107u se veseli. A jedna mala p\u010dela Sjesti je htjela, Vidjelo je mlado stablo Na nju se ljuti, Treba da se med Ve\u0107 sada \u017euti! A u vrtu ljudi &hellip; Nastavi \u010ditati &rarr;","og_url":"https:\/\/osnovnaskolamalinskadubasnica.hr\/?page_id=3003","og_site_name":"Osnovna \u0161kola Malinska-Duba\u0161nica","article_publisher":"https:\/\/www.facebook.com\/osmalinskadubasnica\/","article_modified_time":"2014-06-12T01:19:24+00:00","twitter_card":"summary_large_image","schema":{"@context":"https:\/\/schema.org","@graph":[{"@type":"WebPage","@id":"https:\/\/osnovnaskolamalinskadubasnica.hr\/?page_id=3003","url":"https:\/\/osnovnaskolamalinskadubasnica.hr\/?page_id=3003","name":"Prolje\u0107e - Osnovna \u0161kola Malinska-Duba\u0161nica","isPartOf":{"@id":"https:\/\/osnovnaskolamalinskadubasnica.hr\/#website"},"datePublished":"2014-06-12T00:22:11+00:00","dateModified":"2014-06-12T01:19:24+00:00","breadcrumb":{"@id":"https:\/\/osnovnaskolamalinskadubasnica.hr\/?page_id=3003#breadcrumb"},"inLanguage":"hr","potentialAction":[{"@type":"ReadAction","target":["https:\/\/osnovnaskolamalinskadubasnica.hr\/?page_id=3003"]}]},{"@type":"BreadcrumbList","@id":"https:\/\/osnovnaskolamalinskadubasnica.hr\/?page_id=3003#breadcrumb","itemListElement":[{"@type":"ListItem","position":1,"name":"Po\u010detna stranica","item":"https:\/\/osnovnaskolamalinskadubasnica.hr\/"},{"@type":"ListItem","position":2,"name":"Prolje\u0107e"}]},{"@type":"WebSite","@id":"https:\/\/osnovnaskolamalinskadubasnica.hr\/#website","url":"https:\/\/osnovnaskolamalinskadubasnica.hr\/","name":"Osnovna \u0161kola Malinska-Duba\u0161nica","description":"","potentialAction":[{"@type":"SearchAction","target":{"@type":"EntryPoint","urlTemplate":"https:\/\/osnovnaskolamalinskadubasnica.hr\/?s={search_term_string}"},"query-input":{"@type":"PropertyValueSpecification","valueRequired":true,"valueName":"search_term_string"}}],"inLanguage":"hr"}]}},"_links":{"self":[{"href":"http:\/\/osnovnaskolamalinskadubasnica.hr\/index.php?rest_route=\/wp\/v2\/pages\/3003","targetHints":{"allow":["GET"]}}],"collection":[{"href":"http:\/\/osnovnaskolamalinskadubasnica.hr\/index.php?rest_route=\/wp\/v2\/pages"}],"about":[{"href":"http:\/\/osnovnaskolamalinskadubasnica.hr\/index.php?rest_route=\/wp\/v2\/types\/page"}],"author":[{"embeddable":true,"href":"http:\/\/osnovnaskolamalinskadubasnica.hr\/index.php?rest_route=\/wp\/v2\/users\/1"}],"replies":[{"embeddable":true,"href":"http:\/\/osnovnaskolamalinskadubasnica.hr\/index.php?rest_route=%2Fwp%2Fv2%2Fcomments&post=3003"}],"version-history":[{"count":3,"href":"http:\/\/osnovnaskolamalinskadubasnica.hr\/index.php?rest_route=\/wp\/v2\/pages\/3003\/revisions"}],"predecessor-version":[{"id":3015,"href":"http:\/\/osnovnaskolamalinskadubasnica.hr\/index.php?rest_route=\/wp\/v2\/pages\/3003\/revisions\/3015"}],"wp:attachment":[{"href":"http:\/\/osnovnaskolamalinskadubasnica.hr\/index.php?rest_route=%2Fwp%2Fv2%2Fmedia&parent=3003"}],"curies":[{"name":"wp","href":"https:\/\/api.w.org\/{rel}","templated":true}]}}