{"id":181,"date":"2013-09-26T13:33:04","date_gmt":"2013-09-26T13:33:04","guid":{"rendered":"http:\/\/osnovnaskolakrk.hr\/malinska\/?page_id=181"},"modified":"2013-09-26T13:39:38","modified_gmt":"2013-09-26T13:39:38","slug":"popis-lektire-za-6-razred","status":"publish","type":"page","link":"http:\/\/osnovnaskolamalinskadubasnica.hr\/?page_id=181","title":{"rendered":"Popis lektire za 6. razred"},"content":{"rendered":"<p>U\u010denici izabiru 9 djela, prva tri su obavezna.<\/p>\n<p><strong>1. <em>Ivana Brli\u0107-Ma\u017eurani\u0107<\/em>: Pri\u010de iz davnine <\/strong><br \/>\n<strong>2. <em>Stjepan Toma\u0161<\/em>: Mali ratni dnevnik<\/strong><br \/>\n<strong><strong>3. <em>August \u0160enoa<\/em>: Povjestice<\/strong><\/strong><br \/>\n4. <em>Blanka Dovjak-Matkovi\u0107<\/em>: Zagreba\u010dka pri\u010da<br \/>\n5. <em>Mark Twain<\/em>: Kraljevi\u0107 i prosjak<br \/>\n6. <em>Henrvk Sienkievvicz<\/em>: Kroz pustinju i pra\u0161umu<br \/>\n7. <em>Ivona \u0160ajatovi\u0107<\/em>: Tajna ogrlice sa sedam rubina<br \/>\n8. <em>Snje\u017eana Grkovi\u0107-Janovi\u0107<\/em>: Velebitske vilin staze<br \/>\n9. <em>Josip Cveni\u0107<\/em>: \u010cvrsto dr\u017ei joy-stick<br \/>\n10. <em>Jadranko Bitenc<\/em>: Twist na bazenu<br \/>\n11. <em>\u0160ime Stori\u0107<\/em>: Poljubit \u0107u je uskoro, mo\u017eda<br \/>\n12. <em>Christine Nostlinger<\/em>: Konrad, dje\u010dak iz limenke ili Olfi me\u0111u \u017eenama<br \/>\n13. <em>Vlatko \u0160ari\u0107<\/em>: Rogan ili Mi\u0161ko<br \/>\n14. <em>Vladimir Nazor<\/em>: Veli Jo\u017ee<br \/>\n15. <em>Milutin Majer<\/em>: Dolazak Hrvata<br \/>\n16. <em>Melita Rundek<\/em>: Psima ulaz zabranjen<br \/>\n17. <em>Dubravko Horvati\u0107<\/em>: Juna\u010dina Mijat Tomi\u0107<br \/>\n18. <em>Jonathann Swift<\/em>: Gulliverova putovanja<br \/>\n19. <em>Alfonse Daudet<\/em>: Pisma iz moga mlina<br \/>\n20. <em>Jo\u017ea Horvat<\/em>: Waitapu ili Operacija Stonoga<br \/>\n21. <em>Frances Hodgson Burnett<\/em>: Mali lord<br \/>\n22. <em>Pajo Kani\u017eaj<\/em>: Tri\u010dave pjesme<br \/>\n23. <em>Danijel Dragojevi\u0107<\/em>: Bajka o vratima<br \/>\n24. <em>\u017delimir Hercigonja<\/em>: Tajni leksikon<br \/>\n25. <em>C. S. Lewis<\/em>: Kronike iz Narnije (izbor)<br \/>\n26. <em>Oscar Wilde<\/em>: Sretni kraljevi\u0107<br \/>\n27. <em>Nikola Puli\u0107<\/em>: Maksimirci<\/p>\n","protected":false},"excerpt":{"rendered":"<p>U\u010denici izabiru 9 djela, prva tri su obavezna. 1. Ivana Brli\u0107-Ma\u017eurani\u0107: Pri\u010de iz davnine 2. Stjepan Toma\u0161: Mali ratni dnevnik 3. August \u0160enoa: Povjestice 4. Blanka Dovjak-Matkovi\u0107: Zagreba\u010dka pri\u010da 5. Mark Twain: Kraljevi\u0107 i prosjak 6. Henrvk Sienkievvicz: Kroz pustinju &hellip; <a href=\"http:\/\/osnovnaskolamalinskadubasnica.hr\/?page_id=181\">Nastavi \u010ditati <span class=\"meta-nav\">&rarr;<\/span><\/a><\/p>\n","protected":false},"author":1,"featured_media":0,"parent":0,"menu_order":0,"comment_status":"closed","ping_status":"open","template":"","meta":{"footnotes":""},"class_list":["post-181","page","type-page","status-publish","hentry"],"yoast_head":"<!-- This site is optimized with the Yoast SEO plugin v27.5 - https:\/\/yoast.com\/product\/yoast-seo-wordpress\/ -->\n<title>Popis lektire za 6. razred - Osnovna \u0161kola Malinska-Duba\u0161nica<\/title>\n<meta name=\"robots\" content=\"index, follow, max-snippet:-1, max-image-preview:large, max-video-preview:-1\" \/>\n<link rel=\"canonical\" href=\"http:\/\/osnovnaskolamalinskadubasnica.hr\/?page_id=181\" \/>\n<meta property=\"og:locale\" content=\"hr_HR\" \/>\n<meta property=\"og:type\" content=\"article\" \/>\n<meta property=\"og:title\" content=\"Popis lektire za 6. razred - Osnovna \u0161kola Malinska-Duba\u0161nica\" \/>\n<meta property=\"og:description\" content=\"U\u010denici izabiru 9 djela, prva tri su obavezna. 1. Ivana Brli\u0107-Ma\u017eurani\u0107: Pri\u010de iz davnine 2. Stjepan Toma\u0161: Mali ratni dnevnik 3. August \u0160enoa: Povjestice 4. Blanka Dovjak-Matkovi\u0107: Zagreba\u010dka pri\u010da 5. Mark Twain: Kraljevi\u0107 i prosjak 6. Henrvk Sienkievvicz: Kroz pustinju &hellip; Nastavi \u010ditati &rarr;\" \/>\n<meta property=\"og:url\" content=\"http:\/\/osnovnaskolamalinskadubasnica.hr\/?page_id=181\" \/>\n<meta property=\"og:site_name\" content=\"Osnovna \u0161kola Malinska-Duba\u0161nica\" \/>\n<meta property=\"article:publisher\" content=\"https:\/\/www.facebook.com\/osmalinskadubasnica\/\" \/>\n<meta property=\"article:modified_time\" content=\"2013-09-26T13:39:38+00:00\" \/>\n<meta name=\"twitter:card\" content=\"summary_large_image\" \/>\n<meta name=\"twitter:label1\" content=\"Procijenjeno vrijeme \u010ditanja\" \/>\n\t<meta name=\"twitter:data1\" content=\"1 minuta\" \/>\n<script type=\"application\/ld+json\" class=\"yoast-schema-graph\">{\"@context\":\"https:\\\/\\\/schema.org\",\"@graph\":[{\"@type\":\"WebPage\",\"@id\":\"http:\\\/\\\/osnovnaskolamalinskadubasnica.hr\\\/?page_id=181\",\"url\":\"http:\\\/\\\/osnovnaskolamalinskadubasnica.hr\\\/?page_id=181\",\"name\":\"Popis lektire za 6. razred - Osnovna \u0161kola Malinska-Duba\u0161nica\",\"isPartOf\":{\"@id\":\"http:\\\/\\\/osnovnaskolamalinskadubasnica.hr\\\/#website\"},\"datePublished\":\"2013-09-26T13:33:04+00:00\",\"dateModified\":\"2013-09-26T13:39:38+00:00\",\"breadcrumb\":{\"@id\":\"http:\\\/\\\/osnovnaskolamalinskadubasnica.hr\\\/?page_id=181#breadcrumb\"},\"inLanguage\":\"hr\",\"potentialAction\":[{\"@type\":\"ReadAction\",\"target\":[\"http:\\\/\\\/osnovnaskolamalinskadubasnica.hr\\\/?page_id=181\"]}]},{\"@type\":\"BreadcrumbList\",\"@id\":\"http:\\\/\\\/osnovnaskolamalinskadubasnica.hr\\\/?page_id=181#breadcrumb\",\"itemListElement\":[{\"@type\":\"ListItem\",\"position\":1,\"name\":\"Po\u010detna stranica\",\"item\":\"http:\\\/\\\/osnovnaskolamalinskadubasnica.hr\\\/\"},{\"@type\":\"ListItem\",\"position\":2,\"name\":\"Popis lektire za 6. razred\"}]},{\"@type\":\"WebSite\",\"@id\":\"http:\\\/\\\/osnovnaskolamalinskadubasnica.hr\\\/#website\",\"url\":\"http:\\\/\\\/osnovnaskolamalinskadubasnica.hr\\\/\",\"name\":\"Osnovna \u0161kola Malinska-Duba\u0161nica\",\"description\":\"\",\"potentialAction\":[{\"@type\":\"SearchAction\",\"target\":{\"@type\":\"EntryPoint\",\"urlTemplate\":\"http:\\\/\\\/osnovnaskolamalinskadubasnica.hr\\\/?s={search_term_string}\"},\"query-input\":{\"@type\":\"PropertyValueSpecification\",\"valueRequired\":true,\"valueName\":\"search_term_string\"}}],\"inLanguage\":\"hr\"}]}<\/script>\n<!-- \/ Yoast SEO plugin. -->","yoast_head_json":{"title":"Popis lektire za 6. razred - Osnovna \u0161kola Malinska-Duba\u0161nica","robots":{"index":"index","follow":"follow","max-snippet":"max-snippet:-1","max-image-preview":"max-image-preview:large","max-video-preview":"max-video-preview:-1"},"canonical":"http:\/\/osnovnaskolamalinskadubasnica.hr\/?page_id=181","og_locale":"hr_HR","og_type":"article","og_title":"Popis lektire za 6. razred - Osnovna \u0161kola Malinska-Duba\u0161nica","og_description":"U\u010denici izabiru 9 djela, prva tri su obavezna. 1. Ivana Brli\u0107-Ma\u017eurani\u0107: Pri\u010de iz davnine 2. Stjepan Toma\u0161: Mali ratni dnevnik 3. August \u0160enoa: Povjestice 4. Blanka Dovjak-Matkovi\u0107: Zagreba\u010dka pri\u010da 5. Mark Twain: Kraljevi\u0107 i prosjak 6. Henrvk Sienkievvicz: Kroz pustinju &hellip; Nastavi \u010ditati &rarr;","og_url":"http:\/\/osnovnaskolamalinskadubasnica.hr\/?page_id=181","og_site_name":"Osnovna \u0161kola Malinska-Duba\u0161nica","article_publisher":"https:\/\/www.facebook.com\/osmalinskadubasnica\/","article_modified_time":"2013-09-26T13:39:38+00:00","twitter_card":"summary_large_image","twitter_misc":{"Procijenjeno vrijeme \u010ditanja":"1 minuta"},"schema":{"@context":"https:\/\/schema.org","@graph":[{"@type":"WebPage","@id":"http:\/\/osnovnaskolamalinskadubasnica.hr\/?page_id=181","url":"http:\/\/osnovnaskolamalinskadubasnica.hr\/?page_id=181","name":"Popis lektire za 6. razred - Osnovna \u0161kola Malinska-Duba\u0161nica","isPartOf":{"@id":"http:\/\/osnovnaskolamalinskadubasnica.hr\/#website"},"datePublished":"2013-09-26T13:33:04+00:00","dateModified":"2013-09-26T13:39:38+00:00","breadcrumb":{"@id":"http:\/\/osnovnaskolamalinskadubasnica.hr\/?page_id=181#breadcrumb"},"inLanguage":"hr","potentialAction":[{"@type":"ReadAction","target":["http:\/\/osnovnaskolamalinskadubasnica.hr\/?page_id=181"]}]},{"@type":"BreadcrumbList","@id":"http:\/\/osnovnaskolamalinskadubasnica.hr\/?page_id=181#breadcrumb","itemListElement":[{"@type":"ListItem","position":1,"name":"Po\u010detna stranica","item":"http:\/\/osnovnaskolamalinskadubasnica.hr\/"},{"@type":"ListItem","position":2,"name":"Popis lektire za 6. razred"}]},{"@type":"WebSite","@id":"http:\/\/osnovnaskolamalinskadubasnica.hr\/#website","url":"http:\/\/osnovnaskolamalinskadubasnica.hr\/","name":"Osnovna \u0161kola Malinska-Duba\u0161nica","description":"","potentialAction":[{"@type":"SearchAction","target":{"@type":"EntryPoint","urlTemplate":"http:\/\/osnovnaskolamalinskadubasnica.hr\/?s={search_term_string}"},"query-input":{"@type":"PropertyValueSpecification","valueRequired":true,"valueName":"search_term_string"}}],"inLanguage":"hr"}]}},"_links":{"self":[{"href":"http:\/\/osnovnaskolamalinskadubasnica.hr\/index.php?rest_route=\/wp\/v2\/pages\/181","targetHints":{"allow":["GET"]}}],"collection":[{"href":"http:\/\/osnovnaskolamalinskadubasnica.hr\/index.php?rest_route=\/wp\/v2\/pages"}],"about":[{"href":"http:\/\/osnovnaskolamalinskadubasnica.hr\/index.php?rest_route=\/wp\/v2\/types\/page"}],"author":[{"embeddable":true,"href":"http:\/\/osnovnaskolamalinskadubasnica.hr\/index.php?rest_route=\/wp\/v2\/users\/1"}],"replies":[{"embeddable":true,"href":"http:\/\/osnovnaskolamalinskadubasnica.hr\/index.php?rest_route=%2Fwp%2Fv2%2Fcomments&post=181"}],"version-history":[{"count":2,"href":"http:\/\/osnovnaskolamalinskadubasnica.hr\/index.php?rest_route=\/wp\/v2\/pages\/181\/revisions"}],"predecessor-version":[{"id":184,"href":"http:\/\/osnovnaskolamalinskadubasnica.hr\/index.php?rest_route=\/wp\/v2\/pages\/181\/revisions\/184"}],"wp:attachment":[{"href":"http:\/\/osnovnaskolamalinskadubasnica.hr\/index.php?rest_route=%2Fwp%2Fv2%2Fmedia&parent=181"}],"curies":[{"name":"wp","href":"https:\/\/api.w.org\/{rel}","templated":true}]}}