{"id":164,"date":"2013-09-24T22:27:53","date_gmt":"2013-09-24T22:27:53","guid":{"rendered":"http:\/\/osnovnaskolakrk.hr\/malinska\/?page_id=164"},"modified":"2013-09-24T22:32:28","modified_gmt":"2013-09-24T22:32:28","slug":"popis-lektire-za-3-razred","status":"publish","type":"page","link":"http:\/\/osnovnaskolamalinskadubasnica.hr\/?page_id=164","title":{"rendered":"Popis lektire za 3. razred"},"content":{"rendered":"<p>U\u010denici izabiru 7 djela, prva dva su obavezna.<\/p>\n<p><strong>1. <em>Mato Lovrak<\/em>: Vlak u snijegu<\/strong><br \/>\n<strong><strong>2. <em>Ivana Brli\u0107-Ma\u017eurani\u0107<\/em>: \u010cudnovate zgode \u0161egrta Hlapi\u0107a<\/strong><\/strong><br \/>\n3. <em>Luko Paljetak<\/em>: Mi\u0161evi i ma\u010dke naglava\u010dke<br \/>\n4. <em>Vladimir Nazor<\/em>: Bijeli jelen<br \/>\n5. <em>Dubravko Horvati\u0107<\/em>: Gri\u010dki top<br \/>\n6. <em>Sanja Polak<\/em>: Dnevnik Pauline P. ili Drugi dnevnik Pauline P.<br \/>\n7. <em>Sanja Pili\u0107<\/em>: Nemam vremena ili E ba\u0161 mi nije \u017eao ili Ho\u0107u i ja<br \/>\n8. <em>Stanislav Femeni\u0107<\/em>: Ludi kamen<br \/>\n9. <em>Hugh Lofting<\/em>: Pripovijest o doktoru Dolittleu<br \/>\n10. <em>Nada Ivelji\u0107<\/em>: \u0160estinski ki\u0161obran ili \u010cuvarice novih krovova<br \/>\n11. <em>Bo\u017eidar Prosenjak<\/em>: Sija\u010d sre\u0107e<br \/>\n12. <em>Gianni Rodari<\/em>: Putovanje Plave strijele ili \u010cipolino<br \/>\n13. Hrvatske narodne bajke<br \/>\n14. <em>James M. Barrie<\/em>: Petar Pan<br \/>\n15. <em>Slavko Kolar<\/em>: Jurnjava na motoru<br \/>\n16. <em>Frank Lyman Baum<\/em>: \u010carobnjak iz Oza<br \/>\n17. <em>Otfried Preussler<\/em>: Mali vodenjak ili Mala vje\u0161tica<br \/>\n18. <em>Elwyn Brooks White<\/em>: Paukova mre\u017ea<br \/>\n19. <em>Dragutin Horki\u0107<\/em>: \u010ca\u0111ave zgode<br \/>\n20. Basne (izbor)<\/p>\n","protected":false},"excerpt":{"rendered":"<p>U\u010denici izabiru 7 djela, prva dva su obavezna. 1. Mato Lovrak: Vlak u snijegu 2. Ivana Brli\u0107-Ma\u017eurani\u0107: \u010cudnovate zgode \u0161egrta Hlapi\u0107a 3. Luko Paljetak: Mi\u0161evi i ma\u010dke naglava\u010dke 4. Vladimir Nazor: Bijeli jelen 5. Dubravko Horvati\u0107: Gri\u010dki top 6. Sanja &hellip; <a href=\"http:\/\/osnovnaskolamalinskadubasnica.hr\/?page_id=164\">Nastavi \u010ditati <span class=\"meta-nav\">&rarr;<\/span><\/a><\/p>\n","protected":false},"author":1,"featured_media":0,"parent":0,"menu_order":0,"comment_status":"closed","ping_status":"open","template":"","meta":{"footnotes":""},"class_list":["post-164","page","type-page","status-publish","hentry"],"yoast_head":"<!-- This site is optimized with the Yoast SEO plugin v27.5 - https:\/\/yoast.com\/product\/yoast-seo-wordpress\/ -->\n<title>Popis lektire za 3. razred - Osnovna \u0161kola Malinska-Duba\u0161nica<\/title>\n<meta name=\"robots\" content=\"index, follow, max-snippet:-1, max-image-preview:large, max-video-preview:-1\" \/>\n<link rel=\"canonical\" href=\"https:\/\/osnovnaskolamalinskadubasnica.hr\/?page_id=164\" \/>\n<meta property=\"og:locale\" content=\"hr_HR\" \/>\n<meta property=\"og:type\" content=\"article\" \/>\n<meta property=\"og:title\" content=\"Popis lektire za 3. razred - Osnovna \u0161kola Malinska-Duba\u0161nica\" \/>\n<meta property=\"og:description\" content=\"U\u010denici izabiru 7 djela, prva dva su obavezna. 1. Mato Lovrak: Vlak u snijegu 2. Ivana Brli\u0107-Ma\u017eurani\u0107: \u010cudnovate zgode \u0161egrta Hlapi\u0107a 3. Luko Paljetak: Mi\u0161evi i ma\u010dke naglava\u010dke 4. Vladimir Nazor: Bijeli jelen 5. Dubravko Horvati\u0107: Gri\u010dki top 6. Sanja &hellip; Nastavi \u010ditati &rarr;\" \/>\n<meta property=\"og:url\" content=\"https:\/\/osnovnaskolamalinskadubasnica.hr\/?page_id=164\" \/>\n<meta property=\"og:site_name\" content=\"Osnovna \u0161kola Malinska-Duba\u0161nica\" \/>\n<meta property=\"article:publisher\" content=\"https:\/\/www.facebook.com\/osmalinskadubasnica\/\" \/>\n<meta property=\"article:modified_time\" content=\"2013-09-24T22:32:28+00:00\" \/>\n<meta name=\"twitter:card\" content=\"summary_large_image\" \/>\n<meta name=\"twitter:label1\" content=\"Procijenjeno vrijeme \u010ditanja\" \/>\n\t<meta name=\"twitter:data1\" content=\"1 minuta\" \/>\n<script type=\"application\/ld+json\" class=\"yoast-schema-graph\">{\"@context\":\"https:\\\/\\\/schema.org\",\"@graph\":[{\"@type\":\"WebPage\",\"@id\":\"https:\\\/\\\/osnovnaskolamalinskadubasnica.hr\\\/?page_id=164\",\"url\":\"https:\\\/\\\/osnovnaskolamalinskadubasnica.hr\\\/?page_id=164\",\"name\":\"Popis lektire za 3. razred - Osnovna \u0161kola Malinska-Duba\u0161nica\",\"isPartOf\":{\"@id\":\"http:\\\/\\\/osnovnaskolamalinskadubasnica.hr\\\/#website\"},\"datePublished\":\"2013-09-24T22:27:53+00:00\",\"dateModified\":\"2013-09-24T22:32:28+00:00\",\"breadcrumb\":{\"@id\":\"https:\\\/\\\/osnovnaskolamalinskadubasnica.hr\\\/?page_id=164#breadcrumb\"},\"inLanguage\":\"hr\",\"potentialAction\":[{\"@type\":\"ReadAction\",\"target\":[\"https:\\\/\\\/osnovnaskolamalinskadubasnica.hr\\\/?page_id=164\"]}]},{\"@type\":\"BreadcrumbList\",\"@id\":\"https:\\\/\\\/osnovnaskolamalinskadubasnica.hr\\\/?page_id=164#breadcrumb\",\"itemListElement\":[{\"@type\":\"ListItem\",\"position\":1,\"name\":\"Po\u010detna stranica\",\"item\":\"http:\\\/\\\/osnovnaskolamalinskadubasnica.hr\\\/\"},{\"@type\":\"ListItem\",\"position\":2,\"name\":\"Popis lektire za 3. razred\"}]},{\"@type\":\"WebSite\",\"@id\":\"http:\\\/\\\/osnovnaskolamalinskadubasnica.hr\\\/#website\",\"url\":\"http:\\\/\\\/osnovnaskolamalinskadubasnica.hr\\\/\",\"name\":\"Osnovna \u0161kola Malinska-Duba\u0161nica\",\"description\":\"\",\"potentialAction\":[{\"@type\":\"SearchAction\",\"target\":{\"@type\":\"EntryPoint\",\"urlTemplate\":\"http:\\\/\\\/osnovnaskolamalinskadubasnica.hr\\\/?s={search_term_string}\"},\"query-input\":{\"@type\":\"PropertyValueSpecification\",\"valueRequired\":true,\"valueName\":\"search_term_string\"}}],\"inLanguage\":\"hr\"}]}<\/script>\n<!-- \/ Yoast SEO plugin. -->","yoast_head_json":{"title":"Popis lektire za 3. razred - Osnovna \u0161kola Malinska-Duba\u0161nica","robots":{"index":"index","follow":"follow","max-snippet":"max-snippet:-1","max-image-preview":"max-image-preview:large","max-video-preview":"max-video-preview:-1"},"canonical":"https:\/\/osnovnaskolamalinskadubasnica.hr\/?page_id=164","og_locale":"hr_HR","og_type":"article","og_title":"Popis lektire za 3. razred - Osnovna \u0161kola Malinska-Duba\u0161nica","og_description":"U\u010denici izabiru 7 djela, prva dva su obavezna. 1. Mato Lovrak: Vlak u snijegu 2. Ivana Brli\u0107-Ma\u017eurani\u0107: \u010cudnovate zgode \u0161egrta Hlapi\u0107a 3. Luko Paljetak: Mi\u0161evi i ma\u010dke naglava\u010dke 4. Vladimir Nazor: Bijeli jelen 5. Dubravko Horvati\u0107: Gri\u010dki top 6. Sanja &hellip; Nastavi \u010ditati &rarr;","og_url":"https:\/\/osnovnaskolamalinskadubasnica.hr\/?page_id=164","og_site_name":"Osnovna \u0161kola Malinska-Duba\u0161nica","article_publisher":"https:\/\/www.facebook.com\/osmalinskadubasnica\/","article_modified_time":"2013-09-24T22:32:28+00:00","twitter_card":"summary_large_image","twitter_misc":{"Procijenjeno vrijeme \u010ditanja":"1 minuta"},"schema":{"@context":"https:\/\/schema.org","@graph":[{"@type":"WebPage","@id":"https:\/\/osnovnaskolamalinskadubasnica.hr\/?page_id=164","url":"https:\/\/osnovnaskolamalinskadubasnica.hr\/?page_id=164","name":"Popis lektire za 3. razred - Osnovna \u0161kola Malinska-Duba\u0161nica","isPartOf":{"@id":"http:\/\/osnovnaskolamalinskadubasnica.hr\/#website"},"datePublished":"2013-09-24T22:27:53+00:00","dateModified":"2013-09-24T22:32:28+00:00","breadcrumb":{"@id":"https:\/\/osnovnaskolamalinskadubasnica.hr\/?page_id=164#breadcrumb"},"inLanguage":"hr","potentialAction":[{"@type":"ReadAction","target":["https:\/\/osnovnaskolamalinskadubasnica.hr\/?page_id=164"]}]},{"@type":"BreadcrumbList","@id":"https:\/\/osnovnaskolamalinskadubasnica.hr\/?page_id=164#breadcrumb","itemListElement":[{"@type":"ListItem","position":1,"name":"Po\u010detna stranica","item":"http:\/\/osnovnaskolamalinskadubasnica.hr\/"},{"@type":"ListItem","position":2,"name":"Popis lektire za 3. razred"}]},{"@type":"WebSite","@id":"http:\/\/osnovnaskolamalinskadubasnica.hr\/#website","url":"http:\/\/osnovnaskolamalinskadubasnica.hr\/","name":"Osnovna \u0161kola Malinska-Duba\u0161nica","description":"","potentialAction":[{"@type":"SearchAction","target":{"@type":"EntryPoint","urlTemplate":"http:\/\/osnovnaskolamalinskadubasnica.hr\/?s={search_term_string}"},"query-input":{"@type":"PropertyValueSpecification","valueRequired":true,"valueName":"search_term_string"}}],"inLanguage":"hr"}]}},"_links":{"self":[{"href":"http:\/\/osnovnaskolamalinskadubasnica.hr\/index.php?rest_route=\/wp\/v2\/pages\/164","targetHints":{"allow":["GET"]}}],"collection":[{"href":"http:\/\/osnovnaskolamalinskadubasnica.hr\/index.php?rest_route=\/wp\/v2\/pages"}],"about":[{"href":"http:\/\/osnovnaskolamalinskadubasnica.hr\/index.php?rest_route=\/wp\/v2\/types\/page"}],"author":[{"embeddable":true,"href":"http:\/\/osnovnaskolamalinskadubasnica.hr\/index.php?rest_route=\/wp\/v2\/users\/1"}],"replies":[{"embeddable":true,"href":"http:\/\/osnovnaskolamalinskadubasnica.hr\/index.php?rest_route=%2Fwp%2Fv2%2Fcomments&post=164"}],"version-history":[{"count":2,"href":"http:\/\/osnovnaskolamalinskadubasnica.hr\/index.php?rest_route=\/wp\/v2\/pages\/164\/revisions"}],"predecessor-version":[{"id":171,"href":"http:\/\/osnovnaskolamalinskadubasnica.hr\/index.php?rest_route=\/wp\/v2\/pages\/164\/revisions\/171"}],"wp:attachment":[{"href":"http:\/\/osnovnaskolamalinskadubasnica.hr\/index.php?rest_route=%2Fwp%2Fv2%2Fmedia&parent=164"}],"curies":[{"name":"wp","href":"https:\/\/api.w.org\/{rel}","templated":true}]}}