{"id":153,"date":"2013-09-24T21:13:07","date_gmt":"2013-09-24T21:13:07","guid":{"rendered":"http:\/\/osnovnaskolakrk.hr\/malinska\/?page_id=153"},"modified":"2013-09-24T22:29:20","modified_gmt":"2013-09-24T22:29:20","slug":"popis-lektire-za-1-razred","status":"publish","type":"page","link":"http:\/\/osnovnaskolamalinskadubasnica.hr\/?page_id=153","title":{"rendered":"Popis lektire za 1. razred"},"content":{"rendered":"<p>U\u010denici izabiru 4 djela, prvo je obavezno.<strong><br \/>\n<\/strong><\/p>\n<p><strong>1. <\/strong><strong><em>Jacob i Wilhelm Grimm<\/em>: Bajke (izbor)<\/strong><br \/>\n2. <em>Zvonimir Balog<\/em>: Male pri\u010de o velikim slovima<br \/>\n3. <em>Grigor Vitez<\/em>: A za\u0161to ne bi<br \/>\n4. <em>Ljudevit Bauer<\/em>: Tri medvjeda i gitara<br \/>\n5. <em>Sun\u010dana \u0160krinjari\u0107<\/em>: Kako sanjaju stvari ili Plesna haljina \u017eutog masla\u010dka<br \/>\n6. <em>Jens Sigsgaard<\/em>: Pale sam na svijetu<br \/>\n7. <em>Ewa Janikovszkv<\/em>: Ba\u0161 se veselim ili Zna\u0161 li i ti ili Da sam odrastao ili Kako da odgovorim<br \/>\n8. <em>\u017deljka Horvat-Vukelja<\/em>: Hrabrica ili Zdenko Slovojed ili Slikopri\u010de ili Lete\u0107i glasovir ili Petra u\u010di plivati<br \/>\n9. <em>Sonja Zubovi\u0107<\/em>: Kako se gleda abeceda<br \/>\n10. <em>Ivanka Borovac<\/em>: \u017divotinjska abeceda<br \/>\n11. <em>Stanislav Femeni\u0107<\/em>: Idi pa vidi<br \/>\n12. <em>Svjetlan Junakovi\u0107<\/em>: Dome, slatki dome<br \/>\n13. <em>Jean-Baptiste Baronian<\/em>: Figaro, ma\u010dak koji je hrkao<br \/>\n14. <em>Ana \u0110oki\u0107-Pongra\u0161i\u0107<\/em>: Nema\u0161 pojma, Grizlijane<\/p>\n","protected":false},"excerpt":{"rendered":"<p>U\u010denici izabiru 4 djela, prvo je obavezno. 1. Jacob i Wilhelm Grimm: Bajke (izbor) 2. Zvonimir Balog: Male pri\u010de o velikim slovima 3. Grigor Vitez: A za\u0161to ne bi 4. Ljudevit Bauer: Tri medvjeda i gitara 5. Sun\u010dana \u0160krinjari\u0107: Kako &hellip; <a href=\"http:\/\/osnovnaskolamalinskadubasnica.hr\/?page_id=153\">Nastavi \u010ditati <span class=\"meta-nav\">&rarr;<\/span><\/a><\/p>\n","protected":false},"author":1,"featured_media":0,"parent":0,"menu_order":0,"comment_status":"closed","ping_status":"open","template":"","meta":{"footnotes":""},"class_list":["post-153","page","type-page","status-publish","hentry"],"yoast_head":"<!-- This site is optimized with the Yoast SEO plugin v27.4 - https:\/\/yoast.com\/product\/yoast-seo-wordpress\/ -->\n<title>Popis lektire za 1. razred - Osnovna \u0161kola Malinska-Duba\u0161nica<\/title>\n<meta name=\"robots\" content=\"index, follow, max-snippet:-1, max-image-preview:large, max-video-preview:-1\" \/>\n<link rel=\"canonical\" href=\"https:\/\/osnovnaskolamalinskadubasnica.hr\/?page_id=153\" \/>\n<meta property=\"og:locale\" content=\"hr_HR\" \/>\n<meta property=\"og:type\" content=\"article\" \/>\n<meta property=\"og:title\" content=\"Popis lektire za 1. razred - Osnovna \u0161kola Malinska-Duba\u0161nica\" \/>\n<meta property=\"og:description\" content=\"U\u010denici izabiru 4 djela, prvo je obavezno. 1. Jacob i Wilhelm Grimm: Bajke (izbor) 2. Zvonimir Balog: Male pri\u010de o velikim slovima 3. Grigor Vitez: A za\u0161to ne bi 4. Ljudevit Bauer: Tri medvjeda i gitara 5. Sun\u010dana \u0160krinjari\u0107: Kako &hellip; Nastavi \u010ditati &rarr;\" \/>\n<meta property=\"og:url\" content=\"https:\/\/osnovnaskolamalinskadubasnica.hr\/?page_id=153\" \/>\n<meta property=\"og:site_name\" content=\"Osnovna \u0161kola Malinska-Duba\u0161nica\" \/>\n<meta property=\"article:publisher\" content=\"https:\/\/www.facebook.com\/osmalinskadubasnica\/\" \/>\n<meta property=\"article:modified_time\" content=\"2013-09-24T22:29:20+00:00\" \/>\n<meta name=\"twitter:card\" content=\"summary_large_image\" \/>\n<meta name=\"twitter:label1\" content=\"Procijenjeno vrijeme \u010ditanja\" \/>\n\t<meta name=\"twitter:data1\" content=\"1 minuta\" \/>\n<script type=\"application\/ld+json\" class=\"yoast-schema-graph\">{\"@context\":\"https:\\\/\\\/schema.org\",\"@graph\":[{\"@type\":\"WebPage\",\"@id\":\"https:\\\/\\\/osnovnaskolamalinskadubasnica.hr\\\/?page_id=153\",\"url\":\"https:\\\/\\\/osnovnaskolamalinskadubasnica.hr\\\/?page_id=153\",\"name\":\"Popis lektire za 1. razred - Osnovna \u0161kola Malinska-Duba\u0161nica\",\"isPartOf\":{\"@id\":\"http:\\\/\\\/osnovnaskolamalinskadubasnica.hr\\\/#website\"},\"datePublished\":\"2013-09-24T21:13:07+00:00\",\"dateModified\":\"2013-09-24T22:29:20+00:00\",\"breadcrumb\":{\"@id\":\"https:\\\/\\\/osnovnaskolamalinskadubasnica.hr\\\/?page_id=153#breadcrumb\"},\"inLanguage\":\"hr\",\"potentialAction\":[{\"@type\":\"ReadAction\",\"target\":[\"https:\\\/\\\/osnovnaskolamalinskadubasnica.hr\\\/?page_id=153\"]}]},{\"@type\":\"BreadcrumbList\",\"@id\":\"https:\\\/\\\/osnovnaskolamalinskadubasnica.hr\\\/?page_id=153#breadcrumb\",\"itemListElement\":[{\"@type\":\"ListItem\",\"position\":1,\"name\":\"Po\u010detna stranica\",\"item\":\"http:\\\/\\\/osnovnaskolamalinskadubasnica.hr\\\/\"},{\"@type\":\"ListItem\",\"position\":2,\"name\":\"Popis lektire za 1. razred\"}]},{\"@type\":\"WebSite\",\"@id\":\"http:\\\/\\\/osnovnaskolamalinskadubasnica.hr\\\/#website\",\"url\":\"http:\\\/\\\/osnovnaskolamalinskadubasnica.hr\\\/\",\"name\":\"Osnovna \u0161kola Malinska-Duba\u0161nica\",\"description\":\"\",\"potentialAction\":[{\"@type\":\"SearchAction\",\"target\":{\"@type\":\"EntryPoint\",\"urlTemplate\":\"http:\\\/\\\/osnovnaskolamalinskadubasnica.hr\\\/?s={search_term_string}\"},\"query-input\":{\"@type\":\"PropertyValueSpecification\",\"valueRequired\":true,\"valueName\":\"search_term_string\"}}],\"inLanguage\":\"hr\"}]}<\/script>\n<!-- \/ Yoast SEO plugin. -->","yoast_head_json":{"title":"Popis lektire za 1. razred - Osnovna \u0161kola Malinska-Duba\u0161nica","robots":{"index":"index","follow":"follow","max-snippet":"max-snippet:-1","max-image-preview":"max-image-preview:large","max-video-preview":"max-video-preview:-1"},"canonical":"https:\/\/osnovnaskolamalinskadubasnica.hr\/?page_id=153","og_locale":"hr_HR","og_type":"article","og_title":"Popis lektire za 1. razred - Osnovna \u0161kola Malinska-Duba\u0161nica","og_description":"U\u010denici izabiru 4 djela, prvo je obavezno. 1. Jacob i Wilhelm Grimm: Bajke (izbor) 2. Zvonimir Balog: Male pri\u010de o velikim slovima 3. Grigor Vitez: A za\u0161to ne bi 4. Ljudevit Bauer: Tri medvjeda i gitara 5. Sun\u010dana \u0160krinjari\u0107: Kako &hellip; Nastavi \u010ditati &rarr;","og_url":"https:\/\/osnovnaskolamalinskadubasnica.hr\/?page_id=153","og_site_name":"Osnovna \u0161kola Malinska-Duba\u0161nica","article_publisher":"https:\/\/www.facebook.com\/osmalinskadubasnica\/","article_modified_time":"2013-09-24T22:29:20+00:00","twitter_card":"summary_large_image","twitter_misc":{"Procijenjeno vrijeme \u010ditanja":"1 minuta"},"schema":{"@context":"https:\/\/schema.org","@graph":[{"@type":"WebPage","@id":"https:\/\/osnovnaskolamalinskadubasnica.hr\/?page_id=153","url":"https:\/\/osnovnaskolamalinskadubasnica.hr\/?page_id=153","name":"Popis lektire za 1. razred - Osnovna \u0161kola Malinska-Duba\u0161nica","isPartOf":{"@id":"http:\/\/osnovnaskolamalinskadubasnica.hr\/#website"},"datePublished":"2013-09-24T21:13:07+00:00","dateModified":"2013-09-24T22:29:20+00:00","breadcrumb":{"@id":"https:\/\/osnovnaskolamalinskadubasnica.hr\/?page_id=153#breadcrumb"},"inLanguage":"hr","potentialAction":[{"@type":"ReadAction","target":["https:\/\/osnovnaskolamalinskadubasnica.hr\/?page_id=153"]}]},{"@type":"BreadcrumbList","@id":"https:\/\/osnovnaskolamalinskadubasnica.hr\/?page_id=153#breadcrumb","itemListElement":[{"@type":"ListItem","position":1,"name":"Po\u010detna stranica","item":"http:\/\/osnovnaskolamalinskadubasnica.hr\/"},{"@type":"ListItem","position":2,"name":"Popis lektire za 1. razred"}]},{"@type":"WebSite","@id":"http:\/\/osnovnaskolamalinskadubasnica.hr\/#website","url":"http:\/\/osnovnaskolamalinskadubasnica.hr\/","name":"Osnovna \u0161kola Malinska-Duba\u0161nica","description":"","potentialAction":[{"@type":"SearchAction","target":{"@type":"EntryPoint","urlTemplate":"http:\/\/osnovnaskolamalinskadubasnica.hr\/?s={search_term_string}"},"query-input":{"@type":"PropertyValueSpecification","valueRequired":true,"valueName":"search_term_string"}}],"inLanguage":"hr"}]}},"_links":{"self":[{"href":"http:\/\/osnovnaskolamalinskadubasnica.hr\/index.php?rest_route=\/wp\/v2\/pages\/153","targetHints":{"allow":["GET"]}}],"collection":[{"href":"http:\/\/osnovnaskolamalinskadubasnica.hr\/index.php?rest_route=\/wp\/v2\/pages"}],"about":[{"href":"http:\/\/osnovnaskolamalinskadubasnica.hr\/index.php?rest_route=\/wp\/v2\/types\/page"}],"author":[{"embeddable":true,"href":"http:\/\/osnovnaskolamalinskadubasnica.hr\/index.php?rest_route=\/wp\/v2\/users\/1"}],"replies":[{"embeddable":true,"href":"http:\/\/osnovnaskolamalinskadubasnica.hr\/index.php?rest_route=%2Fwp%2Fv2%2Fcomments&post=153"}],"version-history":[{"count":3,"href":"http:\/\/osnovnaskolamalinskadubasnica.hr\/index.php?rest_route=\/wp\/v2\/pages\/153\/revisions"}],"predecessor-version":[{"id":166,"href":"http:\/\/osnovnaskolamalinskadubasnica.hr\/index.php?rest_route=\/wp\/v2\/pages\/153\/revisions\/166"}],"wp:attachment":[{"href":"http:\/\/osnovnaskolamalinskadubasnica.hr\/index.php?rest_route=%2Fwp%2Fv2%2Fmedia&parent=153"}],"curies":[{"name":"wp","href":"https:\/\/api.w.org\/{rel}","templated":true}]}}