{"id":10021,"date":"2017-04-02T23:22:40","date_gmt":"2017-04-02T23:22:40","guid":{"rendered":"http:\/\/osnovnaskolamalinskadubasnica.hr\/?page_id=10021"},"modified":"2017-04-04T19:39:49","modified_gmt":"2017-04-04T19:39:49","slug":"proljece-u-3-a","status":"publish","type":"page","link":"http:\/\/osnovnaskolamalinskadubasnica.hr\/?page_id=10021","title":{"rendered":"Prolje\u0107e u 3. a"},"content":{"rendered":"<p style=\"text-align: center;\"><a href=\"http:\/\/osnovnaskolamalinskadubasnica.hr\/wp-content\/uploads\/P3300009.jpg\" data-rel=\"lightbox-image-0\" data-rl_title=\"\" data-rl_caption=\"\" title=\"\"><img loading=\"lazy\" decoding=\"async\" class=\"alignleft wp-image-10019\" src=\"http:\/\/osnovnaskolamalinskadubasnica.hr\/wp-content\/uploads\/P3300009.jpg\" alt=\"\" width=\"300\" height=\"225\" srcset=\"http:\/\/osnovnaskolamalinskadubasnica.hr\/wp-content\/uploads\/P3300009.jpg 850w, http:\/\/osnovnaskolamalinskadubasnica.hr\/wp-content\/uploads\/P3300009-768x576.jpg 768w\" sizes=\"auto, (max-width: 300px) 100vw, 300px\" \/><\/a><strong><em><span style=\"color: #ff6600;\">Dunje se \u017eute<\/span><\/em><\/strong><br \/>\n<strong> <em><span style=\"color: #ff6600;\">zbog prolje\u0107a ljute.<\/span><\/em><\/strong><\/p>\n<p style=\"text-align: center;\"><strong><em><span style=\"color: #ff6600;\">Jer se kro\u0161nje za\u0161arene<\/span><\/em><\/strong><br \/>\n<strong> <em><span style=\"color: #ff6600;\">i do\u0111u pti\u010dice zaljubljene.<\/span><\/em><\/strong><\/p>\n<p><span style=\"color: #ffffff;\">.<\/span><br \/>\n<span style=\"color: #ffffff;\">.<\/span><\/p>\n<p>&nbsp;<\/p>\n<p><strong><span style=\"color: #0000ff;\">KI\u0160NA PRI\u010cA<\/span><\/strong><strong>\u00a0<\/strong><\/p>\n<p style=\"text-align: justify;\"><a href=\"http:\/\/osnovnaskolamalinskadubasnica.hr\/wp-content\/uploads\/P3300036.jpg\" data-rel=\"lightbox-image-1\" data-rl_title=\"\" data-rl_caption=\"\" title=\"\"><img loading=\"lazy\" decoding=\"async\" class=\"alignright wp-image-10022\" src=\"http:\/\/osnovnaskolamalinskadubasnica.hr\/wp-content\/uploads\/P3300036.jpg\" alt=\"\" width=\"300\" height=\"210\" srcset=\"http:\/\/osnovnaskolamalinskadubasnica.hr\/wp-content\/uploads\/P3300036.jpg 800w, http:\/\/osnovnaskolamalinskadubasnica.hr\/wp-content\/uploads\/P3300036-768x538.jpg 768w\" sizes=\"auto, (max-width: 300px) 100vw, 300px\" \/><\/a><em><span style=\"color: #0000ff;\">Proljetna ki\u0161a je prljava. Dok pada, ki\u0161a me zabavlja. Cvije\u0107e je sretno. I sunce joj se veseli. Igramo se na ki\u0161i. Poslije ki\u0161e dolazi duga. Ljudi su sretni, kao i priroda, kada pada ki\u0161a. Gledam u ki\u0161u kroz prozor. \u017divotinje se vesele ki\u0161i i \u017eeljno je o\u010dekuju. Volimo pjevati na ki\u0161i. Svi smo sretni kada pada ki\u0161a. Prolje\u0107e je toplo. Topla je ki\u0161a. Prolje\u0107e voli kada pada ki\u0161a. <\/span><\/em><\/p>\n<h3 style=\"text-align: center;\"><strong><em><span style=\"color: #0000ff;\">Volim proljetnu ki\u0161u i zato ple\u0161em na njoj.<\/span><\/em>\u00a0 \u2614<\/strong><\/h3>\n<p style=\"text-align: justify;\"><span style=\"color: #000000;\">Ki\u0161na pri\u010da je nastala tako da je svaki u\u010denik iz razreda napisao jednu re\u010denicu kojom opisuje ki\u0161u. I kad se sve spojilo&#8230; ba\u0161 je ispala lijepa pri\u010da! \ud83d\ude42<\/span><\/p>\n<p style=\"text-align: center;\"><a href=\"http:\/\/osnovnaskolamalinskadubasnica.hr\/wp-content\/uploads\/P3300007.jpg\" data-rel=\"lightbox-image-2\" data-rl_title=\"\" data-rl_caption=\"\" title=\"\"><img loading=\"lazy\" decoding=\"async\" class=\"alignleft wp-image-10024\" src=\"http:\/\/osnovnaskolamalinskadubasnica.hr\/wp-content\/uploads\/P3300007.jpg\" alt=\"\" width=\"300\" height=\"225\" srcset=\"http:\/\/osnovnaskolamalinskadubasnica.hr\/wp-content\/uploads\/P3300007.jpg 850w, http:\/\/osnovnaskolamalinskadubasnica.hr\/wp-content\/uploads\/P3300007-768x576.jpg 768w\" sizes=\"auto, (max-width: 300px) 100vw, 300px\" \/><\/a><strong><em><span style=\"color: #800080;\">Prolje\u0107e je boje bijele, visibabe vele.<\/span><\/em><\/strong><\/p>\n<p style=\"text-align: center;\"><strong><em><span style=\"color: #800080;\">Prolje\u0107e je boje \u017eute, jaglaci se ljute.<\/span><\/em><\/strong><\/p>\n<p style=\"text-align: center;\"><strong><em><span style=\"color: #800080;\">Prolje\u0107e je boje plave,<\/span><\/em><\/strong><br \/>\n<strong><em><span style=\"color: #800080;\">poto\u010dnice govore iz trave.<\/span><\/em><\/strong><\/p>\n<p style=\"text-align: center;\"><strong><em><span style=\"color: #800080;\">Prolje\u0107e je sjajnog ljubi\u010dastog lica,<\/span><\/em><\/strong><br \/>\n<strong><em><span style=\"color: #800080;\">smije se ljubica.<\/span><\/em><\/strong><\/p>\n<p style=\"text-align: center;\"><a href=\"http:\/\/osnovnaskolamalinskadubasnica.hr\/wp-content\/uploads\/P3300050.jpg\" data-rel=\"lightbox-image-3\" data-rl_title=\"\" data-rl_caption=\"\" title=\"\"><img loading=\"lazy\" decoding=\"async\" class=\"alignright wp-image-10026\" src=\"http:\/\/osnovnaskolamalinskadubasnica.hr\/wp-content\/uploads\/P3300050.jpg\" alt=\"\" width=\"300\" height=\"429\" \/><\/a><strong><em><span style=\"color: #993300;\">Sunce je boje \u017eute, a kapljice se ljute.<\/span><\/em><\/strong><\/p>\n<p style=\"text-align: center;\"><strong><em><span style=\"color: #993300;\">Nakon \u0161alice toplog mlijeka,<\/span><\/em><\/strong><br \/>\n<strong><em><span style=\"color: #993300;\">nabrao sam buket kukurijeka.<\/span><\/em><\/strong><\/p>\n<p style=\"text-align: center;\"><strong><em><span style=\"color: #993300;\">Rekli su mi da tra\u017eim druge,<\/span><\/em><\/strong><br \/>\n<strong><em><span style=\"color: #993300;\">jer ovaj cvijet nosi muke duge.<\/span><\/em><\/strong><\/p>\n<p style=\"text-align: center;\"><strong><em><span style=\"color: #993300;\">Potra\u017eio sam latice plave,<\/span><\/em><\/strong><br \/>\n<strong><em><span style=\"color: #993300;\">neke besopasne trave.<\/span><\/em><\/strong><\/p>\n<p style=\"text-align: center;\">\ud83c\udf3c<\/p>\n<p style=\"text-align: center;\"><strong><em><span style=\"color: #ff6600;\">Na poto\u010di\u0107u poto\u010dnice<\/span><\/em><\/strong><br \/>\n<strong><em><span style=\"color: #ff6600;\">\u0161apu\u0107u veselo iz trave.<\/span><\/em><\/strong><\/p>\n<p style=\"text-align: center;\"><strong><em><span style=\"color: #ff6600;\">Jaglac mali, \u017euti<\/span><\/em><\/strong><br \/>\n<strong><em><span style=\"color: #ff6600;\">na suncu se ljuti.<\/span><\/em><\/strong><\/p>\n<p style=\"text-align: center;\"><strong><em><span style=\"color: #ff6600;\"><a href=\"http:\/\/osnovnaskolamalinskadubasnica.hr\/wp-content\/uploads\/P3300006.jpg\" data-rel=\"lightbox-image-4\" data-rl_title=\"\" data-rl_caption=\"\" title=\"\"><img loading=\"lazy\" decoding=\"async\" class=\"alignleft wp-image-10027\" src=\"http:\/\/osnovnaskolamalinskadubasnica.hr\/wp-content\/uploads\/P3300006.jpg\" alt=\"\" width=\"300\" height=\"225\" srcset=\"http:\/\/osnovnaskolamalinskadubasnica.hr\/wp-content\/uploads\/P3300006.jpg 850w, http:\/\/osnovnaskolamalinskadubasnica.hr\/wp-content\/uploads\/P3300006-768x576.jpg 768w\" sizes=\"auto, (max-width: 300px) 100vw, 300px\" \/><\/a>Ljubi\u010dica osmjehom svojim<\/span><\/em><\/strong><br \/>\n<strong><em><span style=\"color: #ff6600;\">cvjetove \u010dini ljubomornim.<\/span><\/em><\/strong><\/p>\n<p style=\"text-align: center;\"><strong><em><span style=\"color: #ff6600;\">Bubamare vesele, zaljubljene<\/span><\/em><\/strong><br \/>\n<strong><em><span style=\"color: #ff6600;\">krila im se za\u0161arene.<\/span><\/em><\/strong><\/p>\n<p style=\"text-align: center;\"><strong><em><span style=\"color: #ff6600;\">A grmovi se nji\u0161u, dok uz vjetar prople\u0161u.<\/span><\/em><\/strong><\/p>\n<p style=\"text-align: justify;\"><span style=\"color: #ffffff;\">.<\/span><\/p>\n<p style=\"text-align: center;\"><strong><em><span style=\"color: #008000;\"><a href=\"http:\/\/osnovnaskolamalinskadubasnica.hr\/wp-content\/uploads\/P3300052.jpg\" data-rel=\"lightbox-image-5\" data-rl_title=\"\" data-rl_caption=\"\" title=\"\"><img loading=\"lazy\" decoding=\"async\" class=\"alignright wp-image-10028\" src=\"http:\/\/osnovnaskolamalinskadubasnica.hr\/wp-content\/uploads\/P3300052.jpg\" alt=\"\" width=\"280\" height=\"196\" srcset=\"http:\/\/osnovnaskolamalinskadubasnica.hr\/wp-content\/uploads\/P3300052.jpg 800w, http:\/\/osnovnaskolamalinskadubasnica.hr\/wp-content\/uploads\/P3300052-768x538.jpg 768w\" sizes=\"auto, (max-width: 280px) 100vw, 280px\" \/><\/a>Stigla nam je s juga prva ptica,<\/span><\/em><\/strong><br \/>\n<strong><em><span style=\"color: #008000;\">a ime joj je lastavica.<\/span><\/em><\/strong><\/p>\n<p style=\"text-align: center;\"><strong><em><span style=\"color: #008000;\">Perunike i ljubi\u010dice plave<\/span><\/em><\/strong><br \/>\n<strong><em><span style=\"color: #008000;\">dignule su svoje glave iz trave.<\/span><\/em><\/strong><\/p>\n<p style=\"text-align: center;\"><strong><em><span style=\"color: #008000;\">I sunce se zlati,<\/span><\/em><\/strong><br \/>\n<strong><em><span style=\"color: #008000;\">a iz daljine ga obla\u010di\u0107 prati.<\/span><\/em><\/strong><\/p>\n<p style=\"text-align: center;\"><strong><em><span style=\"color: #008000;\">Prolje\u0107e ima puno boja, <\/span><\/em><\/strong><strong><em><span style=\"color: #008000;\">a zelena je omiljena boja moja.<\/span><\/em><\/strong><\/p>\n<div id='gallery-1' class='gallery galleryid-10021 gallery-columns-3 gallery-size-thumbnail'><dl class='gallery-item'>\n\t\t\t<dt class='gallery-icon landscape'>\n\t\t\t\t<a href='http:\/\/osnovnaskolamalinskadubasnica.hr\/wp-content\/uploads\/P3300004.jpg' title=\"\" data-rl_title=\"\" class=\"rl-gallery-link\" data-rl_caption=\"\" data-rel=\"lightbox-gallery-1\"><img loading=\"lazy\" decoding=\"async\" width=\"150\" height=\"150\" src=\"http:\/\/osnovnaskolamalinskadubasnica.hr\/wp-content\/uploads\/P3300004-150x150.jpg\" class=\"attachment-thumbnail size-thumbnail\" alt=\"\" \/><\/a>\n\t\t\t<\/dt><\/dl><dl class='gallery-item'>\n\t\t\t<dt class='gallery-icon landscape'>\n\t\t\t\t<a href='http:\/\/osnovnaskolamalinskadubasnica.hr\/wp-content\/uploads\/P3300049.jpg' title=\"\" data-rl_title=\"\" class=\"rl-gallery-link\" data-rl_caption=\"\" data-rel=\"lightbox-gallery-1\"><img loading=\"lazy\" decoding=\"async\" width=\"150\" height=\"150\" src=\"http:\/\/osnovnaskolamalinskadubasnica.hr\/wp-content\/uploads\/P3300049-150x150.jpg\" class=\"attachment-thumbnail size-thumbnail\" alt=\"\" \/><\/a>\n\t\t\t<\/dt><\/dl><dl class='gallery-item'>\n\t\t\t<dt class='gallery-icon landscape'>\n\t\t\t\t<a href='http:\/\/osnovnaskolamalinskadubasnica.hr\/wp-content\/uploads\/P3300008.jpg' title=\"\" data-rl_title=\"\" class=\"rl-gallery-link\" data-rl_caption=\"\" data-rel=\"lightbox-gallery-1\"><img loading=\"lazy\" decoding=\"async\" width=\"150\" height=\"150\" src=\"http:\/\/osnovnaskolamalinskadubasnica.hr\/wp-content\/uploads\/P3300008-150x150.jpg\" class=\"attachment-thumbnail size-thumbnail\" alt=\"\" \/><\/a>\n\t\t\t<\/dt><\/dl><br style=\"clear: both\" \/><dl class='gallery-item'>\n\t\t\t<dt class='gallery-icon landscape'>\n\t\t\t\t<a href='http:\/\/osnovnaskolamalinskadubasnica.hr\/wp-content\/uploads\/P3300011.jpg' title=\"\" data-rl_title=\"\" class=\"rl-gallery-link\" data-rl_caption=\"\" data-rel=\"lightbox-gallery-1\"><img loading=\"lazy\" decoding=\"async\" width=\"150\" height=\"150\" src=\"http:\/\/osnovnaskolamalinskadubasnica.hr\/wp-content\/uploads\/P3300011-150x150.jpg\" class=\"attachment-thumbnail size-thumbnail\" alt=\"\" \/><\/a>\n\t\t\t<\/dt><\/dl><dl class='gallery-item'>\n\t\t\t<dt class='gallery-icon landscape'>\n\t\t\t\t<a href='http:\/\/osnovnaskolamalinskadubasnica.hr\/wp-content\/uploads\/P3300053.jpg' title=\"\" data-rl_title=\"\" class=\"rl-gallery-link\" data-rl_caption=\"\" data-rel=\"lightbox-gallery-1\"><img loading=\"lazy\" decoding=\"async\" width=\"150\" height=\"150\" src=\"http:\/\/osnovnaskolamalinskadubasnica.hr\/wp-content\/uploads\/P3300053-150x150.jpg\" class=\"attachment-thumbnail size-thumbnail\" alt=\"\" \/><\/a>\n\t\t\t<\/dt><\/dl><dl class='gallery-item'>\n\t\t\t<dt class='gallery-icon landscape'>\n\t\t\t\t<a href='http:\/\/osnovnaskolamalinskadubasnica.hr\/wp-content\/uploads\/P3300012.jpg' title=\"\" data-rl_title=\"\" class=\"rl-gallery-link\" data-rl_caption=\"\" data-rel=\"lightbox-gallery-1\"><img loading=\"lazy\" decoding=\"async\" width=\"150\" height=\"150\" src=\"http:\/\/osnovnaskolamalinskadubasnica.hr\/wp-content\/uploads\/P3300012-150x150.jpg\" class=\"attachment-thumbnail size-thumbnail\" alt=\"\" \/><\/a>\n\t\t\t<\/dt><\/dl><br style=\"clear: both\" \/>\n\t\t<\/div>\n\n<p>&nbsp;<\/p>\n","protected":false},"excerpt":{"rendered":"<p>Dunje se \u017eute zbog prolje\u0107a ljute. Jer se kro\u0161nje za\u0161arene i do\u0111u pti\u010dice zaljubljene. . . &nbsp; KI\u0160NA PRI\u010cA\u00a0 Proljetna ki\u0161a je prljava. Dok pada, ki\u0161a me zabavlja. Cvije\u0107e je sretno. I sunce joj se veseli. Igramo se na ki\u0161i. &hellip; <a href=\"http:\/\/osnovnaskolamalinskadubasnica.hr\/?page_id=10021\">Nastavi \u010ditati <span class=\"meta-nav\">&rarr;<\/span><\/a><\/p>\n","protected":false},"author":1,"featured_media":0,"parent":0,"menu_order":0,"comment_status":"closed","ping_status":"closed","template":"","meta":{"footnotes":""},"class_list":["post-10021","page","type-page","status-publish","hentry"],"yoast_head":"<!-- This site is optimized with the Yoast SEO plugin v27.4 - https:\/\/yoast.com\/product\/yoast-seo-wordpress\/ -->\n<title>Prolje\u0107e u 3. a - Osnovna \u0161kola Malinska-Duba\u0161nica<\/title>\n<meta name=\"robots\" content=\"index, follow, max-snippet:-1, max-image-preview:large, max-video-preview:-1\" \/>\n<link rel=\"canonical\" href=\"http:\/\/osnovnaskolamalinskadubasnica.hr\/?page_id=10021\" \/>\n<meta property=\"og:locale\" content=\"hr_HR\" \/>\n<meta property=\"og:type\" content=\"article\" \/>\n<meta property=\"og:title\" content=\"Prolje\u0107e u 3. a - Osnovna \u0161kola Malinska-Duba\u0161nica\" \/>\n<meta property=\"og:description\" content=\"Dunje se \u017eute zbog prolje\u0107a ljute. Jer se kro\u0161nje za\u0161arene i do\u0111u pti\u010dice zaljubljene. . . &nbsp; KI\u0160NA PRI\u010cA\u00a0 Proljetna ki\u0161a je prljava. Dok pada, ki\u0161a me zabavlja. Cvije\u0107e je sretno. I sunce joj se veseli. Igramo se na ki\u0161i. &hellip; Nastavi \u010ditati &rarr;\" \/>\n<meta property=\"og:url\" content=\"http:\/\/osnovnaskolamalinskadubasnica.hr\/?page_id=10021\" \/>\n<meta property=\"og:site_name\" content=\"Osnovna \u0161kola Malinska-Duba\u0161nica\" \/>\n<meta property=\"article:publisher\" content=\"https:\/\/www.facebook.com\/osmalinskadubasnica\/\" \/>\n<meta property=\"article:modified_time\" content=\"2017-04-04T19:39:49+00:00\" \/>\n<meta property=\"og:image\" content=\"http:\/\/osnovnaskolamalinskadubasnica.hr\/wp-content\/uploads\/P3300004-150x150.jpg\" \/>\n<meta name=\"twitter:card\" content=\"summary_large_image\" \/>\n<meta name=\"twitter:label1\" content=\"Procijenjeno vrijeme \u010ditanja\" \/>\n\t<meta name=\"twitter:data1\" content=\"2 minute\" \/>\n<script type=\"application\/ld+json\" class=\"yoast-schema-graph\">{\"@context\":\"https:\\\/\\\/schema.org\",\"@graph\":[{\"@type\":\"WebPage\",\"@id\":\"http:\\\/\\\/osnovnaskolamalinskadubasnica.hr\\\/?page_id=10021\",\"url\":\"http:\\\/\\\/osnovnaskolamalinskadubasnica.hr\\\/?page_id=10021\",\"name\":\"Prolje\u0107e u 3. a - Osnovna \u0161kola Malinska-Duba\u0161nica\",\"isPartOf\":{\"@id\":\"http:\\\/\\\/osnovnaskolamalinskadubasnica.hr\\\/#website\"},\"primaryImageOfPage\":{\"@id\":\"http:\\\/\\\/osnovnaskolamalinskadubasnica.hr\\\/?page_id=10021#primaryimage\"},\"image\":{\"@id\":\"http:\\\/\\\/osnovnaskolamalinskadubasnica.hr\\\/?page_id=10021#primaryimage\"},\"thumbnailUrl\":\"http:\\\/\\\/osnovnaskolamalinskadubasnica.hr\\\/wp-content\\\/uploads\\\/P3300009.jpg\",\"datePublished\":\"2017-04-02T23:22:40+00:00\",\"dateModified\":\"2017-04-04T19:39:49+00:00\",\"breadcrumb\":{\"@id\":\"http:\\\/\\\/osnovnaskolamalinskadubasnica.hr\\\/?page_id=10021#breadcrumb\"},\"inLanguage\":\"hr\",\"potentialAction\":[{\"@type\":\"ReadAction\",\"target\":[\"http:\\\/\\\/osnovnaskolamalinskadubasnica.hr\\\/?page_id=10021\"]}]},{\"@type\":\"ImageObject\",\"inLanguage\":\"hr\",\"@id\":\"http:\\\/\\\/osnovnaskolamalinskadubasnica.hr\\\/?page_id=10021#primaryimage\",\"url\":\"http:\\\/\\\/osnovnaskolamalinskadubasnica.hr\\\/wp-content\\\/uploads\\\/P3300009.jpg\",\"contentUrl\":\"http:\\\/\\\/osnovnaskolamalinskadubasnica.hr\\\/wp-content\\\/uploads\\\/P3300009.jpg\",\"width\":850,\"height\":638},{\"@type\":\"BreadcrumbList\",\"@id\":\"http:\\\/\\\/osnovnaskolamalinskadubasnica.hr\\\/?page_id=10021#breadcrumb\",\"itemListElement\":[{\"@type\":\"ListItem\",\"position\":1,\"name\":\"Po\u010detna stranica\",\"item\":\"http:\\\/\\\/osnovnaskolamalinskadubasnica.hr\\\/\"},{\"@type\":\"ListItem\",\"position\":2,\"name\":\"Prolje\u0107e u 3. a\"}]},{\"@type\":\"WebSite\",\"@id\":\"http:\\\/\\\/osnovnaskolamalinskadubasnica.hr\\\/#website\",\"url\":\"http:\\\/\\\/osnovnaskolamalinskadubasnica.hr\\\/\",\"name\":\"Osnovna \u0161kola Malinska-Duba\u0161nica\",\"description\":\"\",\"potentialAction\":[{\"@type\":\"SearchAction\",\"target\":{\"@type\":\"EntryPoint\",\"urlTemplate\":\"http:\\\/\\\/osnovnaskolamalinskadubasnica.hr\\\/?s={search_term_string}\"},\"query-input\":{\"@type\":\"PropertyValueSpecification\",\"valueRequired\":true,\"valueName\":\"search_term_string\"}}],\"inLanguage\":\"hr\"}]}<\/script>\n<!-- \/ Yoast SEO plugin. -->","yoast_head_json":{"title":"Prolje\u0107e u 3. a - Osnovna \u0161kola Malinska-Duba\u0161nica","robots":{"index":"index","follow":"follow","max-snippet":"max-snippet:-1","max-image-preview":"max-image-preview:large","max-video-preview":"max-video-preview:-1"},"canonical":"http:\/\/osnovnaskolamalinskadubasnica.hr\/?page_id=10021","og_locale":"hr_HR","og_type":"article","og_title":"Prolje\u0107e u 3. a - Osnovna \u0161kola Malinska-Duba\u0161nica","og_description":"Dunje se \u017eute zbog prolje\u0107a ljute. Jer se kro\u0161nje za\u0161arene i do\u0111u pti\u010dice zaljubljene. . . &nbsp; KI\u0160NA PRI\u010cA\u00a0 Proljetna ki\u0161a je prljava. Dok pada, ki\u0161a me zabavlja. Cvije\u0107e je sretno. I sunce joj se veseli. Igramo se na ki\u0161i. &hellip; Nastavi \u010ditati &rarr;","og_url":"http:\/\/osnovnaskolamalinskadubasnica.hr\/?page_id=10021","og_site_name":"Osnovna \u0161kola Malinska-Duba\u0161nica","article_publisher":"https:\/\/www.facebook.com\/osmalinskadubasnica\/","article_modified_time":"2017-04-04T19:39:49+00:00","og_image":[{"url":"http:\/\/osnovnaskolamalinskadubasnica.hr\/wp-content\/uploads\/P3300004-150x150.jpg","type":"","width":"","height":""}],"twitter_card":"summary_large_image","twitter_misc":{"Procijenjeno vrijeme \u010ditanja":"2 minute"},"schema":{"@context":"https:\/\/schema.org","@graph":[{"@type":"WebPage","@id":"http:\/\/osnovnaskolamalinskadubasnica.hr\/?page_id=10021","url":"http:\/\/osnovnaskolamalinskadubasnica.hr\/?page_id=10021","name":"Prolje\u0107e u 3. a - Osnovna \u0161kola Malinska-Duba\u0161nica","isPartOf":{"@id":"http:\/\/osnovnaskolamalinskadubasnica.hr\/#website"},"primaryImageOfPage":{"@id":"http:\/\/osnovnaskolamalinskadubasnica.hr\/?page_id=10021#primaryimage"},"image":{"@id":"http:\/\/osnovnaskolamalinskadubasnica.hr\/?page_id=10021#primaryimage"},"thumbnailUrl":"http:\/\/osnovnaskolamalinskadubasnica.hr\/wp-content\/uploads\/P3300009.jpg","datePublished":"2017-04-02T23:22:40+00:00","dateModified":"2017-04-04T19:39:49+00:00","breadcrumb":{"@id":"http:\/\/osnovnaskolamalinskadubasnica.hr\/?page_id=10021#breadcrumb"},"inLanguage":"hr","potentialAction":[{"@type":"ReadAction","target":["http:\/\/osnovnaskolamalinskadubasnica.hr\/?page_id=10021"]}]},{"@type":"ImageObject","inLanguage":"hr","@id":"http:\/\/osnovnaskolamalinskadubasnica.hr\/?page_id=10021#primaryimage","url":"http:\/\/osnovnaskolamalinskadubasnica.hr\/wp-content\/uploads\/P3300009.jpg","contentUrl":"http:\/\/osnovnaskolamalinskadubasnica.hr\/wp-content\/uploads\/P3300009.jpg","width":850,"height":638},{"@type":"BreadcrumbList","@id":"http:\/\/osnovnaskolamalinskadubasnica.hr\/?page_id=10021#breadcrumb","itemListElement":[{"@type":"ListItem","position":1,"name":"Po\u010detna stranica","item":"http:\/\/osnovnaskolamalinskadubasnica.hr\/"},{"@type":"ListItem","position":2,"name":"Prolje\u0107e u 3. a"}]},{"@type":"WebSite","@id":"http:\/\/osnovnaskolamalinskadubasnica.hr\/#website","url":"http:\/\/osnovnaskolamalinskadubasnica.hr\/","name":"Osnovna \u0161kola Malinska-Duba\u0161nica","description":"","potentialAction":[{"@type":"SearchAction","target":{"@type":"EntryPoint","urlTemplate":"http:\/\/osnovnaskolamalinskadubasnica.hr\/?s={search_term_string}"},"query-input":{"@type":"PropertyValueSpecification","valueRequired":true,"valueName":"search_term_string"}}],"inLanguage":"hr"}]}},"_links":{"self":[{"href":"http:\/\/osnovnaskolamalinskadubasnica.hr\/index.php?rest_route=\/wp\/v2\/pages\/10021","targetHints":{"allow":["GET"]}}],"collection":[{"href":"http:\/\/osnovnaskolamalinskadubasnica.hr\/index.php?rest_route=\/wp\/v2\/pages"}],"about":[{"href":"http:\/\/osnovnaskolamalinskadubasnica.hr\/index.php?rest_route=\/wp\/v2\/types\/page"}],"author":[{"embeddable":true,"href":"http:\/\/osnovnaskolamalinskadubasnica.hr\/index.php?rest_route=\/wp\/v2\/users\/1"}],"replies":[{"embeddable":true,"href":"http:\/\/osnovnaskolamalinskadubasnica.hr\/index.php?rest_route=%2Fwp%2Fv2%2Fcomments&post=10021"}],"version-history":[{"count":13,"href":"http:\/\/osnovnaskolamalinskadubasnica.hr\/index.php?rest_route=\/wp\/v2\/pages\/10021\/revisions"}],"predecessor-version":[{"id":10049,"href":"http:\/\/osnovnaskolamalinskadubasnica.hr\/index.php?rest_route=\/wp\/v2\/pages\/10021\/revisions\/10049"}],"wp:attachment":[{"href":"http:\/\/osnovnaskolamalinskadubasnica.hr\/index.php?rest_route=%2Fwp%2Fv2%2Fmedia&parent=10021"}],"curies":[{"name":"wp","href":"https:\/\/api.w.org\/{rel}","templated":true}]}}